{"id":339,"date":"2016-12-28T14:55:18","date_gmt":"2016-12-28T13:55:18","guid":{"rendered":"http:\/\/dev.yoho.pl\/beethoven\/stowarzyszenie\/?page_id=339"},"modified":"2025-12-01T12:36:22","modified_gmt":"2025-12-01T11:36:22","slug":"andrzej-giza","status":"publish","type":"page","link":"https:\/\/beethoven.org.pl\/stowarzyszenie\/andrzej-giza\/","title":{"rendered":"Andrzej Giza"},"content":{"rendered":"<p><img loading=\"lazy\" decoding=\"async\" class=\" wp-image-269 alignleft\" src=\"http:\/\/beethoven.org.pl\/stowarzyszenie\/wp-content\/uploads\/sites\/4\/2016\/07\/andrzej.png\" alt=\"andrzej\" width=\"182\" height=\"196\" \/><\/p>\n<p>Andrzej Giza zwi\u0105zany jest z Wielkanocnym Festiwalem Ludwiga van Beethovena od 1997 roku. W 2003 roku by\u0142 wsp\u00f3\u0142za\u0142o\u017cycielem Stowarzyszenia im. Ludwiga van Beethovena, kt\u00f3rego jest dyrektorem od 2008 roku. Autor kampanii reklamowych Wielkanocnego Festiwalu dwukrotnie nagradzanych przez \u015awiatowe Stowarzyszenie Festiwali (IFEA) w USA. Pomys\u0142odawca i wydawca kwartalnika Beethoven Magazine. Jest doktorem nauk humanistycznych, historykiem i historykiem sztuki; absolwentem podyplomowych studi\u00f3w w Instytutach: Kultury oraz Etnologii i Antropologii Kulturowej Uniwersytetu Jagiello\u0144skiego w Krakowie. Absolwent Akademii Dziedzictwa przy Uniwersytecie Ekonomicznym w Krakowie i Mi\u0119dzynarodowym Centrum Kultury.<br \/>\nW latach 1997-2003 by\u0142 koordynator promocji zagranicznej programu \u201eKrak\u00f3w 2000 Europejskie Miasto Kultury\u201d. Wsp\u00f3\u0142autor kampanii promuj\u0105cych Festiwale: Wis\u0142awy Szymborskiej i Czes\u0142awa Mi\u0142osza, Krzysztofa Pendereckiego i Andrzeja Wajdy kreuj\u0105cych mark\u0119 \u201eKrak\u00f3w 2000\u201d. Producent europejskiego prawykonania \u201eCredo\u201d Krzysztofa Pendereckiego (Krak\u00f3w, 1998). Producent prezentacji \u201eKrakowa 2000\u201d podczas m.in. EXPO 2000 oraz Festiwalu Europalia (Bruksela, 2001).<\/p>\n<p>W roku 2004 wsp\u00f3\u0142tworzy\u0142 zesp\u00f3\u0142 Prezydenta Miasta Krakowa ds. Strategii Promocji Krakowa na lata 2005-2015. W latach 2004-2016 Prezes Zarz\u0105du Fundacji Conspero. W latach 2004-2005 doradca biura programowego EXPO 2005. Producent i koordynator realizacji cyklicznych Festiwali Krzysztofa Pendereckiego (Warszawa 2008, 2013, 2018, 2023). Pomys\u0142odawca i producent projektu \u201eChopinomania\u201d popularyzuj\u0105cego tw\u00f3rczo\u015b\u0107 Fryderyka Chopina w krajach skandynawskich w roku jubileuszu 200-lecia urodzin kompozytora. Wsp\u00f3\u0142tw\u00f3rca Festiwalu Kultury Polskiej w Chinach (od 2011). Wsp\u00f3\u0142autor projekt\u00f3w upowszechniaj\u0105cych polsk\u0105 kultur\u0119 podczas Igrzysk Olimpijskich (2012-2022) realizowanych we wsp\u00f3\u0142pracy z Polskim Komitetem Olimpijskim. Wsp\u00f3\u0142tw\u00f3rca Festiwalu Kompozycji Romantycznych (od 2019). 1 kwietnia 2025 roku z jego inicjatywy i pod jego kierownictwem Stowarzyszenie im. Ludwiga van Beethovena zorganizowa\u0142o w Rzymie w bazylice Santa Maria Maggiore koncert dedykowany pi\u0105tej rocznicy \u015bmierci Krzysztofa Pendereckiego oraz dwudziestej rocznicy \u015bmierci \u015bw. Jana Paw\u0142a II.<\/p>\n<p>Wyk\u0142adowca akademicki, autor kilkudziesi\u0119ciu publikacji i artyku\u0142\u00f3w naukowych. Odznaczany za dzia\u0142alno\u015b\u0107 na rzecz Wielkanocnego Festiwalu Ludwiga van Beethovena Krzy\u017cem Kawalerskim Orderu Odrodzenia Polski, odznak\u0105 honorow\u0105 \u201eZas\u0142u\u017cony dla Kultury Polskiej\u201d oraz odznak\u0105 Prezydenta Krakowa &#8222;Honoris Gratia&#8221; przyznawan\u0105 za szczeg\u00f3lne zas\u0142ugi dla miasta.<\/p>","protected":false},"excerpt":{"rendered":"<p>Andrzej Giza zwi\u0105zany jest z Wielkanocnym Festiwalem Ludwiga van Beethovena od 1997 roku. W 2003 roku by\u0142 wsp\u00f3\u0142za\u0142o\u017cycielem Stowarzyszenia im. Ludwiga van Beethovena, kt\u00f3rego jest dyrektorem od 2008 roku. Autor kampanii reklamowych Wielkanocnego Festiwalu dwukrotnie nagradzanych przez \u015awiatowe Stowarzyszenie Festiwali (IFEA) w USA. Pomys\u0142odawca i wydawca kwartalnika Beethoven Magazine. Jest doktorem nauk humanistycznych, historykiem i [&hellip;]<\/p>\n","protected":false},"author":1,"featured_media":0,"parent":0,"menu_order":6,"comment_status":"closed","ping_status":"closed","template":"","meta":{"footnotes":""},"class_list":["post-339","page","type-page","status-publish","hentry"],"_links":{"self":[{"href":"https:\/\/beethoven.org.pl\/stowarzyszenie\/wp-json\/wp\/v2\/pages\/339","targetHints":{"allow":["GET"]}}],"collection":[{"href":"https:\/\/beethoven.org.pl\/stowarzyszenie\/wp-json\/wp\/v2\/pages"}],"about":[{"href":"https:\/\/beethoven.org.pl\/stowarzyszenie\/wp-json\/wp\/v2\/types\/page"}],"author":[{"embeddable":true,"href":"https:\/\/beethoven.org.pl\/stowarzyszenie\/wp-json\/wp\/v2\/users\/1"}],"replies":[{"embeddable":true,"href":"https:\/\/beethoven.org.pl\/stowarzyszenie\/wp-json\/wp\/v2\/comments?post=339"}],"version-history":[{"count":9,"href":"https:\/\/beethoven.org.pl\/stowarzyszenie\/wp-json\/wp\/v2\/pages\/339\/revisions"}],"predecessor-version":[{"id":778,"href":"https:\/\/beethoven.org.pl\/stowarzyszenie\/wp-json\/wp\/v2\/pages\/339\/revisions\/778"}],"wp:attachment":[{"href":"https:\/\/beethoven.org.pl\/stowarzyszenie\/wp-json\/wp\/v2\/media?parent=339"}],"curies":[{"name":"wp","href":"https:\/\/api.w.org\/{rel}","templated":true}]}}