{"id":97,"date":"2014-04-07T16:07:44","date_gmt":"2014-04-07T14:07:44","guid":{"rendered":"http:\/\/dev.yoho.pl\/beethoven\/recenzje\/?page_id=97"},"modified":"2016-12-02T16:22:58","modified_gmt":"2016-12-02T15:22:58","slug":"wirtuoz-sie-nie-zmienia-7-04-2014","status":"publish","type":"page","link":"https:\/\/beethoven.org.pl\/recenzje\/wirtuoz-sie-nie-zmienia-7-04-2014\/","title":{"rendered":"Wirtuoz si\u0119 nie zmienia &#8211; 7.04.2014"},"content":{"rendered":"<p>Najwspanialszy punkt ka\u017cdej edycji Festiwalu! &#8211; zachwyca\u0142 si\u0119 tu\u017c po wczorajszym koncertem jeden z meloman\u00f3w. Pianista Rudolf Buchbinder po raz kolejny zagra\u0142 na 18. Wielkanocnym Festiwalu Ludwiga van Beethovena w Warszawie.<\/p>\n<p>Urodzony w Czechos\u0142owacji, a wychowany w Wiedniu Buchbinder zwi\u0105zany jest z Festiwalem niemal od pocz\u0105tku jego istnienia. Ceniony za m\u0105dre i wra\u017cliwe interpretacje dzie\u0142 Beethovena i Mozarta w\u0142a\u015bnie tu zrealizowa\u0142 cykl prezentacji wszystkich 32 sonat fortepianowych patrona imprezy. Jest typem artysty-badacza, b\u0119d\u0105c bowiem w posiadaniu olbrzymiej kolekcji r\u0119kopis\u00f3w, pierwszych wyda\u0144 i orygina\u0142\u00f3w partytur przywi\u0105zuje wielk\u0105 wag\u0119 do skrupulatnej analizy \u017ar\u00f3de\u0142 historycznych. Nie dziwi wi\u0119c, \u017ce w programie jego festiwalowego recitalu po raz kolejny zabrzmia\u0142y w\u0142a\u015bnie kompozycje wiede\u0144skiego klasyka. W Filharmonii Narodowej Buchbinder wykona\u0142 Sonat\u0119 fortepianow\u0105 C-dur op. 2 nr 3, Sonat\u0119 fortepianow\u0105 c-moll \u201ePatetyczn\u0105\u201d op. 13, Sonat\u0119 fortepianow\u0105 C-dur \u201eWaldsteinowsk\u0105\u201d op. 53 oraz Sonat\u0119 fortepianow\u0105 G-dur op. 14 nr 2.<br \/>\nPami\u0119tam jeden z pierwszych wyst\u0119p\u00f3w tego pianisty, kiedy Festiwal odbywa\u0142 si\u0119 jeszcze w Krakowie. Gra\u0142 recital na scenie Teatru im. J. S\u0142owackiego. Od tego czasu min\u0119\u0142o jakie\u015b 13 lat, ale poza up\u0142ywem czasu \u2013 kt\u00f3ry dotyka ka\u017cdego z nas &#8211; w\u0142a\u015bciwie nic si\u0119 nie zmieni\u0142o. Buchbinder wci\u0105\u017c jest wielkim wirtuozem, wci\u0105\u017c zachwyca trafno\u015bci\u0105 i finazj\u0105 interpretacji. Jak ka\u017cdy artysta ma s\u0142absze i lepsze chwile, ale jak ma\u0142o kto potrafi zaczarowa\u0107 pi\u0119kn\u0105 fraz\u0105, malowan\u0105 subtelnie i delikatnie niczym jedwab. Tak by\u0142o kiedy w poniedzia\u0142kowym recitalu si\u0119gn\u0105\u0142 po zmys\u0142owe i liryczne Adagio cantabile z Sonaty \u201ePatetycznej\u201d. Jak doskona\u0142y architekt konsekwentnie buduje dramatyczn\u0105 narracj\u0119, pot\u0119guj\u0105c zawarte w muzyce emocje. Przekonali\u015bmy si\u0119 o tym ju\u017c w pierwszych taktach Sonaty C-dur op. 2 nr 3, a tak\u017ce chwil\u0119 p\u00f3\u017aniej, kiedy zabrzmia\u0142y mroczne d\u017awi\u0119ki Sonaty c-moll. \u201eMaestro Buchbinder! Kluczowy i najwspanialszy punkt ka\u017cdej edycji Festiwalu. Po dzisiejszej sonacie Waldsteinowskiej wci\u0105\u017c przechodz\u0105 mnie ciarki!\u201d &#8211; zachwyca\u0142 si\u0119 wykonaniem arcydzie\u0142a gatunku, jeden ze sta\u0142ych bywalc\u00f3w recitali tego pianisty. I nie ma w tym cienia przesady. Buchbinder ma swoj\u0105 wizj\u0119 utwor\u00f3w Beethovena, a przy tym jest scenicznym szarlatanem. Pokazuje nam to, co chcemy zobaczy\u0107, to czego spodziewamy si\u0119 us\u0142ysze\u0107, a kiedy ju\u017c jeste\u015bmy pewni, \u017ce przewidzieli\u015bmy jego kolejny krok (bo przecie\u017c znamy doskonale budow\u0119 i dramaturgi\u0119 klasycznych sonat), przychodzi zaskoczenie. Kulminacja, b\u0105d\u017a chwila ciszy, kt\u00f3ra tylko wzmaga ekspresj\u0119 wykonania. I nikt ju\u017c nie ma w\u0105tpliwo\u015bci, \u017ce prze\u017cy\u0142 kolejne wa\u017cne spotkanie z mistrzem Buchbinderem. Bo cho\u0107 tak bardzo podobne do poprzednich, by\u0142o i zawsze chyba b\u0119dzie troch\u0119 inne, nieprzewidywalne.<br \/>\nTomasz Handzlik<\/p>","protected":false},"excerpt":{"rendered":"<p>Najwspanialszy punkt ka\u017cdej edycji Festiwalu! &#8211; zachwyca\u0142 si\u0119 tu\u017c po wczorajszym koncertem jeden z meloman\u00f3w. Pianista Rudolf Buchbinder po raz kolejny zagra\u0142 na 18. Wielkanocnym Festiwalu Ludwiga van Beethovena w Warszawie. Urodzony w Czechos\u0142owacji, a wychowany w Wiedniu Buchbinder zwi\u0105zany jest z Festiwalem niemal od pocz\u0105tku jego istnienia. Ceniony za m\u0105dre i wra\u017cliwe interpretacje dzie\u0142 [&hellip;]<\/p>\n","protected":false},"author":2,"featured_media":0,"parent":0,"menu_order":0,"comment_status":"closed","ping_status":"closed","template":"","meta":{"footnotes":""},"class_list":["post-97","page","type-page","status-publish","hentry"],"_links":{"self":[{"href":"https:\/\/beethoven.org.pl\/recenzje\/wp-json\/wp\/v2\/pages\/97","targetHints":{"allow":["GET"]}}],"collection":[{"href":"https:\/\/beethoven.org.pl\/recenzje\/wp-json\/wp\/v2\/pages"}],"about":[{"href":"https:\/\/beethoven.org.pl\/recenzje\/wp-json\/wp\/v2\/types\/page"}],"author":[{"embeddable":true,"href":"https:\/\/beethoven.org.pl\/recenzje\/wp-json\/wp\/v2\/users\/2"}],"replies":[{"embeddable":true,"href":"https:\/\/beethoven.org.pl\/recenzje\/wp-json\/wp\/v2\/comments?post=97"}],"version-history":[{"count":1,"href":"https:\/\/beethoven.org.pl\/recenzje\/wp-json\/wp\/v2\/pages\/97\/revisions"}],"predecessor-version":[{"id":98,"href":"https:\/\/beethoven.org.pl\/recenzje\/wp-json\/wp\/v2\/pages\/97\/revisions\/98"}],"wp:attachment":[{"href":"https:\/\/beethoven.org.pl\/recenzje\/wp-json\/wp\/v2\/media?parent=97"}],"curies":[{"name":"wp","href":"https:\/\/api.w.org\/{rel}","templated":true}]}}

Wirtuoz się nie zmienia &#8211; 7.04.2014

<p>Najwspanialszy punkt każdej edycji Festiwalu! &#8211; zachwycał się tuż po wczorajszym koncertem jeden z melomanów. Pianista Rudolf Buchbinder po raz kolejny zagrał na 18. Wielkanocnym Festiwalu Ludwiga van Beethovena w Warszawie.</p>
<p>Urodzony w Czechosłowacji, a wychowany w Wiedniu Buchbinder związany jest z Festiwalem niemal od początku jego istnienia. Ceniony za mądre i wrażliwe interpretacje dzieł Beethovena i Mozarta właśnie tu zrealizował cykl prezentacji wszystkich 32 sonat fortepianowych patrona imprezy. Jest typem artysty-badacza, będąc bowiem w posiadaniu olbrzymiej kolekcji rękopisów, pierwszych wydań i oryginałów partytur przywiązuje wielką wagę do skrupulatnej analizy źródeł historycznych. Nie dziwi więc, że w programie jego festiwalowego recitalu po raz kolejny zabrzmiały właśnie kompozycje wiedeńskiego klasyka. W Filharmonii Narodowej Buchbinder wykonał Sonatę fortepianową C-dur op. 2 nr 3, Sonatę fortepianową c-moll „Patetyczną” op. 13, Sonatę fortepianową C-dur „Waldsteinowską” op. 53 oraz Sonatę fortepianową G-dur op. 14 nr 2.<br />
Pamiętam jeden z pierwszych występów tego pianisty, kiedy Festiwal odbywał się jeszcze w Krakowie. Grał recital na scenie Teatru im. J. Słowackiego. Od tego czasu minęło jakieś 13 lat, ale poza upływem czasu – który dotyka każdego z nas &#8211; właściwie nic się nie zmieniło. Buchbinder wciąż jest wielkim wirtuozem, wciąż zachwyca trafnością i finazją interpretacji. Jak każdy artysta ma słabsze i lepsze chwile, ale jak mało kto potrafi zaczarować piękną frazą, malowaną subtelnie i delikatnie niczym jedwab. Tak było kiedy w poniedziałkowym recitalu sięgnął po zmysłowe i liryczne Adagio cantabile z Sonaty „Patetycznej”. Jak doskonały architekt konsekwentnie buduje dramatyczną narrację, potęgując zawarte w muzyce emocje. Przekonaliśmy się o tym już w pierwszych taktach Sonaty C-dur op. 2 nr 3, a także chwilę później, kiedy zabrzmiały mroczne dźwięki Sonaty c-moll. „Maestro Buchbinder! Kluczowy i najwspanialszy punkt każdej edycji Festiwalu. Po dzisiejszej sonacie Waldsteinowskiej wciąż przechodzą mnie ciarki!” &#8211; zachwycał się wykonaniem arcydzieła gatunku, jeden ze stałych bywalców recitali tego pianisty. I nie ma w tym cienia przesady. Buchbinder ma swoją wizję utworów Beethovena, a przy tym jest scenicznym szarlatanem. Pokazuje nam to, co chcemy zobaczyć, to czego spodziewamy się usłyszeć, a kiedy już jesteśmy pewni, że przewidzieliśmy jego kolejny krok (bo przecież znamy doskonale budowę i dramaturgię klasycznych sonat), przychodzi zaskoczenie. Kulminacja, bądź chwila ciszy, która tylko wzmaga ekspresję wykonania. I nikt już nie ma wątpliwości, że przeżył kolejne ważne spotkanie z mistrzem Buchbinderem. Bo choć tak bardzo podobne do poprzednich, było i zawsze chyba będzie trochę inne, nieprzewidywalne.<br />
Tomasz Handzlik</p>

<p>Najwspanialszy punkt każdej edycji Festiwalu! &#8211; zachwycał się tuż po wczorajszym koncertem jeden z melomanów. Pianista Rudolf Buchbinder po raz kolejny zagrał na 18. Wielkanocnym Festiwalu Ludwiga van Beethovena w Warszawie. Urodzony w Czechosłowacji, a wychowany w Wiedniu Buchbinder związany jest z Festiwalem niemal od początku jego istnienia. Ceniony za mądre i wrażliwe interpretacje dzieł [&hellip;]</p>
