{"id":916,"date":"2021-03-30T21:44:28","date_gmt":"2021-03-30T19:44:28","guid":{"rendered":"http:\/\/beethoven.org.pl\/recenzje\/?page_id=916"},"modified":"2021-04-13T18:23:09","modified_gmt":"2021-04-13T16:23:09","slug":"pasja-janowa-bacha-w-narodowym-forum-muzyki","status":"publish","type":"page","link":"https:\/\/beethoven.org.pl\/recenzje\/pasja-janowa-bacha-w-narodowym-forum-muzyki\/","title":{"rendered":"&#8221;Pasja Janowa&#8221; Bacha w Narodowym Forum Muzyki"},"content":{"rendered":"<p><\/p>\n<p class=\"p2\">W Narodowym Forum Muzyki Wroc\u0142awska Orkiestra Barokowa i Ch\u00f3r NFM pod dyrekcj\u0105 Jaros\u0142awa Thiela wykonali <i>Pasj\u0119 wg \u015bw. Jana<\/i> Johanna Sebastiana Bacha. Dzie\u0142o to Bach skomponowa\u0142 na Wielki Pi\u0105tek roku 1724 \u2013 rok wcze\u015bniej rozpocz\u0105\u0142 prac\u0119 kantora w ko\u015bciele \u015bw. Tomasza w Lipsku. <i>Pasja Janowa <\/i>napisana jako muzyka liturgiczna wykonywana w trakcie nabo\u017ce\u0144stwa wielkopi\u0105tkowego, by\u0142a jednym z pierwszych zam\u00f3wie\u0144, jakie otrzyma\u0142. Wykonano j\u0105 7 kwietnia 1724 roku w lipskim ko\u015bciele \u015bw. Miko\u0142aja, jednak Bach wraca\u0142 p\u00f3\u017aniej do partytury i nanosi\u0142 zmiany. Do naszych czas\u00f3w <i>Pasja <\/i>dotrwa\u0142a wi\u0119c w kilku wersjach.<\/p>\n<p class=\"p2\">Jaros\u0142aw Thiel, kt\u00f3ry wykonywa\u0142 j\u0105 wielokrotnie i to w r\u00f3\u017cnych wariantach, a tak\u017ce w r\u00f3\u017cnych rolach \u2013 w zespole jako wiolonczelista prowadz\u0105cy parti\u0119 basso continuo i jako dyrygent \u2013 zdecydowa\u0142 si\u0119 na wersj\u0119 uniwersaln\u0105 tego utworu, \u0142\u0105cz\u0105ca kilka wariant\u00f3w partytury.<\/p>\n<p class=\"p2\">Do wykonania <i>Pasji wg \u015bw. Jana<\/i> zaproszono zagranicznych solist\u00f3w-wokalist\u00f3w, kt\u00f3rzy \u015bpiewali ten utw\u00f3r wiele razy, wykonuj\u0105c go ze znajomo\u015bci\u0105 stylu: Terry Wey (alt), \u015bwietny Ewangelista Benedikt Kristjansson (tenor), Sebastian Noack (bas) i Wolf Matthias Friedrich (bas) jako Jezus. Natomiast pierwszy raz w <em>Pasji Janowej<\/em> \u015bpiewa\u0142a znakomita rosyjska sopranistka Julia Lezhneva. Nie straci\u0142a nic ze szlachetno\u015bci i niewinno\u015bci swojego delikatnego sopranu.<\/p>\n<p class=\"p2\">Bardzo dobrze wypad\u0142 Ch\u00f3r NFM przygotowany przez Agnieszk\u0119 Frank\u00f3w-\u017belazny i towarzysz\u0105ca mu Wroc\u0142awska Orkiestra Barokowa ze Zbigniewem Pilchem jako solist\u0105 i koncertmistrzem. \u015awietnie zabrzmia\u0142y zw\u0142aszcza ch\u00f3r chromatyczny, w kt\u00f3rym t\u0142um domaga si\u0119 od Pi\u0142ata os\u0105dzenia Jezusa, a p\u00f3\u017aniej tak\u017ce ch\u00f3r \u201eUkrzy\u017cujcie go\u201d.<\/p>\n<p class=\"p4\"><strong>Anna S. D\u0119bowska<\/strong><\/p>\n<p class=\"p4\"><em>Wtorek, 30 marca, godz. 19, Narodowe Forum Muzyki we Wroc\u0142awiu<\/em><\/p>\n<p><\/p>","protected":false},"excerpt":{"rendered":"<p>W Narodowym Forum Muzyki Wroc\u0142awska Orkiestra Barokowa i Ch\u00f3r NFM pod dyrekcj\u0105 Jaros\u0142awa Thiela wykonali Pasj\u0119 wg \u015bw. Jana Johanna Sebastiana Bacha. Dzie\u0142o to Bach skomponowa\u0142 na Wielki Pi\u0105tek roku 1724 \u2013 rok wcze\u015bniej rozpocz\u0105\u0142 prac\u0119 kantora w ko\u015bciele \u015bw. Tomasza w Lipsku. Pasja Janowa napisana jako muzyka liturgiczna wykonywana w trakcie nabo\u017ce\u0144stwa wielkopi\u0105tkowego, by\u0142a [&hellip;]<\/p>\n","protected":false},"author":8,"featured_media":0,"parent":0,"menu_order":0,"comment_status":"closed","ping_status":"closed","template":"","meta":{"footnotes":""},"class_list":["post-916","page","type-page","status-publish","hentry"],"_links":{"self":[{"href":"https:\/\/beethoven.org.pl\/recenzje\/wp-json\/wp\/v2\/pages\/916","targetHints":{"allow":["GET"]}}],"collection":[{"href":"https:\/\/beethoven.org.pl\/recenzje\/wp-json\/wp\/v2\/pages"}],"about":[{"href":"https:\/\/beethoven.org.pl\/recenzje\/wp-json\/wp\/v2\/types\/page"}],"author":[{"embeddable":true,"href":"https:\/\/beethoven.org.pl\/recenzje\/wp-json\/wp\/v2\/users\/8"}],"replies":[{"embeddable":true,"href":"https:\/\/beethoven.org.pl\/recenzje\/wp-json\/wp\/v2\/comments?post=916"}],"version-history":[{"count":5,"href":"https:\/\/beethoven.org.pl\/recenzje\/wp-json\/wp\/v2\/pages\/916\/revisions"}],"predecessor-version":[{"id":932,"href":"https:\/\/beethoven.org.pl\/recenzje\/wp-json\/wp\/v2\/pages\/916\/revisions\/932"}],"wp:attachment":[{"href":"https:\/\/beethoven.org.pl\/recenzje\/wp-json\/wp\/v2\/media?parent=916"}],"curies":[{"name":"wp","href":"https:\/\/api.w.org\/{rel}","templated":true}]}}

<p></p>
<p class="p2">W Narodowym Forum Muzyki Wrocławska Orkiestra Barokowa i Chór NFM pod dyrekcją Jarosława Thiela wykonali <i>Pasję wg św. Jana</i> Johanna Sebastiana Bacha. Dzieło to Bach skomponował na Wielki Piątek roku 1724 – rok wcześniej rozpoczął pracę kantora w kościele św. Tomasza w Lipsku. <i>Pasja Janowa </i>napisana jako muzyka liturgiczna wykonywana w trakcie nabożeństwa wielkopiątkowego, była jednym z pierwszych zamówień, jakie otrzymał. Wykonano ją 7 kwietnia 1724 roku w lipskim kościele św. Mikołaja, jednak Bach wracał później do partytury i nanosił zmiany. Do naszych czasów <i>Pasja </i>dotrwała więc w kilku wersjach.</p>
<p class="p2">Jarosław Thiel, który wykonywał ją wielokrotnie i to w różnych wariantach, a także w różnych rolach – w zespole jako wiolonczelista prowadzący partię basso continuo i jako dyrygent – zdecydował się na wersję uniwersalną tego utworu, łącząca kilka wariantów partytury.</p>
<p class="p2">Do wykonania <i>Pasji wg św. Jana</i> zaproszono zagranicznych solistów-wokalistów, którzy śpiewali ten utwór wiele razy, wykonując go ze znajomością stylu: Terry Wey (alt), świetny Ewangelista Benedikt Kristjansson (tenor), Sebastian Noack (bas) i Wolf Matthias Friedrich (bas) jako Jezus. Natomiast pierwszy raz w <em>Pasji Janowej</em> śpiewała znakomita rosyjska sopranistka Julia Lezhneva. Nie straciła nic ze szlachetności i niewinności swojego delikatnego sopranu.</p>
<p class="p2">Bardzo dobrze wypadł Chór NFM przygotowany przez Agnieszkę Franków-Żelazny i towarzysząca mu Wrocławska Orkiestra Barokowa ze Zbigniewem Pilchem jako solistą i koncertmistrzem. Świetnie zabrzmiały zwłaszcza chór chromatyczny, w którym tłum domaga się od Piłata osądzenia Jezusa, a później także chór „Ukrzyżujcie go”.</p>
<p class="p4"><strong>Anna S. Dębowska</strong></p>
<p class="p4"><em>Wtorek, 30 marca, godz. 19, Narodowe Forum Muzyki we Wrocławiu</em></p>
<p></p>

<p>W Narodowym Forum Muzyki Wrocławska Orkiestra Barokowa i Chór NFM pod dyrekcją Jarosława Thiela wykonali Pasję wg św. Jana Johanna Sebastiana Bacha. Dzieło to Bach skomponował na Wielki Piątek roku 1724 – rok wcześniej rozpoczął pracę kantora w kościele św. Tomasza w Lipsku. Pasja Janowa napisana jako muzyka liturgiczna wykonywana w trakcie nabożeństwa wielkopiątkowego, była [&hellip;]</p>
