{"id":913,"date":"2021-03-29T14:56:02","date_gmt":"2021-03-29T12:56:02","guid":{"rendered":"http:\/\/beethoven.org.pl\/recenzje\/?page_id=913"},"modified":"2021-03-29T14:56:23","modified_gmt":"2021-03-29T12:56:23","slug":"recital-andrzeja-wiercinskiego-klasa-sama-w-sobie","status":"publish","type":"page","link":"https:\/\/beethoven.org.pl\/recenzje\/recital-andrzeja-wiercinskiego-klasa-sama-w-sobie\/","title":{"rendered":"Recital Andrzeja Wierci\u0144skiego \u2013 klasa sama w sobie"},"content":{"rendered":"<p><\/p>\n<p class=\"p1\">Niedzielny recital Andrzeja Wierci\u0144skiego w sali kameralnej Filharmonii Narodowej by\u0142 zjawiskiem co si\u0119 zowie frapuj\u0105cym. 26-letni warszawianin po studiach u Paw\u0142a Gili\u0142owa w salzburskim Mozarteum,<span class=\"Apple-converted-space\">\u00a0 <\/span>zdobyciu laur\u00f3w na mi\u0119dzynarodowych konkursach pianistycznych i intensywnej praktyce koncertowej w Europie i Azji, sta\u0142 si\u0119 pianist\u0105 wysokiej klasy, my\u015bl\u0105cym, muzykalnym, bez nastawienia na efekt, intryguj\u0105cym.<\/p>\n<p class=\"p1\">O jego klasie \u015bwiadczy cho\u0107by zawarto\u015b\u0107 programu jego recitalu, pod ka\u017cdym wzgl\u0119dem niebanalna, z pewno\u015bci\u0105 za\u015b ambitna.<\/p>\n<p class=\"p1\">Na pocz\u0105tek wykona\u0142 trzy jednocz\u0119\u015bciowe sonaty fortepianowe (w oryginale klawesynowe) Domenica Scarlattiego w tonacjach d-moll, C-dur i g-moll. Pi\u0119kna by\u0142a zw\u0142aszcza druga z tych sonat oparta na fanfarowym, jakby my\u015bliwskim motywie, kunsztownie w stylu francuskim zdobiona trylami i przednutkami. W Scarlattim Wierci\u0144ski pokaza\u0142 wi\u0119c bardzo dobr\u0105 artykulacj\u0119, lekkie i elastyczne uderzenie oraz swobodny kontakt d\u0142oni z klawiatur\u0105. Tryle i ozdobniki pod jego palcami brzmia\u0142y kr\u0105g\u0142o i soczy\u015bcie.<\/p>\n<p class=\"p3\"><span class=\"s1\">Przeniesieniem w zupe\u0142nie inny muzyczny \u015bwiat by\u0142a <i>Litania<\/i>, fortepianowa transkrypcja pie\u015bni Franza Schuberta (<\/span><i>Litanei auf das Fest aller Seelen<\/i>, D343a) dokonanej przez Franza Liszta. Wierci\u0144ski eksponowa\u0142 \u015bpiewno\u015b\u0107 kontemplacyjnej melodii prowadzonej p\u0142ynnie w niskim rejestrze. W jego wykonaniu<i> Litania<\/i> zabrzmia\u0142a jak pi\u0119kny nokturn.<\/p>\n<p class=\"p1\">Nast\u0119pnie przyszed\u0142 czas na innego Liszta, s\u0142ynnego wirtuoza fortepianu cytuj\u0105cego nie mniej znanego wirtuoza skrzypiec \u2013 Andrzej Wierci\u0144ski zmierzy\u0142 si\u0119 z <i>VI Etiud\u0105 a-moll<\/i> ze zbioru <i>Grandes etudes de Paganini<\/i>, S. 141, kt\u00f3rej wariacje oparte s\u0105 na temacie <i>24. Kaprysu a-moll <\/i>Niccola Paganiniego. Zwr\u00f3ci\u0142am uwag\u0119 na jako\u015b\u0107 d\u017awi\u0119ku, kt\u00f3rym pos\u0142uguje si\u0119 Wierci\u0144ski \u2013 mi\u0119kki, zarazem pe\u0142ny i kr\u0105g\u0142y. Mimo wirtuozowskich trudno\u015bci, kt\u00f3re przenikaj\u0105 <i>VI Etiud\u0119 <\/i>pianista znalaz\u0142 miejsce na muzyk\u0119, zachowuj\u0105c du\u017co \u015bpiewno\u015bci, tam gdzie kto\u015b inny skupi\u0142by si\u0119 na klawiszowej gimnastyce i by\u0107 mo\u017ce \u2013 id\u0105c na efekt \u2013 nadu\u017cywa\u0142by dynamiki <em>forte<\/em>.<\/p>\n<p class=\"p1\">Podobne wra\u017cenie odnios\u0142am, s\u0142uchaj\u0105c <i>VI Etiudy <\/i>Sergiusza Rachmaninowa, r\u00f3wnie\u017c utrzymanej w tonacji a-moll, pochodz\u0105cej ze zbioru <i>Etiud-Obraz\u00f3w<\/i>. Utw\u00f3r nies\u0142ychanie z\u0142o\u017cony, rozgrywaj\u0105cy si\u0119 na wielu planach, przynosz\u0105cy coraz to nowe nastroje, maj\u0105cy co\u015b z fortepianowej groteski, kt\u00f3r\u0105 otwiera i zamyka gro\u017any chromatyczny motyw przewodni. W nagraniu samego Rachmaninowa ten skomplikowany, wielog\u0142osowy utw\u00f3r brzmi jak jedna melodia, kt\u00f3rej osnowy kompozytor nie gubi ani na moment. To jeden g\u0142os z wielowarstwow\u0105 obudow\u0105 d\u017awi\u0119k\u00f3w. Czasami odnosi\u0142am wra\u017cenie \u2013 by\u0107 mo\u017ce mylne, \u017ce Andrzej Wierci\u0144ski nieco tonie w nutach i klawiszach, ale pierwiastek czysto muzyczny by\u0142 dla niego bez w\u0105tpienia najwa\u017cniejszy.<\/p>\n<p class=\"p1\">P\u00f3\u017aniej przyszed\u0142 czas na kolejn\u0105 etiud\u0119, cho\u0107 przecie\u017c te miniatury r\u00f3\u017cnych kompozytor\u00f3w, kt\u00f3re pianista zawar\u0142 w programie, to co\u015b wi\u0119cej ni\u017c \u0107wiczenie na sprawno\u015b\u0107 techniczn\u0105 \u2013 to muzyka na najwy\u017cszym poziomie trudno\u015bci. By\u0142a to <i>XIII Etiuda \u201eL\u2019escalier du diable\u201d <\/i>Gy<span class=\"s2\">\u00f6rgy\u2019ego Ligetiego. W swoich 18 etiudach Ligeti rozwija\u0142 problemy metrorytmiczne: \u201erytmik\u0119 iluzyjn\u0105, nak\u0142adanie na siebie siatek rytmicznych o r\u00f3\u017cnej g\u0119sto\u015bci oraz zjawisko tzw. wewn\u0119trznych wzor\u00f3w rytmicznych\u201d (za <i>Encyklopedi\u0105 Muzyki PWM<\/i>).<\/span><\/p>\n<p class=\"p4\">W <i>Diabelskich schodach<\/i> kilka niezale\u017cnych g\u0142os\u00f3w rozchodzi si\u0119 i schodzi na przemian, idzie w g\u00f3r\u0119, rozdziela si\u0119 i prowadzi w\u0142asn\u0105 niezale\u017cn\u0105 od pozosta\u0142ych aktywno\u015b\u0107. Wszystko to dzieje si\u0119 motorycznie, w niespokojnym ruchu \u00f3semkowym. W pewnym momencie g\u0119sty szyk nut prowadzi w g\u00f3r\u0119 do samego ko\u0144ca skali fortepianu, do ostatnich klawiszy, kt\u00f3rych d\u017awi\u0119ki brzmi\u0105 jak szpileczki. Ale to jeszcze nie koniec tego szale\u0144czego utworu, kt\u00f3rego z\u0142o\u017cono\u015b\u0107 Wierci\u0144ski pokaza\u0142 nader czytelnie.<\/p>\n<p class=\"p4\">Po tych wyzwaniach zabrzmia\u0142 z kolei Chopin i jego <i>I Scherzo h-moll<\/i> op. 20, w kt\u00f3rym emocje ukazane s\u0105 bardziej bezpo\u015bredni spos\u00f3b. Je\u015bli odb\u0119dzie si\u0119 w tym roku 18. Mi\u0119dzynarodowy Konkurs Pianistyczny im. Fryderyka Chopina w Warszawie, to Andrzej Wierci\u0144ski, kt\u00f3ry ju\u017c zapowiedzia\u0142 start w tym turnieju, b\u0119dzie jednym z moich faworyt\u00f3w.<\/p>\n<p class=\"p4\">Nie gra Chopina od sztancy, ma co\u015b w\u0142asnego do powiedzenia, ta muzyka w nim \u017cyje, a on jest niej g\u0142\u0119boko zanurzony. Scherzo h-moll mia\u0142o kszta\u0142t, wyra\u017any rysunek i wyraz, Wierci\u0144ski swobodnie te\u017c u\u017cywa\u0142 <i>tempo rubato<\/i>, to rozci\u0105gaj\u0105c narracj\u0119, to zn\u00f3w robi\u0105 <i>accelerando<\/i> w burzliwych kaskadach d\u017awi\u0119k\u00f3w, w ich gniewnym bulgocie. Dobrze ukaza\u0142 tez architektur\u0119 utworu, kt\u00f3rego mroczny dramat rozgrywa si\u0119 polifonicznie na wielu planach-kondygnacjach.<\/p>\n<p class=\"p4\">Po kr\u00f3tkiej przerwie pianista powr\u00f3ci\u0142 jeszcze na estrad\u0119, aby wykona\u0107 <i>Wariacje na temat Corellego<\/i> op. 42 Sergiusza Rachmaninowa, zwie\u0144czenie ca\u0142ego recitalu.<\/p>\n<p class=\"p4\"><b>Anna S. D\u0119bowska<\/b><\/p>\n<p class=\"p4\"><i>Niedziela, 28 marca, godz. 19, Sala Kameralna Filharmonii Narodowej<\/i><\/p>\n<p><\/p>","protected":false},"excerpt":{"rendered":"<p>Niedzielny recital Andrzeja Wierci\u0144skiego w sali kameralnej Filharmonii Narodowej by\u0142 zjawiskiem co si\u0119 zowie frapuj\u0105cym. 26-letni warszawianin po studiach u Paw\u0142a Gili\u0142owa w salzburskim Mozarteum,\u00a0 zdobyciu laur\u00f3w na mi\u0119dzynarodowych konkursach pianistycznych i intensywnej praktyce koncertowej w Europie i Azji, sta\u0142 si\u0119 pianist\u0105 wysokiej klasy, my\u015bl\u0105cym, muzykalnym, bez nastawienia na efekt, intryguj\u0105cym. O jego klasie \u015bwiadczy [&hellip;]<\/p>\n","protected":false},"author":8,"featured_media":0,"parent":0,"menu_order":0,"comment_status":"closed","ping_status":"closed","template":"","meta":{"footnotes":""},"class_list":["post-913","page","type-page","status-publish","hentry"],"_links":{"self":[{"href":"https:\/\/beethoven.org.pl\/recenzje\/wp-json\/wp\/v2\/pages\/913","targetHints":{"allow":["GET"]}}],"collection":[{"href":"https:\/\/beethoven.org.pl\/recenzje\/wp-json\/wp\/v2\/pages"}],"about":[{"href":"https:\/\/beethoven.org.pl\/recenzje\/wp-json\/wp\/v2\/types\/page"}],"author":[{"embeddable":true,"href":"https:\/\/beethoven.org.pl\/recenzje\/wp-json\/wp\/v2\/users\/8"}],"replies":[{"embeddable":true,"href":"https:\/\/beethoven.org.pl\/recenzje\/wp-json\/wp\/v2\/comments?post=913"}],"version-history":[{"count":1,"href":"https:\/\/beethoven.org.pl\/recenzje\/wp-json\/wp\/v2\/pages\/913\/revisions"}],"predecessor-version":[{"id":914,"href":"https:\/\/beethoven.org.pl\/recenzje\/wp-json\/wp\/v2\/pages\/913\/revisions\/914"}],"wp:attachment":[{"href":"https:\/\/beethoven.org.pl\/recenzje\/wp-json\/wp\/v2\/media?parent=913"}],"curies":[{"name":"wp","href":"https:\/\/api.w.org\/{rel}","templated":true}]}}

Recital Andrzeja Wiercińskiego – klasa sama w sobie

<p></p>
<p class="p1">Niedzielny recital Andrzeja Wiercińskiego w sali kameralnej Filharmonii Narodowej był zjawiskiem co się zowie frapującym. 26-letni warszawianin po studiach u Pawła Giliłowa w salzburskim Mozarteum,<span class="Apple-converted-space">  </span>zdobyciu laurów na międzynarodowych konkursach pianistycznych i intensywnej praktyce koncertowej w Europie i Azji, stał się pianistą wysokiej klasy, myślącym, muzykalnym, bez nastawienia na efekt, intrygującym.</p>
<p class="p1">O jego klasie świadczy choćby zawartość programu jego recitalu, pod każdym względem niebanalna, z pewnością zaś ambitna.</p>
<p class="p1">Na początek wykonał trzy jednoczęściowe sonaty fortepianowe (w oryginale klawesynowe) Domenica Scarlattiego w tonacjach d-moll, C-dur i g-moll. Piękna była zwłaszcza druga z tych sonat oparta na fanfarowym, jakby myśliwskim motywie, kunsztownie w stylu francuskim zdobiona trylami i przednutkami. W Scarlattim Wierciński pokazał więc bardzo dobrą artykulację, lekkie i elastyczne uderzenie oraz swobodny kontakt dłoni z klawiaturą. Tryle i ozdobniki pod jego palcami brzmiały krągło i soczyście.</p>
<p class="p3"><span class="s1">Przeniesieniem w zupełnie inny muzyczny świat była <i>Litania</i>, fortepianowa transkrypcja pieśni Franza Schuberta (</span><i>Litanei auf das Fest aller Seelen</i>, D343a) dokonanej przez Franza Liszta. Wierciński eksponował śpiewność kontemplacyjnej melodii prowadzonej płynnie w niskim rejestrze. W jego wykonaniu<i> Litania</i> zabrzmiała jak piękny nokturn.</p>
<p class="p1">Następnie przyszedł czas na innego Liszta, słynnego wirtuoza fortepianu cytującego nie mniej znanego wirtuoza skrzypiec – Andrzej Wierciński zmierzył się z <i>VI Etiudą a-moll</i> ze zbioru <i>Grandes etudes de Paganini</i>, S. 141, której wariacje oparte są na temacie <i>24. Kaprysu a-moll </i>Niccola Paganiniego. Zwróciłam uwagę na jakość dźwięku, którym posługuje się Wierciński – miękki, zarazem pełny i krągły. Mimo wirtuozowskich trudności, które przenikają <i>VI Etiudę </i>pianista znalazł miejsce na muzykę, zachowując dużo śpiewności, tam gdzie ktoś inny skupiłby się na klawiszowej gimnastyce i być może – idąc na efekt – nadużywałby dynamiki <em>forte</em>.</p>
<p class="p1">Podobne wrażenie odniosłam, słuchając <i>VI Etiudy </i>Sergiusza Rachmaninowa, również utrzymanej w tonacji a-moll, pochodzącej ze zbioru <i>Etiud-Obrazów</i>. Utwór niesłychanie złożony, rozgrywający się na wielu planach, przynoszący coraz to nowe nastroje, mający coś z fortepianowej groteski, którą otwiera i zamyka groźny chromatyczny motyw przewodni. W nagraniu samego Rachmaninowa ten skomplikowany, wielogłosowy utwór brzmi jak jedna melodia, której osnowy kompozytor nie gubi ani na moment. To jeden głos z wielowarstwową obudową dźwięków. Czasami odnosiłam wrażenie – być może mylne, że Andrzej Wierciński nieco tonie w nutach i klawiszach, ale pierwiastek czysto muzyczny był dla niego bez wątpienia najważniejszy.</p>
<p class="p1">Później przyszedł czas na kolejną etiudę, choć przecież te miniatury różnych kompozytorów, które pianista zawarł w programie, to coś więcej niż ćwiczenie na sprawność techniczną – to muzyka na najwyższym poziomie trudności. Była to <i>XIII Etiuda „L’escalier du diable” </i>Gy<span class="s2">örgy’ego Ligetiego. W swoich 18 etiudach Ligeti rozwijał problemy metrorytmiczne: „rytmikę iluzyjną, nakładanie na siebie siatek rytmicznych o różnej gęstości oraz zjawisko tzw. wewnętrznych wzorów rytmicznych” (za <i>Encyklopedią Muzyki PWM</i>).</span></p>
<p class="p4">W <i>Diabelskich schodach</i> kilka niezależnych głosów rozchodzi się i schodzi na przemian, idzie w górę, rozdziela się i prowadzi własną niezależną od pozostałych aktywność. Wszystko to dzieje się motorycznie, w niespokojnym ruchu ósemkowym. W pewnym momencie gęsty szyk nut prowadzi w górę do samego końca skali fortepianu, do ostatnich klawiszy, których dźwięki brzmią jak szpileczki. Ale to jeszcze nie koniec tego szaleńczego utworu, którego złożoność Wierciński pokazał nader czytelnie.</p>
<p class="p4">Po tych wyzwaniach zabrzmiał z kolei Chopin i jego <i>I Scherzo h-moll</i> op. 20, w którym emocje ukazane są bardziej bezpośredni sposób. Jeśli odbędzie się w tym roku 18. Międzynarodowy Konkurs Pianistyczny im. Fryderyka Chopina w Warszawie, to Andrzej Wierciński, który już zapowiedział start w tym turnieju, będzie jednym z moich faworytów.</p>
<p class="p4">Nie gra Chopina od sztancy, ma coś własnego do powiedzenia, ta muzyka w nim żyje, a on jest niej głęboko zanurzony. Scherzo h-moll miało kształt, wyraźny rysunek i wyraz, Wierciński swobodnie też używał <i>tempo rubato</i>, to rozciągając narrację, to znów robią <i>accelerando</i> w burzliwych kaskadach dźwięków, w ich gniewnym bulgocie. Dobrze ukazał tez architekturę utworu, którego mroczny dramat rozgrywa się polifonicznie na wielu planach-kondygnacjach.</p>
<p class="p4">Po krótkiej przerwie pianista powrócił jeszcze na estradę, aby wykonać <i>Wariacje na temat Corellego</i> op. 42 Sergiusza Rachmaninowa, zwieńczenie całego recitalu.</p>
<p class="p4"><b>Anna S. Dębowska</b></p>
<p class="p4"><i>Niedziela, 28 marca, godz. 19, Sala Kameralna Filharmonii Narodowej</i></p>
<p></p>

<p>Niedzielny recital Andrzeja Wiercińskiego w sali kameralnej Filharmonii Narodowej był zjawiskiem co się zowie frapującym. 26-letni warszawianin po studiach u Pawła Giliłowa w salzburskim Mozarteum,  zdobyciu laurów na międzynarodowych konkursach pianistycznych i intensywnej praktyce koncertowej w Europie i Azji, stał się pianistą wysokiej klasy, myślącym, muzykalnym, bez nastawienia na efekt, intrygującym. O jego klasie świadczy [&hellip;]</p>
