{"id":87,"date":"2016-11-30T20:22:28","date_gmt":"2016-11-30T19:22:28","guid":{"rendered":"http:\/\/dev.yoho.pl\/beethoven\/recenzje\/?page_id=87"},"modified":"2016-11-30T20:22:28","modified_gmt":"2016-11-30T19:22:28","slug":"olgierd-pisarenko-ruch-muzyczny-23-01-2011","status":"publish","type":"page","link":"https:\/\/beethoven.org.pl\/recenzje\/olgierd-pisarenko-ruch-muzyczny-23-01-2011\/","title":{"rendered":"Olgierd Pisarenko, \u201eRuch Muzyczny\u201c, 23.01.2011"},"content":{"rendered":"<p><strong>\u201eWesele Figara\u201c Wolfganga Amadeusza Mozarta, Keith Warner (re\u017c.), Teatr Wielki &#8211; Opera Narodowa, 10 grudnia 2010 (premiera)<\/strong><br \/>\n<em>Gdy idzie o interpretacj\u0119 wokaln\u0105 z satysfakcj\u0105 s\u0142ucha\u0142o si\u0119 \u015bpiewu Wojtka Gierlacha w roli Figara.<\/em><\/p>","protected":false},"excerpt":{"rendered":"<p>\u201eWesele Figara\u201c Wolfganga Amadeusza Mozarta, Keith Warner (re\u017c.), Teatr Wielki &#8211; Opera Narodowa, 10 grudnia 2010 (premiera) Gdy idzie o interpretacj\u0119 wokaln\u0105 z satysfakcj\u0105 s\u0142ucha\u0142o si\u0119 \u015bpiewu Wojtka Gierlacha w roli Figara.<\/p>\n","protected":false},"author":2,"featured_media":0,"parent":0,"menu_order":0,"comment_status":"closed","ping_status":"closed","template":"","meta":{"footnotes":""},"class_list":["post-87","page","type-page","status-publish","hentry"],"_links":{"self":[{"href":"https:\/\/beethoven.org.pl\/recenzje\/wp-json\/wp\/v2\/pages\/87","targetHints":{"allow":["GET"]}}],"collection":[{"href":"https:\/\/beethoven.org.pl\/recenzje\/wp-json\/wp\/v2\/pages"}],"about":[{"href":"https:\/\/beethoven.org.pl\/recenzje\/wp-json\/wp\/v2\/types\/page"}],"author":[{"embeddable":true,"href":"https:\/\/beethoven.org.pl\/recenzje\/wp-json\/wp\/v2\/users\/2"}],"replies":[{"embeddable":true,"href":"https:\/\/beethoven.org.pl\/recenzje\/wp-json\/wp\/v2\/comments?post=87"}],"version-history":[{"count":1,"href":"https:\/\/beethoven.org.pl\/recenzje\/wp-json\/wp\/v2\/pages\/87\/revisions"}],"predecessor-version":[{"id":88,"href":"https:\/\/beethoven.org.pl\/recenzje\/wp-json\/wp\/v2\/pages\/87\/revisions\/88"}],"wp:attachment":[{"href":"https:\/\/beethoven.org.pl\/recenzje\/wp-json\/wp\/v2\/media?parent=87"}],"curies":[{"name":"wp","href":"https:\/\/api.w.org\/{rel}","templated":true}]}}

<p><strong>„Wesele Figara“ Wolfganga Amadeusza Mozarta, Keith Warner (reż.), Teatr Wielki &#8211; Opera Narodowa, 10 grudnia 2010 (premiera)</strong><br />
<em>Gdy idzie o interpretację wokalną z satysfakcją słuchało się śpiewu Wojtka Gierlacha w roli Figara.</em></p>

<p>„Wesele Figara“ Wolfganga Amadeusza Mozarta, Keith Warner (reż.), Teatr Wielki &#8211; Opera Narodowa, 10 grudnia 2010 (premiera) Gdy idzie o interpretację wokalną z satysfakcją słuchało się śpiewu Wojtka Gierlacha w roli Figara.</p>
