{"id":866,"date":"2021-03-22T13:53:15","date_gmt":"2021-03-22T12:53:15","guid":{"rendered":"http:\/\/beethoven.org.pl\/recenzje\/?page_id=866"},"modified":"2021-03-22T13:53:15","modified_gmt":"2021-03-22T12:53:15","slug":"krupinski-od-ciemnych-tonow-po-wirtuozerie","status":"publish","type":"page","link":"https:\/\/beethoven.org.pl\/recenzje\/krupinski-od-ciemnych-tonow-po-wirtuozerie\/","title":{"rendered":"Krupi\u0144ski \u2013 od ciemnych ton\u00f3w po wirtuozeri\u0119"},"content":{"rendered":"<p><\/p>\n<p class=\"p1\">Osiad\u0142y w Londynie polski pianista \u0141ukasz Krupi\u0144ski, zwyci\u0119zca 7. Mi\u0119dzynarodowego Konkursu Pianistycznego w San Marino, szykuje si\u0119 do udzia\u0142u w nast\u0119pnym konkursie \u2013 niedawno znalaz\u0142 si\u0119 w pi\u0105tce najlepszych pianist\u00f3w fina\u0142u UK Piano Open w Londynie i tym samym zakwalifikowa\u0142 si\u0119 do kwietniowego \u201eClassic Piano\u201d Malta International Piano Competition 2021.<\/p>\n<p class=\"p1\">Sw\u00f3j warszawski recital, kt\u00f3ry transmitowano tak\u017ce na Facebooku nowojorskiego Lincoln Center, dzi\u0119ki zaanga\u017cowaniu Instytutu Polskiego w Nowym Jorku, Krupi\u0144ski rozpocz\u0105\u0142 w skupionym, refleksyjnym nastroju. Nim bowiem przenikni\u0119te s\u0105 <i>Preludium<\/i> i <i>Fuga b-moll <\/i>BWV 867 Johanna Sebastiana Bacha. Recital ten rodzi\u0142 si\u0119 wi\u0119c z wyciszenia i kameralnego nastroju, kt\u00f3ry utrzyma\u0142 si\u0119 w pocz\u0105tkowych taktach <i>Sonaty f-moll <\/i>op. 57<i> Appassionaty <\/i>Ludwiga van Beethovena \u2013 ona r\u00f3wnie\u017c wy\u0142oni\u0142a si\u0119 z pianissima. Charles Rosen w swojej ksi\u0105\u017cce o sonatach fortepianowych Beethovena (<i>Beethoven\u2019s Piano Sonatas. A Short Companion<\/i>) pisa\u0142, i\u017c kompozytor nie lubi\u0142 nazwy \u201eappassionata\u201d nadanej jego dzie\u0142u przez wydawc\u0119, bo nie oddawa\u0142a ona tragicznego charakteru utworu, s\u0142yszalnego od pierwszych takt\u00f3w. Inna sprawa, \u017ce wraz z <i>V Symfoni\u0105 c-moll <\/i>wykonan\u0105 dzie\u0144 wcze\u015bniej przez Orkiestr\u0119 Filharmonii Narodowej pod dyrekcj\u0105 Andrzeja Boreyki, <i>Sonata f-moll <\/i>jest archetypowym wr\u0119cz przyk\u0142adem tzw. stylu heroicznego w muzyce Beethovena, co s\u0142ycha\u0107 zw\u0142aszcza w cz. III (<i>Allegro ma non troppo<\/i>).<\/p>\n<p class=\"p1\">Interpretacja Krupi\u0144skiego polega\u0142a na eksponowaniu wewn\u0119trznej pasji dzie\u0142a, emocji rozsadzaj\u0105cych struktur\u0119 muzyczn\u0105, ale te\u017c na ukazaniu pot\u0119\u017cnej architektury dzie\u0142a. Precyzyjnie ukazywa\u0142 delikatne figuracje, unosz\u0105ce si\u0119 jakby nad odm\u0119tami dramatu rozgrywanego w niskich tonach i basowych akordach (cz. I).<\/p>\n<p class=\"p1\">Po Beethovenie Krupi\u0144ski przeszed\u0142 do <i>Poloneza-Fantazji <\/i>op. 61 Fryderyka Chopina utrzymanego w r\u00f3wnoleg\u0142ej do <i>Sonaty f-moll <\/i>tonacji As-dur. Tylko pozornie przynios\u0142o to zmian\u0119 nastroju \u2013 <i>Polonez-Fantazja <\/i>jest dzie\u0142em wizjonerskim, ale o tragicznym charakterze \u2013 jest w nim kontemplacyjny epizod w H-dur, jest nios\u0105ca nadziej\u0119 apoteoza, lecz przecie\u017c podszyta nut\u0105 rozpaczy. <em>Polonez-Fantazja<\/em> r\u00f3wnie\u017c wi\u0105\u017ce si\u0119 z tematyk\u0105 walki o wolno\u015b\u0107, co \u0142\u0105czy go w spos\u00f3b nieoczywisty z Beethovenem.<\/p>\n<p class=\"p1\">\u0141ukasz Krupi\u0144ski przedstawi\u0142 <i>Poloneza-Fantazj\u0119<\/i> w \u017celaznej logice formy, konsekwentnie poprowadzi\u0142 narracj\u0119, \u2013 od repryzy temat\u00f3w do kulminacyjnej apoteozy. Mniej w jego interpretacji by\u0142o romantycznego rozwichrzenia czy wyprowadzonego z improwizacji natchnienia, kt\u00f3rym\u00a0 przesi\u0105kni\u0119ty jest tajemniczy wst\u0119p. Nie jest to jednak wada.<\/p>\n<p class=\"p1\">Na koniec zabrzmia\u0142a wirtuozowska<i> III Sonata fortepianowa <\/i>Sergiusza Prokofiewa z 1917 roku, kt\u00f3ra przynios\u0142a inny nastr\u00f3j. Zaskakuj\u0105ce jest jak wiele dzieje si\u0119 w tym niespe\u0142na siedmiominutowym utworze \u2013 kompozytor osi\u0105gn\u0105\u0142 w nim niespotykan\u0105 zwarto\u015b\u0107 formy, w kt\u00f3rej jednak pojawia si\u0119 kalejdoskopowa wr\u0119cz zmienno\u015b\u0107 charakteru, emocji i barw. To popisowe dzie\u0142o i \u015bwiadomo\u015b\u0107 dzielenia si\u0119 nim ze s\u0142uchaczami sprawia\u0142o wyra\u017an\u0105 rado\u015b\u0107 \u0141ukaszowi Krupi\u0144skiemu \u2013 nam, s\u0142uchaczom, tak\u017ce.<\/p>\n<p class=\"p1\"><b>Anna S. D\u0119bowska<\/b><\/p>\n<p class=\"p1\"><i>Niedziela, 21 marca, godz. 19:30, Sala Kameralna Filharmonii Narodowej<\/i><\/p>\n<p><\/p>","protected":false},"excerpt":{"rendered":"<p>Osiad\u0142y w Londynie polski pianista \u0141ukasz Krupi\u0144ski, zwyci\u0119zca 7. Mi\u0119dzynarodowego Konkursu Pianistycznego w San Marino, szykuje si\u0119 do udzia\u0142u w nast\u0119pnym konkursie \u2013 niedawno znalaz\u0142 si\u0119 w pi\u0105tce najlepszych pianist\u00f3w fina\u0142u UK Piano Open w Londynie i tym samym zakwalifikowa\u0142 si\u0119 do kwietniowego \u201eClassic Piano\u201d Malta International Piano Competition 2021. Sw\u00f3j warszawski recital, kt\u00f3ry transmitowano [&hellip;]<\/p>\n","protected":false},"author":8,"featured_media":0,"parent":0,"menu_order":0,"comment_status":"closed","ping_status":"closed","template":"","meta":{"footnotes":""},"class_list":["post-866","page","type-page","status-publish","hentry"],"_links":{"self":[{"href":"https:\/\/beethoven.org.pl\/recenzje\/wp-json\/wp\/v2\/pages\/866","targetHints":{"allow":["GET"]}}],"collection":[{"href":"https:\/\/beethoven.org.pl\/recenzje\/wp-json\/wp\/v2\/pages"}],"about":[{"href":"https:\/\/beethoven.org.pl\/recenzje\/wp-json\/wp\/v2\/types\/page"}],"author":[{"embeddable":true,"href":"https:\/\/beethoven.org.pl\/recenzje\/wp-json\/wp\/v2\/users\/8"}],"replies":[{"embeddable":true,"href":"https:\/\/beethoven.org.pl\/recenzje\/wp-json\/wp\/v2\/comments?post=866"}],"version-history":[{"count":2,"href":"https:\/\/beethoven.org.pl\/recenzje\/wp-json\/wp\/v2\/pages\/866\/revisions"}],"predecessor-version":[{"id":868,"href":"https:\/\/beethoven.org.pl\/recenzje\/wp-json\/wp\/v2\/pages\/866\/revisions\/868"}],"wp:attachment":[{"href":"https:\/\/beethoven.org.pl\/recenzje\/wp-json\/wp\/v2\/media?parent=866"}],"curies":[{"name":"wp","href":"https:\/\/api.w.org\/{rel}","templated":true}]}}

Krupiński – od ciemnych tonów po wirtuozerię

<p></p>
<p class="p1">Osiadły w Londynie polski pianista Łukasz Krupiński, zwycięzca 7. Międzynarodowego Konkursu Pianistycznego w San Marino, szykuje się do udziału w następnym konkursie – niedawno znalazł się w piątce najlepszych pianistów finału UK Piano Open w Londynie i tym samym zakwalifikował się do kwietniowego „Classic Piano” Malta International Piano Competition 2021.</p>
<p class="p1">Swój warszawski recital, który transmitowano także na Facebooku nowojorskiego Lincoln Center, dzięki zaangażowaniu Instytutu Polskiego w Nowym Jorku, Krupiński rozpoczął w skupionym, refleksyjnym nastroju. Nim bowiem przeniknięte są <i>Preludium</i> i <i>Fuga b-moll </i>BWV 867 Johanna Sebastiana Bacha. Recital ten rodził się więc z wyciszenia i kameralnego nastroju, który utrzymał się w początkowych taktach <i>Sonaty f-moll </i>op. 57<i> Appassionaty </i>Ludwiga van Beethovena – ona również wyłoniła się z pianissima. Charles Rosen w swojej książce o sonatach fortepianowych Beethovena (<i>Beethoven’s Piano Sonatas. A Short Companion</i>) pisał, iż kompozytor nie lubił nazwy „appassionata” nadanej jego dziełu przez wydawcę, bo nie oddawała ona tragicznego charakteru utworu, słyszalnego od pierwszych taktów. Inna sprawa, że wraz z <i>V Symfonią c-moll </i>wykonaną dzień wcześniej przez Orkiestrę Filharmonii Narodowej pod dyrekcją Andrzeja Boreyki, <i>Sonata f-moll </i>jest archetypowym wręcz przykładem tzw. stylu heroicznego w muzyce Beethovena, co słychać zwłaszcza w cz. III (<i>Allegro ma non troppo</i>).</p>
<p class="p1">Interpretacja Krupińskiego polegała na eksponowaniu wewnętrznej pasji dzieła, emocji rozsadzających strukturę muzyczną, ale też na ukazaniu potężnej architektury dzieła. Precyzyjnie ukazywał delikatne figuracje, unoszące się jakby nad odmętami dramatu rozgrywanego w niskich tonach i basowych akordach (cz. I).</p>
<p class="p1">Po Beethovenie Krupiński przeszedł do <i>Poloneza-Fantazji </i>op. 61 Fryderyka Chopina utrzymanego w równoległej do <i>Sonaty f-moll </i>tonacji As-dur. Tylko pozornie przyniosło to zmianę nastroju – <i>Polonez-Fantazja </i>jest dziełem wizjonerskim, ale o tragicznym charakterze – jest w nim kontemplacyjny epizod w H-dur, jest niosąca nadzieję apoteoza, lecz przecież podszyta nutą rozpaczy. <em>Polonez-Fantazja</em> również wiąże się z tematyką walki o wolność, co łączy go w sposób nieoczywisty z Beethovenem.</p>
<p class="p1">Łukasz Krupiński przedstawił <i>Poloneza-Fantazję</i> w żelaznej logice formy, konsekwentnie poprowadził narrację, – od repryzy tematów do kulminacyjnej apoteozy. Mniej w jego interpretacji było romantycznego rozwichrzenia czy wyprowadzonego z improwizacji natchnienia, którym  przesiąknięty jest tajemniczy wstęp. Nie jest to jednak wada.</p>
<p class="p1">Na koniec zabrzmiała wirtuozowska<i> III Sonata fortepianowa </i>Sergiusza Prokofiewa z 1917 roku, która przyniosła inny nastrój. Zaskakujące jest jak wiele dzieje się w tym niespełna siedmiominutowym utworze – kompozytor osiągnął w nim niespotykaną zwartość formy, w której jednak pojawia się kalejdoskopowa wręcz zmienność charakteru, emocji i barw. To popisowe dzieło i świadomość dzielenia się nim ze słuchaczami sprawiało wyraźną radość Łukaszowi Krupińskiemu – nam, słuchaczom, także.</p>
<p class="p1"><b>Anna S. Dębowska</b></p>
<p class="p1"><i>Niedziela, 21 marca, godz. 19:30, Sala Kameralna Filharmonii Narodowej</i></p>
<p></p>

<p>Osiadły w Londynie polski pianista Łukasz Krupiński, zwycięzca 7. Międzynarodowego Konkursu Pianistycznego w San Marino, szykuje się do udziału w następnym konkursie – niedawno znalazł się w piątce najlepszych pianistów finału UK Piano Open w Londynie i tym samym zakwalifikował się do kwietniowego „Classic Piano” Malta International Piano Competition 2021. Swój warszawski recital, który transmitowano [&hellip;]</p>
