{"id":853,"date":"2020-10-23T16:25:03","date_gmt":"2020-10-23T14:25:03","guid":{"rendered":"http:\/\/beethoven.org.pl\/recenzje\/?page_id=853"},"modified":"2020-10-23T16:30:06","modified_gmt":"2020-10-23T14:30:06","slug":"beethoven-i-penderecki-pod-batuta-macieja-tworka","status":"publish","type":"page","link":"https:\/\/beethoven.org.pl\/recenzje\/beethoven-i-penderecki-pod-batuta-macieja-tworka\/","title":{"rendered":"Beethoven i Penderecki pod batut\u0105 Macieja Tworka"},"content":{"rendered":"<p><\/p>\n<p class=\"p1\">Festiwal mia\u0142 zako\u0144czy\u0107 si\u0119 koncertem z udzia\u0142em Aleksandry \u015awigut i Orkiestry Sinfonia Varsovia pod dyrekcj\u0105 Macieja Tworka. Niestety, znakomita pianistka musia\u0142 odwo\u0142a\u0107 sw\u00f3j wyst\u0119p ze wzgl\u0119du na niedobry stan zdrowia spowodowany pandemi\u0105.<a href=\"https:\/\/www.facebook.com\/pierrodt\/posts\/3417856788440227\"> O sprawie poinformowa\u0142a na Facebooku.<\/a><\/p>\n<p class=\"p1\">Na ostatnim festiwalowym koncercie w Filharmonii Narodowej wyst\u0105pi\u0142 wi\u0119c w zast\u0119pstwie Andrzej Wierci\u0144ski, wykonuj\u0105c zaplanowany pierwotnie w programie<i> III Koncert fortepianowy c-moll <\/i>op. 37 Ludwiga van Beethovena. Kilka dni wcze\u015bniej interesuj\u0105co gra\u0142 <i>Koncert e-moll <\/i>Chopina, ale jego Beethoven by\u0142 jeszcze bardziej przykuwaj\u0105cy uwag\u0119. Wierci\u0144ski przeszed\u0142 przez dobr\u0105 szko\u0142\u0119 Paw\u0142a Gili\u0142owa w salzburskim Mozarteum. \u015awietnie czuje styl klasyczny. Kr\u0105g\u0142y, klarowny ton, elegancko zaokr\u0105glone wyko\u0144czenia frazy, dba\u0142o\u015b\u0107 o czyteln\u0105, perlist\u0105 artykulacj\u0119, b\u0142yskotliwie wykonana ornamentacja, szczypta wirtuozerii w kadencjach i emocjonalne zaanga\u017cowanie w t\u0119 pi\u0119kn\u0105 muzyk\u0119 \u2013 te cechy sprawi\u0142y, \u017ce interpretacji Wierci\u0144skiego s\u0142ucha\u0142o si\u0119 z nies\u0142abn\u0105c\u0105 uwag\u0105. \u017byczy\u0142abym sobie mo\u017ce szerszej palety dynamiki, subtelniejszego jej r\u00f3\u017cnicowania. Fantastycznie zabrzmia\u0142a trzecia cz\u0119\u015b\u0107 koncertu (<i>Rondo. Allegro<\/i>), pe\u0142na fantazji, skowronkowej rado\u015bci i przekomarzania si\u0119 z graj\u0105c\u0105 jak na skrzyd\u0142ach orkiestr\u0105. Andrzej Wierci\u0144ski i Maciej Tworek z orkiestr\u0105 Sinfonia Varsovia muzykowali z pasj\u0105, kt\u00f3ra udziela\u0142a si\u0119 s\u0142uchaczom.<\/p>\n<p class=\"p1\">Wykonanie <i>III Koncert c-moll <\/i>poprzedzi\u0142o <i>Adagietto<\/i> na orkiestr\u0119 smyczkow\u0105 z <i>Raju utraconego <\/i>Krzysztofa Pendereckiego, w kt\u00f3rym solist\u0105 na ro\u017cku angielskim by\u0142 wybitny oboista SV Arkadiusz Krupa. Uk\u0142on w stron\u0119 wielkiego kompozytora, kt\u00f3ry odszed\u0142 w marcu tego roku. Utw\u00f3r pi\u0119kny, wzruszaj\u0105cy, tej samej klasy i charakteru, co s\u0142ynne <i>Adagio<\/i> Samuela Barbera i <i>Adagietto<\/i> Gustava Mahlera, kt\u00f3rego wykonaniu dyrygent Maciej Tworek odda\u0142 ca\u0142e serce.<\/p>\n<p class=\"p1\">Jego pasja dla muzyka znalaz\u0142a te\u017c odzwierciedlenie w wykonaniu <i>VII Symfonii A-dur<\/i> op. 92 Ludwiga van Beethovena, kt\u00f3r\u0105 zadyrygowa\u0142 z pami\u0119ci. Zwr\u00f3ci\u0142 si\u0119 te\u017c do publiczno\u015bci, informuj\u0105c, \u017ce Krzysztof Penderecki ze wszystkich symfonii Beethovena najwy\u017cej ceni\u0142 w\u0142a\u015bnie <i>Si\u00f3dm\u0105. <\/i><\/p>\n<p class=\"p1\">Pod jego batut\u0105 Symfonia A-dur rzeczywi\u015bcie zabrzmia\u0142a jak \u201eapoteoza ta\u0144ca\u201d, jak j\u0105 okre\u015bli\u0142 Wagner, zw\u0142aszcza jej cz\u0119\u015b\u0107 trzecia, pe\u0142na ekstazy i zapami\u0119tania si\u0119 w pulsuj\u0105cym rytmie cz\u0119\u015bci pierwszej i czwartej. Mia\u0142 do dyspozycji znakomit\u0105 orkiestr\u0119, kt\u00f3ra mimo d\u0142u\u017cszej przerwy w graniu spowodowanej wiosennym lockdownem i grania obecnie w zmniejszonym sk\u0142adzie, zaprezentowa\u0142a \u015bwietn\u0105 form\u0119. Fantastycznie brzmia\u0142 kwintet smyczkowy, graj\u0105cy sp\u00f3jnie jak jeden organizm, z wyrazi\u015bcie zaznaczaj\u0105c\u0105 swoj\u0105 obecno\u015b\u0107 sekcj\u0105 wiolonczel, w ci\u0105g\u0142ym dialogu z pierwszymi skrzypcami. A rewelacyjnie \u2013 sekcja instrument\u00f3w drewnianych i blaszanych, cho\u0107 waltornie nie zawsze by\u0142y idealne intonacyjnie. Imponowa\u0142a spoisto\u015b\u0107 brzmienia i zespo\u0142owo\u015b\u0107 gry (dyrygent mo\u017ce zbyt mocno wyci\u0105gn\u0105\u0142 na plan pierwszy pohukiwania waltorni i tr\u0105bek) oraz muzykalno\u015b\u0107 solist\u00f3w (Andrzej Krzy\u017canowski na flecie, Arkadiusz Krupa na oboju, Piotr Kami\u0144ski na fagocie w \u015brodkowym ogniwie <i>Allegretta<\/i>).<\/p>\n<p>Wspania\u0142y koncert na godne zako\u0144czenie 24. Wielkanocnego Festiwalu Ludwiga van Beethovena.<\/p>\n<p><strong>Anna S. D\u0119bowska<\/strong><\/p>\n<p><em>Czwartek, 22 pa\u017adziernika, Filharmonia Narodowa<\/em><\/p>","protected":false},"excerpt":{"rendered":"<p>Festiwal mia\u0142 zako\u0144czy\u0107 si\u0119 koncertem z udzia\u0142em Aleksandry \u015awigut i Orkiestry Sinfonia Varsovia pod dyrekcj\u0105 Macieja Tworka. Niestety, znakomita pianistka musia\u0142 odwo\u0142a\u0107 sw\u00f3j wyst\u0119p ze wzgl\u0119du na niedobry stan zdrowia spowodowany pandemi\u0105. O sprawie poinformowa\u0142a na Facebooku. Na ostatnim festiwalowym koncercie w Filharmonii Narodowej wyst\u0105pi\u0142 wi\u0119c w zast\u0119pstwie Andrzej Wierci\u0144ski, wykonuj\u0105c zaplanowany pierwotnie w programie [&hellip;]<\/p>\n","protected":false},"author":8,"featured_media":0,"parent":0,"menu_order":0,"comment_status":"closed","ping_status":"closed","template":"","meta":{"footnotes":""},"class_list":["post-853","page","type-page","status-publish","hentry"],"_links":{"self":[{"href":"https:\/\/beethoven.org.pl\/recenzje\/wp-json\/wp\/v2\/pages\/853","targetHints":{"allow":["GET"]}}],"collection":[{"href":"https:\/\/beethoven.org.pl\/recenzje\/wp-json\/wp\/v2\/pages"}],"about":[{"href":"https:\/\/beethoven.org.pl\/recenzje\/wp-json\/wp\/v2\/types\/page"}],"author":[{"embeddable":true,"href":"https:\/\/beethoven.org.pl\/recenzje\/wp-json\/wp\/v2\/users\/8"}],"replies":[{"embeddable":true,"href":"https:\/\/beethoven.org.pl\/recenzje\/wp-json\/wp\/v2\/comments?post=853"}],"version-history":[{"count":2,"href":"https:\/\/beethoven.org.pl\/recenzje\/wp-json\/wp\/v2\/pages\/853\/revisions"}],"predecessor-version":[{"id":855,"href":"https:\/\/beethoven.org.pl\/recenzje\/wp-json\/wp\/v2\/pages\/853\/revisions\/855"}],"wp:attachment":[{"href":"https:\/\/beethoven.org.pl\/recenzje\/wp-json\/wp\/v2\/media?parent=853"}],"curies":[{"name":"wp","href":"https:\/\/api.w.org\/{rel}","templated":true}]}}

Beethoven i Penderecki pod batutą Macieja Tworka

<p></p>
<p class="p1">Festiwal miał zakończyć się koncertem z udziałem Aleksandry Świgut i Orkiestry Sinfonia Varsovia pod dyrekcją Macieja Tworka. Niestety, znakomita pianistka musiał odwołać swój występ ze względu na niedobry stan zdrowia spowodowany pandemią.<a href="https://www.facebook.com/pierrodt/posts/3417856788440227"> O sprawie poinformowała na Facebooku.</a></p>
<p class="p1">Na ostatnim festiwalowym koncercie w Filharmonii Narodowej wystąpił więc w zastępstwie Andrzej Wierciński, wykonując zaplanowany pierwotnie w programie<i> III Koncert fortepianowy c-moll </i>op. 37 Ludwiga van Beethovena. Kilka dni wcześniej interesująco grał <i>Koncert e-moll </i>Chopina, ale jego Beethoven był jeszcze bardziej przykuwający uwagę. Wierciński przeszedł przez dobrą szkołę Pawła Giliłowa w salzburskim Mozarteum. Świetnie czuje styl klasyczny. Krągły, klarowny ton, elegancko zaokrąglone wykończenia frazy, dbałość o czytelną, perlistą artykulację, błyskotliwie wykonana ornamentacja, szczypta wirtuozerii w kadencjach i emocjonalne zaangażowanie w tę piękną muzykę – te cechy sprawiły, że interpretacji Wiercińskiego słuchało się z niesłabnącą uwagą. Życzyłabym sobie może szerszej palety dynamiki, subtelniejszego jej różnicowania. Fantastycznie zabrzmiała trzecia część koncertu (<i>Rondo. Allegro</i>), pełna fantazji, skowronkowej radości i przekomarzania się z grającą jak na skrzydłach orkiestrą. Andrzej Wierciński i Maciej Tworek z orkiestrą Sinfonia Varsovia muzykowali z pasją, która udzielała się słuchaczom.</p>
<p class="p1">Wykonanie <i>III Koncert c-moll </i>poprzedziło <i>Adagietto</i> na orkiestrę smyczkową z <i>Raju utraconego </i>Krzysztofa Pendereckiego, w którym solistą na rożku angielskim był wybitny oboista SV Arkadiusz Krupa. Ukłon w stronę wielkiego kompozytora, który odszedł w marcu tego roku. Utwór piękny, wzruszający, tej samej klasy i charakteru, co słynne <i>Adagio</i> Samuela Barbera i <i>Adagietto</i> Gustava Mahlera, którego wykonaniu dyrygent Maciej Tworek oddał całe serce.</p>
<p class="p1">Jego pasja dla muzyka znalazła też odzwierciedlenie w wykonaniu <i>VII Symfonii A-dur</i> op. 92 Ludwiga van Beethovena, którą zadyrygował z pamięci. Zwrócił się też do publiczności, informując, że Krzysztof Penderecki ze wszystkich symfonii Beethovena najwyżej cenił właśnie <i>Siódmą. </i></p>
<p class="p1">Pod jego batutą Symfonia A-dur rzeczywiście zabrzmiała jak „apoteoza tańca”, jak ją określił Wagner, zwłaszcza jej część trzecia, pełna ekstazy i zapamiętania się w pulsującym rytmie części pierwszej i czwartej. Miał do dyspozycji znakomitą orkiestrę, która mimo dłuższej przerwy w graniu spowodowanej wiosennym lockdownem i grania obecnie w zmniejszonym składzie, zaprezentowała świetną formę. Fantastycznie brzmiał kwintet smyczkowy, grający spójnie jak jeden organizm, z wyraziście zaznaczającą swoją obecność sekcją wiolonczel, w ciągłym dialogu z pierwszymi skrzypcami. A rewelacyjnie – sekcja instrumentów drewnianych i blaszanych, choć waltornie nie zawsze były idealne intonacyjnie. Imponowała spoistość brzmienia i zespołowość gry (dyrygent może zbyt mocno wyciągnął na plan pierwszy pohukiwania waltorni i trąbek) oraz muzykalność solistów (Andrzej Krzyżanowski na flecie, Arkadiusz Krupa na oboju, Piotr Kamiński na fagocie w środkowym ogniwie <i>Allegretta</i>).</p>
<p>Wspaniały koncert na godne zakończenie 24. Wielkanocnego Festiwalu Ludwiga van Beethovena.</p>
<p><strong>Anna S. Dębowska</strong></p>
<p><em>Czwartek, 22 października, Filharmonia Narodowa</em></p>

<p>Festiwal miał zakończyć się koncertem z udziałem Aleksandry Świgut i Orkiestry Sinfonia Varsovia pod dyrekcją Macieja Tworka. Niestety, znakomita pianistka musiał odwołać swój występ ze względu na niedobry stan zdrowia spowodowany pandemią. O sprawie poinformowała na Facebooku. Na ostatnim festiwalowym koncercie w Filharmonii Narodowej wystąpił więc w zastępstwie Andrzej Wierciński, wykonując zaplanowany pierwotnie w programie [&hellip;]</p>
