{"id":851,"date":"2020-10-21T20:26:19","date_gmt":"2020-10-21T18:26:19","guid":{"rendered":"http:\/\/beethoven.org.pl\/recenzje\/?page_id=851"},"modified":"2020-10-21T20:26:19","modified_gmt":"2020-10-21T18:26:19","slug":"faniska-pierwszy-raz-po-160-latach","status":"publish","type":"page","link":"https:\/\/beethoven.org.pl\/recenzje\/faniska-pierwszy-raz-po-160-latach\/","title":{"rendered":"Faniska pierwszy raz po 160 latach"},"content":{"rendered":"<p><\/p>\n<p class=\"p1\"><span class=\"s1\">Wielkanocny Festiwal Ludwiga van Beethovena od lat specjalizuje si\u0119 w wykonywaniu oper, kt\u00f3re by\u0142y hitami swojej epoki, ale z czasem o nich zapomniano, cho\u0107 nazwiska ich kompozytor\u00f3w nale\u017c\u0105 do najwi\u0119kszych. \u0141ukasz Borowicz dyrygowa\u0142 ju\u017c na festiwalu operami Carla Marii Webera, Louisa Spohra, Georges\u2019a Bizeta, Niko\u0142aja Rimskiego-Korsakowa, Gustava Holsta, Ralpha Vaughana Williamsa i Stanis\u0142awa Moniuszki. A zacz\u0119\u0142o si\u0119 w 2008 roku od<i> Lodoiski<\/i> Luigiego Cherubiniego, tw\u00f3rcy oper cenionych przez samego Beethovena, m. in. s\u0142ynnej <i>Medei<\/i>, w kt\u00f3rej triumfy \u015bwi\u0119ci\u0142a niegdy\u015b Maria Callas. <\/span><\/p>\n<p class=\"p1\"><span class=\"s1\">1.<\/span><\/p>\n<p class=\"p1\"><span class=\"s1\">Min\u0119\u0142o lat 12 i zn\u00f3w mieli\u015bmy do czynienia z Cherubinim, W\u0142ochem, kt\u00f3ry osiedli\u0142 si\u0119 w Pary\u017cu i komponowa\u0142 dla Francuz\u00f3w dzie\u0142a z gatunku opera comique. Tak\u0105 oper\u0105 komiczn\u0105 w trzech aktach jest jego <i>Faniska<\/i>, w kt\u00f3rej \u0141ukasz Borowicz dopatrzy\u0142 si\u0119 tak du\u017cych walor\u00f3w muzycznych, \u017ce zdecydowa\u0142 si\u0119 j\u0105 wykona\u0107 przed publiczno\u015bci\u0105 Wielkanocnego Festiwalu.<\/span><\/p>\n<p class=\"p1\"><span class=\"s1\">Jak\u017ce zmienne s\u0105 losy dzie\u0142 i ich artyst\u00f3w. <i>Faniska <\/i>wystawiona pierwszy raz w 1806 roku w Wiedniu okaza\u0142a si\u0119 wielkim sukcesem kompozytora \u2013 grano j\u0105 przez kilka sezon\u00f3w, do 1810 roku a\u017c 64 razy. Ale p\u00f3\u017aniej co\u015b si\u0119 zaci\u0119\u0142o \u2013 zmieni\u0142y si\u0119 mody, geniusz Verdiego zaw\u0142adn\u0105\u0142 Europ\u0105. <i>Fanisk\u0119<\/i> zagrano ostatni raz w 1860 roku we Frankfurcie nad Menem w setn\u0105 rocznic\u0119 urodzin Cherubiniego. <\/span><\/p>\n<p class=\"p1\"><span class=\"s1\">Na tym koniec \u2013 a\u017c do 20 pa\u017adziernika 2020 roku, kiedy zabrzmia\u0142a w wersji koncertowej na Festiwalu Ludwiga van Beethovena w Warszawie pod batut\u0105 \u0141ukasza Borowicza.<\/span><\/p>\n<p class=\"p1\"><span class=\"s1\">2.<\/span><\/p>\n<p class=\"p1\"><span class=\"s1\">Od razu powiedzmy \u2013 muzyka <i>Faniski<\/i> jest momentami \u015bwietna, bez w\u0105tpienia napisana przez mistrza w swoim fachu, kt\u00f3ry stworzy\u0142 pi\u0119kne sceny zespo\u0142owe, r\u00f3wnie\u017c z solistami i ch\u00f3rem m\u0119skim, stosowa\u0142 te\u017c wyrafinowan\u0105 orkiestracj\u0119.<\/span><\/p>\n<p class=\"p1\"><span class=\"s1\">Ju\u017c partia tytu\u0142owej bohaterki wi\u0119zionej w lochu przez niejakiego Zamoskiego stawia przed wykonawczyni\u0105 du\u017ce wymagania: wymaga du\u017cej si\u0142y g\u0142osu, pierwszorz\u0119dnej koloratury, ale te\u017c du\u017cej rozpi\u0119to\u015bci skali i \u015bpiewania r\u00f3wnie\u017c w niskim rejestrze. Zosta\u0142a napisana dla wspania\u0142ego sopranu dramatycznego tamtych czas\u00f3w Anny Milder-Hauptmann, cenionej nie tylko przez Cherubiniego (pierwsze wykonanie jego <i>Medei<\/i>), ale tak\u017ce Mozarta, Haydna i Beethovena (Leonore), a tak\u017ce Antonia Salieriego, kt\u00f3ry j\u0105 uczy\u0142 \u015bpiewu. T\u0119 ambitn\u0105 parti\u0119 w Warszawie za\u015bpiewa\u0142a znakomita Natalia Rubi\u015b. <\/span><\/p>\n<p class=\"p1\"><span class=\"s1\">S\u0142abo\u015bci\u0105 opery jest jej libretto, w kt\u00f3rym akcja jest wi\u0119cej ni\u017c w\u0105t\u0142a i bardzo umowna. Autorem w\u0142oskiego libretta opartego na melodramacie pod do\u015b\u0107 zaskakuj\u0105cym tytu\u0142em <i>Les Mines de Pologne <\/i>(<i>Polskie lochy<\/i>) R.-C. Guilberta de Pixerecourta by\u0142 Joseph Sonnleithner, kt\u00f3ry skonstruowa\u0142 tak\u017ce libretto do <i>Fidelia<\/i> Beethovena. R\u00f3wnie\u017c do\u015b\u0107 umowne i naiwne w wielu momentach, ale przynajmniej z jasno wyra\u017con\u0105 tez\u0105 o rozprawieniu si\u0119 z tyranami. <i>Faniska<\/i> takiego przes\u0142ania nie posiada, zdaje si\u0119 w og\u00f3le nie posiada\u0107 przes\u0142ania i mo\u017ce z tego powodu popad\u0142a w zapomnienie.<\/span><\/p>\n<p class=\"p1\"><span class=\"s1\">Nie ulega jednak w\u0105tpliwo\u015bci, i\u017c rzecz by\u0142a warta przypomnienia. W\u0142a\u015bnie ze wzgl\u0119du na muzyk\u0119. <\/span><\/p>\n<p class=\"p1\"><span class=\"s1\">3.<\/span><\/p>\n<p class=\"p1\"><span class=\"s1\">I tu ciekawostka \u2013 podobnie jak akcja <i>Lodoiski<\/i>,<i> <\/i>akcja <i>Faniski <\/i>rozgrywa si\u0119 w Polsce. Nale\u017cy przez to rozumie\u0107, \u017ce gdzie\u015b na egzotycznych rubie\u017cach Europy, w jakim\u015b \u015brednio cywilizowanym kraju, gdzie jeden szlachcic mo\u017ce uwi\u0119zi\u0107 w swoich lochach innego szlachcica z jego rodzin\u0105, jak operowy pan Zamoski, starosta sandomierski (Robert Gierlach) i jego totumfacki Oranski (Tomasz Rak) wi\u0119zili pana Rasinskiego, starost\u0119 rawskiego (Krystian Krzeszowiak), jego \u017con\u0119 Fanisk\u0119 (Natalia Rubi\u015b) i c\u00f3rk\u0119 Hedwig (Katarzyna Belkius). Przypomina to oparte na faktach historycznych opowie\u015bci historyka i pisarza W\u0142adys\u0142awa \u0141ozi\u0144skiego pod tytu\u0142em <i>Prawem i lewem<\/i>, w kt\u00f3rym czytamy o bezprawiu we wschodniej Polsce, dok\u0105d nie si\u0119ga\u0142a w\u0142adza kr\u00f3lewska, a wa\u015bnie mi\u0119dzy s\u0105siadami owocowa\u0142y ci\u0105gn\u0105cymi si\u0119 przez lata konfliktami, cz\u0119sto zbrojnymi zajazdami, porwaniami i przetrzymaniami.<\/span><\/p>\n<p class=\"p1\"><span class=\"s1\">Tak wi\u0119c tre\u015bci\u0105 opery jest uwi\u0119zienie Faniski i jej m\u0119\u017ca Rasinskiego oraz dwie pr\u00f3by ucieczki tej pary z ich dzieckiem zako\u0144czone rado\u015bnie intonowanym sukcesem. <\/span><\/p>\n<p class=\"p1\"><span class=\"s1\">4.<\/span><\/p>\n<p class=\"p1\"><span class=\"s1\">\u0141ukasz Borowicz, kt\u00f3ry dyrygowa\u0142 Pozna\u0144skim Ch\u00f3rem Kameralnym i Orkiestr\u0105 Filharmonii Pozna\u0144skiej, wydoby\u0142 z utworu du\u017co energii (\u015bwietne, oparte na synkopowanym, odbitkowym rytmie sceny ucieczki i po\u015bcigu), pokaza\u0142 bogactwo orkiestracji z\u0142o\u017conej z przykuwaj\u0105cych ucho szczeg\u00f3\u0142\u00f3w, jak rozbudowana partia fagotu czy efekty kolorystyczne w smyczkach, wydoby\u0142 te\u017c polonezowy charakter niekt\u00f3rych ust\u0119p\u00f3w opery, g\u0142\u00f3wnie taniec Hedwigi. <\/span><\/p>\n<p class=\"p1\"><span class=\"s1\">Dyrygentowi uda\u0142o si\u0119 te\u017c zebra\u0107 znakomit\u0105 obsad\u0119, kt\u00f3rej ozdob\u0105 byli Natalia Rubi\u015b, s\u0142ynny polski tenor Krystian Krzeszowiak i mezzosopranistka Justyna O\u0142\u00f3w, \u015bpiewaj\u0105ca parti\u0119 Moski, s\u0142u\u017c\u0105cej Zamoskiego, kt\u00f3ra pomaga Fanisce w ucieczce. Rubi\u015b zachwyca\u0142a wspania\u0142\u0105 koloratur\u0105, Krzeszowiak swoim mi\u0119kkim jak stal tenorem i \u015bwietn\u0105 dykcj\u0105 we w\u0142oskim, a Justyna O\u0142\u00f3w (obecnie studiuje u Marka Rzepki w Hochschule fur Musik, Theater und Medien w Hanowerze) g\u0142\u0119bok\u0105, ciemn\u0105 barw\u0105 mezzosopranowego g\u0142osu i idealn\u0105 intonacj\u0105. Razem wykonali pi\u0119kne trio <i>Dolce ne guai ristoro<\/i>, kt\u00f3rego ostatnie takty \u015bpiewali ju\u017c bez orkiestry, <i>a cappella<\/i>, idealnie zestrojeni. Bardzo sp\u00f3jne pod wzgl\u0119dem barwy brzmienia by\u0142y te\u017c duety Rubi\u015b i Krzeszowiaka \u2013 \u015bpiew na najwy\u017cszym poziomie.<\/span><\/p>\n<p><strong>Anna S. D\u0119bowska<\/strong><\/p>\n<p><em>Wtorek, 20 pa\u017adziernika, Filharmonia Narodowa<\/em><\/p>","protected":false},"excerpt":{"rendered":"<p>Wielkanocny Festiwal Ludwiga van Beethovena od lat specjalizuje si\u0119 w wykonywaniu oper, kt\u00f3re by\u0142y hitami swojej epoki, ale z czasem o nich zapomniano, cho\u0107 nazwiska ich kompozytor\u00f3w nale\u017c\u0105 do najwi\u0119kszych. \u0141ukasz Borowicz dyrygowa\u0142 ju\u017c na festiwalu operami Carla Marii Webera, Louisa Spohra, Georges\u2019a Bizeta, Niko\u0142aja Rimskiego-Korsakowa, Gustava Holsta, Ralpha Vaughana Williamsa i Stanis\u0142awa Moniuszki. A [&hellip;]<\/p>\n","protected":false},"author":8,"featured_media":0,"parent":0,"menu_order":0,"comment_status":"closed","ping_status":"closed","template":"","meta":{"footnotes":""},"class_list":["post-851","page","type-page","status-publish","hentry"],"_links":{"self":[{"href":"https:\/\/beethoven.org.pl\/recenzje\/wp-json\/wp\/v2\/pages\/851","targetHints":{"allow":["GET"]}}],"collection":[{"href":"https:\/\/beethoven.org.pl\/recenzje\/wp-json\/wp\/v2\/pages"}],"about":[{"href":"https:\/\/beethoven.org.pl\/recenzje\/wp-json\/wp\/v2\/types\/page"}],"author":[{"embeddable":true,"href":"https:\/\/beethoven.org.pl\/recenzje\/wp-json\/wp\/v2\/users\/8"}],"replies":[{"embeddable":true,"href":"https:\/\/beethoven.org.pl\/recenzje\/wp-json\/wp\/v2\/comments?post=851"}],"version-history":[{"count":1,"href":"https:\/\/beethoven.org.pl\/recenzje\/wp-json\/wp\/v2\/pages\/851\/revisions"}],"predecessor-version":[{"id":852,"href":"https:\/\/beethoven.org.pl\/recenzje\/wp-json\/wp\/v2\/pages\/851\/revisions\/852"}],"wp:attachment":[{"href":"https:\/\/beethoven.org.pl\/recenzje\/wp-json\/wp\/v2\/media?parent=851"}],"curies":[{"name":"wp","href":"https:\/\/api.w.org\/{rel}","templated":true}]}}

<p></p>
<p class="p1"><span class="s1">Wielkanocny Festiwal Ludwiga van Beethovena od lat specjalizuje się w wykonywaniu oper, które były hitami swojej epoki, ale z czasem o nich zapomniano, choć nazwiska ich kompozytorów należą do największych. Łukasz Borowicz dyrygował już na festiwalu operami Carla Marii Webera, Louisa Spohra, Georges’a Bizeta, Nikołaja Rimskiego-Korsakowa, Gustava Holsta, Ralpha Vaughana Williamsa i Stanisława Moniuszki. A zaczęło się w 2008 roku od<i> Lodoiski</i> Luigiego Cherubiniego, twórcy oper cenionych przez samego Beethovena, m. in. słynnej <i>Medei</i>, w której triumfy święciła niegdyś Maria Callas. </span></p>
<p class="p1"><span class="s1">1.</span></p>
<p class="p1"><span class="s1">Minęło lat 12 i znów mieliśmy do czynienia z Cherubinim, Włochem, który osiedlił się w Paryżu i komponował dla Francuzów dzieła z gatunku opera comique. Taką operą komiczną w trzech aktach jest jego <i>Faniska</i>, w której Łukasz Borowicz dopatrzył się tak dużych walorów muzycznych, że zdecydował się ją wykonać przed publicznością Wielkanocnego Festiwalu.</span></p>
<p class="p1"><span class="s1">Jakże zmienne są losy dzieł i ich artystów. <i>Faniska </i>wystawiona pierwszy raz w 1806 roku w Wiedniu okazała się wielkim sukcesem kompozytora – grano ją przez kilka sezonów, do 1810 roku aż 64 razy. Ale później coś się zacięło – zmieniły się mody, geniusz Verdiego zawładnął Europą. <i>Faniskę</i> zagrano ostatni raz w 1860 roku we Frankfurcie nad Menem w setną rocznicę urodzin Cherubiniego. </span></p>
<p class="p1"><span class="s1">Na tym koniec – aż do 20 października 2020 roku, kiedy zabrzmiała w wersji koncertowej na Festiwalu Ludwiga van Beethovena w Warszawie pod batutą Łukasza Borowicza.</span></p>
<p class="p1"><span class="s1">2.</span></p>
<p class="p1"><span class="s1">Od razu powiedzmy – muzyka <i>Faniski</i> jest momentami świetna, bez wątpienia napisana przez mistrza w swoim fachu, który stworzył piękne sceny zespołowe, również z solistami i chórem męskim, stosował też wyrafinowaną orkiestrację.</span></p>
<p class="p1"><span class="s1">Już partia tytułowej bohaterki więzionej w lochu przez niejakiego Zamoskiego stawia przed wykonawczynią duże wymagania: wymaga dużej siły głosu, pierwszorzędnej koloratury, ale też dużej rozpiętości skali i śpiewania również w niskim rejestrze. Została napisana dla wspaniałego sopranu dramatycznego tamtych czasów Anny Milder-Hauptmann, cenionej nie tylko przez Cherubiniego (pierwsze wykonanie jego <i>Medei</i>), ale także Mozarta, Haydna i Beethovena (Leonore), a także Antonia Salieriego, który ją uczył śpiewu. Tę ambitną partię w Warszawie zaśpiewała znakomita Natalia Rubiś. </span></p>
<p class="p1"><span class="s1">Słabością opery jest jej libretto, w którym akcja jest więcej niż wątła i bardzo umowna. Autorem włoskiego libretta opartego na melodramacie pod dość zaskakującym tytułem <i>Les Mines de Pologne </i>(<i>Polskie lochy</i>) R.-C. Guilberta de Pixerecourta był Joseph Sonnleithner, który skonstruował także libretto do <i>Fidelia</i> Beethovena. Również dość umowne i naiwne w wielu momentach, ale przynajmniej z jasno wyrażoną tezą o rozprawieniu się z tyranami. <i>Faniska</i> takiego przesłania nie posiada, zdaje się w ogóle nie posiadać przesłania i może z tego powodu popadła w zapomnienie.</span></p>
<p class="p1"><span class="s1">Nie ulega jednak wątpliwości, iż rzecz była warta przypomnienia. Właśnie ze względu na muzykę. </span></p>
<p class="p1"><span class="s1">3.</span></p>
<p class="p1"><span class="s1">I tu ciekawostka – podobnie jak akcja <i>Lodoiski</i>,<i> </i>akcja <i>Faniski </i>rozgrywa się w Polsce. Należy przez to rozumieć, że gdzieś na egzotycznych rubieżach Europy, w jakimś średnio cywilizowanym kraju, gdzie jeden szlachcic może uwięzić w swoich lochach innego szlachcica z jego rodziną, jak operowy pan Zamoski, starosta sandomierski (Robert Gierlach) i jego totumfacki Oranski (Tomasz Rak) więzili pana Rasinskiego, starostę rawskiego (Krystian Krzeszowiak), jego żonę Faniskę (Natalia Rubiś) i córkę Hedwig (Katarzyna Belkius). Przypomina to oparte na faktach historycznych opowieści historyka i pisarza Władysława Łozińskiego pod tytułem <i>Prawem i lewem</i>, w którym czytamy o bezprawiu we wschodniej Polsce, dokąd nie sięgała władza królewska, a waśnie między sąsiadami owocowały ciągnącymi się przez lata konfliktami, często zbrojnymi zajazdami, porwaniami i przetrzymaniami.</span></p>
<p class="p1"><span class="s1">Tak więc treścią opery jest uwięzienie Faniski i jej męża Rasinskiego oraz dwie próby ucieczki tej pary z ich dzieckiem zakończone radośnie intonowanym sukcesem. </span></p>
<p class="p1"><span class="s1">4.</span></p>
<p class="p1"><span class="s1">Łukasz Borowicz, który dyrygował Poznańskim Chórem Kameralnym i Orkiestrą Filharmonii Poznańskiej, wydobył z utworu dużo energii (świetne, oparte na synkopowanym, odbitkowym rytmie sceny ucieczki i pościgu), pokazał bogactwo orkiestracji złożonej z przykuwających ucho szczegółów, jak rozbudowana partia fagotu czy efekty kolorystyczne w smyczkach, wydobył też polonezowy charakter niektórych ustępów opery, głównie taniec Hedwigi. </span></p>
<p class="p1"><span class="s1">Dyrygentowi udało się też zebrać znakomitą obsadę, której ozdobą byli Natalia Rubiś, słynny polski tenor Krystian Krzeszowiak i mezzosopranistka Justyna Ołów, śpiewająca partię Moski, służącej Zamoskiego, która pomaga Fanisce w ucieczce. Rubiś zachwycała wspaniałą koloraturą, Krzeszowiak swoim miękkim jak stal tenorem i świetną dykcją we włoskim, a Justyna Ołów (obecnie studiuje u Marka Rzepki w Hochschule fur Musik, Theater und Medien w Hanowerze) głęboką, ciemną barwą mezzosopranowego głosu i idealną intonacją. Razem wykonali piękne trio <i>Dolce ne guai ristoro</i>, którego ostatnie takty śpiewali już bez orkiestry, <i>a cappella</i>, idealnie zestrojeni. Bardzo spójne pod względem barwy brzmienia były też duety Rubiś i Krzeszowiaka – śpiew na najwyższym poziomie.</span></p>
<p><strong>Anna S. Dębowska</strong></p>
<p><em>Wtorek, 20 października, Filharmonia Narodowa</em></p>

<p>Wielkanocny Festiwal Ludwiga van Beethovena od lat specjalizuje się w wykonywaniu oper, które były hitami swojej epoki, ale z czasem o nich zapomniano, choć nazwiska ich kompozytorów należą do największych. Łukasz Borowicz dyrygował już na festiwalu operami Carla Marii Webera, Louisa Spohra, Georges’a Bizeta, Nikołaja Rimskiego-Korsakowa, Gustava Holsta, Ralpha Vaughana Williamsa i Stanisława Moniuszki. A [&hellip;]</p>
