{"id":845,"date":"2020-10-18T10:03:11","date_gmt":"2020-10-18T08:03:11","guid":{"rendered":"http:\/\/beethoven.org.pl\/recenzje\/?page_id=845"},"modified":"2020-10-18T10:03:11","modified_gmt":"2020-10-18T08:03:11","slug":"mlodziezowy-wieczor-z-chopinem-i-mendelssohnem","status":"publish","type":"page","link":"https:\/\/beethoven.org.pl\/recenzje\/mlodziezowy-wieczor-z-chopinem-i-mendelssohnem\/","title":{"rendered":"M\u0142odzie\u017cowy wiecz\u00f3r z Chopinem i Mendelssohnem"},"content":{"rendered":"<p><\/p>\n<p class=\"p1\">M\u0142odo\u015b\u0107 zawita\u0142a w sobot\u0119 w Filharmonii Narodowej, m\u0142odo\u015b\u0107 w osobach cz\u0142onk\u00f3w Polskiej Orkiestry Sinfonia Iuventus i dyrygenta Dawida Runtza. A tak\u017ce solisty Andrzeja Wierci\u0144skiego, kt\u00f3ry zaprezentowa\u0142 <i>Koncert fortepianowy e-moll<\/i> op. 11 Fryderyka Chopina (kt\u00f3ry pisz\u0105c go, mia\u0142 zaledwie 19 lat).<\/p>\n<p class=\"p1\">1.<\/p>\n<p class=\"p1\">Zacz\u0119\u0142o si\u0119 kameralnie, genialnym pastiszem muzyki barokowej i Bacha, czyli pi\u0119kn\u0105, przywo\u0142uj\u0105c\u0105 ciep\u0142e i wzruszaj\u0105ce nastroje <i>Ari\u0105<\/i> z cyklu <i>Trzy utwory w dawnym stylu<\/i> Krzysztofa Pendereckiego.<\/p>\n<p class=\"p1\">Po tej muzycznej pere\u0142ce nast\u0105pi\u0142o powi\u0119kszenie sk\u0142adu do Chopina o cztery waltornie, tr\u0105bki i instrumenty d\u0119te drewniane. Kwintet smyczkowy z powodu obostrze\u0144 pandemicznych zosta\u0142 mocno zredukowany m. in. do czterech wiolonczel i o\u015bmiorga pierwszych skrzypiec, ale przecie\u017c z korzy\u015bci\u0105 dla d\u017awi\u0119ku, bardziej dzi\u0119ki temu przejrzystego i nieprzyt\u0142aczaj\u0105cego mas\u0105 brzmienia.<\/p>\n<p class=\"p1\">2.<\/p>\n<p class=\"p1\">25-letni Andrzej Wierci\u0144ski, kt\u00f3remu Sinfonia Iuventus towarzyszy\u0142a w <i>Koncercie e-moll<\/i>,<i> <\/i>to jeden z najbardziej obiecuj\u0105cych talent\u00f3w m\u0142odego pokolenia w Polsce, wychowanek Wojciecha \u015awita\u0142y (dyplom w 2019 roku w Akademii Muzycznej w Katowicach) i Paw\u0142a Gili\u0142owa (podyplomowy kurs pianistyczny w salzburskim Mozarteum). Z Konkursu Chopinowskiego w 2015 roku (wzi\u0105\u0142 udzia\u0142 w pierwszym i drugim etapie), zapami\u0119ta\u0142am zdolnego i wra\u017cliwego pianist\u0119, kt\u00f3remu trema popsu\u0142a szyki.<\/p>\n<p class=\"p1\">W sobot\u0119 na Festiwalu Beethovenowskim pojawi\u0142 si\u0119 ju\u017c inny muzyk \u2013 pianista dokona\u0142 olbrzymich post\u0119p\u00f3w, aby sugestywnie m\u00f3c przekaza\u0107 s\u0142uchaczom swoj\u0105 muzyczn\u0105 wra\u017cliwo\u015b\u0107 i emocjonalny \u0142adunek zawarty w muzyce, a zarazem te emocje pow\u015bci\u0105ga\u0107, aby nie zaburzy\u0107 logiki i klarowno\u015bci wywodu. Sta\u0142 si\u0119 solist\u0105 opanowanym, zwa\u017caj\u0105cym na jako\u015b\u0107 d\u017awi\u0119ku, dysponuj\u0105cy tonem jakby przymglonym, o ciemnej barwie.<\/p>\n<p class=\"p1\">Najdojrzalej zabrzmia\u0142a w jego wykonaniu cz. I <i>Koncertu e-moll <\/i>(<i>Allegro maestoso<\/i>). Wierci\u0144ski obra\u0142 dobre tempa, umiej\u0119tnie poprzez ich dob\u00f3r r\u00f3\u017cnicowa\u0142 ekspresj\u0119, dobrze wsp\u00f3\u0142pracowa\u0142 z orkiestr\u0105, dwukrotnie zmobilizowa\u0142 j\u0105 do wi\u0119kszej koncentracji i przy\u015bpieszenia, gdy wpad\u0142a w nieco statyczny tryb. Pi\u0119knie eksponowa\u0142 trzeci temat I cz. w E-dur, gdzie przekonuj\u0105co odezwa\u0142o si\u0119 nami\u0119tnie liryczne <i>espressivo<\/i>, r\u00f3wnie\u017c nami\u0119tnie poprowadzi\u0142 burzliwe przetworzenie oraz kod\u0119.<\/p>\n<p class=\"p1\">II cz. <i>Larghetto<\/i> przynios\u0142a rozmarzenie, \u0142adne dialogi z fagotem, ale te\u017c swobodn\u0105 wokaliz\u0119 \u2013 Wierci\u0144ski, jak si\u0119 rzek\u0142o, wychowanek Wojciech \u015awiat\u0142y, umiej\u0119tnie pos\u0142uguje si\u0119 ornamentyk\u0105 stylu brillant. Wreszcie III cz., fina\u0142owe rondo w rytmie krakowiaka, kt\u00f3rego temat solista wprowadzi\u0142 nader fantazyjnie. W jego wykonaniu zabrak\u0142o mi jednak rado\u015bci p\u0142yn\u0105cej z \u017cywio\u0142u tanecznego.<\/p>\n<p class=\"p1\">Bisowa\u0142 subtelnie granym, z uwzgl\u0119dnieniem tempo rubato <i>Mazurkiem g-moll <\/i>op. 24 Fryderyka Chopina.<\/p>\n<p class=\"p1\">3.<\/p>\n<p class=\"p1\">A p\u00f3\u017aniej Polska Orkiestra Sinfonia Iuventus pod batut\u0105 Dawida Runtza wykona\u0142a I<i> Symfoni\u0119 c-moll<\/i> Felixa Mendelssohna, kt\u00f3ry pisz\u0105c j\u0105 mia\u0142 zaledwie 15 lat. Cho\u0107 utrzymana jest Beethovenowskiej tonacji , bardziej zdaje si\u0119 odnosi\u0107 do Mozarta, a to poprzez lekko\u015b\u0107 i gracj\u0119 dobrze oddane w wykonaniu lub skojarzenia z dramatyzmem <i>Don Giovanniego. <\/i>Ale ju\u017c fuga w IV cz. dwukrotnie przechodz\u0105ca przez kwintet smyczkowy czy dosadne scherzo (cz. III) kojarzy\u0107 si\u0119 mog\u0105 z Beethovenem. S\u0105 w tej symfonii zaskakuj\u0105ce efekty, jak poka\u017any epizod zespo\u0142owego pizzicata w kwintecie smyczkowym (IV cz.), w kt\u00f3rym muzykom Sinfonii Iuventus uda\u0142o si\u0119 osi\u0105gn\u0105\u0107 niezwyk\u0142e piano i gradacje dynamiki.<\/p>\n<p class=\"p1\">Najwi\u0119ksze uznanie mam dla sekcji instrument\u00f3w d\u0119tych drewnianych (wyr\u00f3\u017cnia\u0142y si\u0119 r\u00f3wnie\u017c w Chopinie), zw\u0142aszcza dla muzyk\u00f3w graj\u0105cych partie pierwszego klarnetu i pierwszego fagotu oraz dla sekcji czysto graj\u0105cych waltorni oraz dla kotlistki, a z kwintetu smyczkowego \u2013 dla sekcji wiolonczel.<\/p>\n<p class=\"p1\"><b>Anna S. D\u0119bowska<\/b><\/p>\n<p class=\"p1\"><i>Sobota, 17 pa\u017adziernika, Filharmonia Narodowa<\/i><\/p>\n<p><\/p>","protected":false},"excerpt":{"rendered":"<p>M\u0142odo\u015b\u0107 zawita\u0142a w sobot\u0119 w Filharmonii Narodowej, m\u0142odo\u015b\u0107 w osobach cz\u0142onk\u00f3w Polskiej Orkiestry Sinfonia Iuventus i dyrygenta Dawida Runtza. A tak\u017ce solisty Andrzeja Wierci\u0144skiego, kt\u00f3ry zaprezentowa\u0142 Koncert fortepianowy e-moll op. 11 Fryderyka Chopina (kt\u00f3ry pisz\u0105c go, mia\u0142 zaledwie 19 lat). 1. Zacz\u0119\u0142o si\u0119 kameralnie, genialnym pastiszem muzyki barokowej i Bacha, czyli pi\u0119kn\u0105, przywo\u0142uj\u0105c\u0105 ciep\u0142e i [&hellip;]<\/p>\n","protected":false},"author":8,"featured_media":0,"parent":0,"menu_order":0,"comment_status":"closed","ping_status":"closed","template":"","meta":{"footnotes":""},"class_list":["post-845","page","type-page","status-publish","hentry"],"_links":{"self":[{"href":"https:\/\/beethoven.org.pl\/recenzje\/wp-json\/wp\/v2\/pages\/845","targetHints":{"allow":["GET"]}}],"collection":[{"href":"https:\/\/beethoven.org.pl\/recenzje\/wp-json\/wp\/v2\/pages"}],"about":[{"href":"https:\/\/beethoven.org.pl\/recenzje\/wp-json\/wp\/v2\/types\/page"}],"author":[{"embeddable":true,"href":"https:\/\/beethoven.org.pl\/recenzje\/wp-json\/wp\/v2\/users\/8"}],"replies":[{"embeddable":true,"href":"https:\/\/beethoven.org.pl\/recenzje\/wp-json\/wp\/v2\/comments?post=845"}],"version-history":[{"count":1,"href":"https:\/\/beethoven.org.pl\/recenzje\/wp-json\/wp\/v2\/pages\/845\/revisions"}],"predecessor-version":[{"id":846,"href":"https:\/\/beethoven.org.pl\/recenzje\/wp-json\/wp\/v2\/pages\/845\/revisions\/846"}],"wp:attachment":[{"href":"https:\/\/beethoven.org.pl\/recenzje\/wp-json\/wp\/v2\/media?parent=845"}],"curies":[{"name":"wp","href":"https:\/\/api.w.org\/{rel}","templated":true}]}}

Młodzieżowy wieczór z Chopinem i Mendelssohnem

<p></p>
<p class="p1">Młodość zawitała w sobotę w Filharmonii Narodowej, młodość w osobach członków Polskiej Orkiestry Sinfonia Iuventus i dyrygenta Dawida Runtza. A także solisty Andrzeja Wiercińskiego, który zaprezentował <i>Koncert fortepianowy e-moll</i> op. 11 Fryderyka Chopina (który pisząc go, miał zaledwie 19 lat).</p>
<p class="p1">1.</p>
<p class="p1">Zaczęło się kameralnie, genialnym pastiszem muzyki barokowej i Bacha, czyli piękną, przywołującą ciepłe i wzruszające nastroje <i>Arią</i> z cyklu <i>Trzy utwory w dawnym stylu</i> Krzysztofa Pendereckiego.</p>
<p class="p1">Po tej muzycznej perełce nastąpiło powiększenie składu do Chopina o cztery waltornie, trąbki i instrumenty dęte drewniane. Kwintet smyczkowy z powodu obostrzeń pandemicznych został mocno zredukowany m. in. do czterech wiolonczel i ośmiorga pierwszych skrzypiec, ale przecież z korzyścią dla dźwięku, bardziej dzięki temu przejrzystego i nieprzytłaczającego masą brzmienia.</p>
<p class="p1">2.</p>
<p class="p1">25-letni Andrzej Wierciński, któremu Sinfonia Iuventus towarzyszyła w <i>Koncercie e-moll</i>,<i> </i>to jeden z najbardziej obiecujących talentów młodego pokolenia w Polsce, wychowanek Wojciecha Świtały (dyplom w 2019 roku w Akademii Muzycznej w Katowicach) i Pawła Giliłowa (podyplomowy kurs pianistyczny w salzburskim Mozarteum). Z Konkursu Chopinowskiego w 2015 roku (wziął udział w pierwszym i drugim etapie), zapamiętałam zdolnego i wrażliwego pianistę, któremu trema popsuła szyki.</p>
<p class="p1">W sobotę na Festiwalu Beethovenowskim pojawił się już inny muzyk – pianista dokonał olbrzymich postępów, aby sugestywnie móc przekazać słuchaczom swoją muzyczną wrażliwość i emocjonalny ładunek zawarty w muzyce, a zarazem te emocje powściągać, aby nie zaburzyć logiki i klarowności wywodu. Stał się solistą opanowanym, zważającym na jakość dźwięku, dysponujący tonem jakby przymglonym, o ciemnej barwie.</p>
<p class="p1">Najdojrzalej zabrzmiała w jego wykonaniu cz. I <i>Koncertu e-moll </i>(<i>Allegro maestoso</i>). Wierciński obrał dobre tempa, umiejętnie poprzez ich dobór różnicował ekspresję, dobrze współpracował z orkiestrą, dwukrotnie zmobilizował ją do większej koncentracji i przyśpieszenia, gdy wpadła w nieco statyczny tryb. Pięknie eksponował trzeci temat I cz. w E-dur, gdzie przekonująco odezwało się namiętnie liryczne <i>espressivo</i>, również namiętnie poprowadził burzliwe przetworzenie oraz kodę.</p>
<p class="p1">II cz. <i>Larghetto</i> przyniosła rozmarzenie, ładne dialogi z fagotem, ale też swobodną wokalizę – Wierciński, jak się rzekło, wychowanek Wojciech Światły, umiejętnie posługuje się ornamentyką stylu brillant. Wreszcie III cz., finałowe rondo w rytmie krakowiaka, którego temat solista wprowadził nader fantazyjnie. W jego wykonaniu zabrakło mi jednak radości płynącej z żywiołu tanecznego.</p>
<p class="p1">Bisował subtelnie granym, z uwzględnieniem tempo rubato <i>Mazurkiem g-moll </i>op. 24 Fryderyka Chopina.</p>
<p class="p1">3.</p>
<p class="p1">A później Polska Orkiestra Sinfonia Iuventus pod batutą Dawida Runtza wykonała I<i> Symfonię c-moll</i> Felixa Mendelssohna, który pisząc ją miał zaledwie 15 lat. Choć utrzymana jest Beethovenowskiej tonacji , bardziej zdaje się odnosić do Mozarta, a to poprzez lekkość i grację dobrze oddane w wykonaniu lub skojarzenia z dramatyzmem <i>Don Giovanniego. </i>Ale już fuga w IV cz. dwukrotnie przechodząca przez kwintet smyczkowy czy dosadne scherzo (cz. III) kojarzyć się mogą z Beethovenem. Są w tej symfonii zaskakujące efekty, jak pokaźny epizod zespołowego pizzicata w kwintecie smyczkowym (IV cz.), w którym muzykom Sinfonii Iuventus udało się osiągnąć niezwykłe piano i gradacje dynamiki.</p>
<p class="p1">Największe uznanie mam dla sekcji instrumentów dętych drewnianych (wyróżniały się również w Chopinie), zwłaszcza dla muzyków grających partie pierwszego klarnetu i pierwszego fagotu oraz dla sekcji czysto grających waltorni oraz dla kotlistki, a z kwintetu smyczkowego – dla sekcji wiolonczel.</p>
<p class="p1"><b>Anna S. Dębowska</b></p>
<p class="p1"><i>Sobota, 17 października, Filharmonia Narodowa</i></p>
<p></p>

<p>Młodość zawitała w sobotę w Filharmonii Narodowej, młodość w osobach członków Polskiej Orkiestry Sinfonia Iuventus i dyrygenta Dawida Runtza. A także solisty Andrzeja Wiercińskiego, który zaprezentował Koncert fortepianowy e-moll op. 11 Fryderyka Chopina (który pisząc go, miał zaledwie 19 lat). 1. Zaczęło się kameralnie, genialnym pastiszem muzyki barokowej i Bacha, czyli piękną, przywołującą ciepłe i [&hellip;]</p>
