{"id":836,"date":"2020-10-12T12:22:24","date_gmt":"2020-10-12T10:22:24","guid":{"rendered":"http:\/\/beethoven.org.pl\/recenzje\/?page_id=836"},"modified":"2020-10-12T12:22:24","modified_gmt":"2020-10-12T10:22:24","slug":"od-skargi-po-triumf-szymon-nehring-gwiazda-niedzielnego-koncertu","status":"publish","type":"page","link":"https:\/\/beethoven.org.pl\/recenzje\/od-skargi-po-triumf-szymon-nehring-gwiazda-niedzielnego-koncertu\/","title":{"rendered":"Od skargi po triumf &#8211; Szymon Nehring gwiazd\u0105 niedzielnego koncertu"},"content":{"rendered":"<p>Drugi koncert festiwalowy up\u0142yn\u0105\u0142 s\u0142uchaczom z Orkiestr\u0105 Polskiego Radia w Warszawie. To nowa nazwa dawnej Polskiej Orkiestry Radiowej, ale te\u017c zesp\u00f3\u0142 sprawia\u0142 wra\u017cenie zespo\u0142u w nowej dobrej formie pod sprawn\u0105 i zaanga\u017cowan\u0105 dyrekcj\u0105 Micha\u0142a Klauzy.<\/p>\n<p>Gwiazd\u0105 koncertu by\u0142 pianista Szymon Nehring, kt\u00f3ry zaprezentowa\u0142 <em>V Koncert fortepianowy Es-dur <\/em>op. 73 Ludwiga van Beethovena (1809).<\/p>\n<p>&nbsp;<\/p>\n<p>Podobnie jak w sobot\u0119, gdy koncert rozpocz\u0105\u0142 si\u0119 <em>Ciaccon\u0105 <\/em>na orkiestr\u0119 smyczkow\u0105 Krzysztofa Pendereckiego, tak i niedzielny wiecz\u00f3r rozpocz\u0119\u0142o arcydzie\u0142o zmar\u0142ego w tym roku kompozytora pochodz\u0105ce z jego <em>Polskiego Requiem<\/em> \u2013 <em>Agnus Dei <\/em>w wersji na orkiestr\u0119 kameraln\u0105, kt\u00f3r\u0105 w 1994 opracowa\u0142 Borys Pergamenschikow. To utw\u00f3r wyj\u0105tkowy, wyros\u0142y jakby z g\u0142\u0119bokiej ludowej wiary, cho\u0107 nie ma w nim naturalnie niczego folklorystycznego, chodzi raczej o charakter (oryginalna wersja powsta\u0142a na o\u015bmioosobowy ch\u00f3r a cappella), czemu nie przeczy \u0142aci\u0144ski tekst dzie\u0142a.<\/p>\n<p>Utw\u00f3r pod batut\u0105 Micha\u0142a Klauzy zabrzmia\u0142 najpierw pe\u0142n\u0105 rozpaczy modlitewn\u0105 skarg\u0105 a\u017c do pot\u0119\u017cnej dysonansowej kulminacji, po kt\u00f3rej powr\u00f3ci\u0142 temat skargi, tym razem cichej i przej\u0119tej \u017calem wyra\u017conej w solowej partii wiolonczeli. Przejmuj\u0105ce dzie\u0142o i dobre wykonanie.<\/p>\n<p>&nbsp;<\/p>\n<p>P\u00f3\u017aniej jednak nastr\u00f3j koncertu si\u0119 zmieni\u0142 &#8211; rozleg\u0142y si\u0119 triumfalne akordy <em>Koncertu Es-dur \u201eCesarskiego\u201d <\/em>Beethovena w interpretacji Szymona Nehringa, kt\u00f3ry ma ju\u017c w repertuarze wszystkie koncerty geniusza z Bonn z wyj\u0105tkiem <em>IV G-dur<\/em>. <em>Cesarski <\/em>gra od roku.<\/p>\n<p>To koncert skomponowany z kr\u00f3lewskim rozmachem, w kt\u00f3rym wywa\u017cone s\u0105 elementy wyrazowe i wirtuozowskie. Interpretacja Szymona Nehringa, jakkolwiek na pewno b\u0119dzie jeszcze dojrzewa i si\u0119 \u201edociera\u0107\u201d, z pewno\u015bci\u0105 wyr\u00f3\u017cnia\u0142a si\u0119 indywidualnym uj\u0119ciem, dalekim od g\u0142adkich, konwencjonalnych wykona\u0144 tego dzie\u0142a. Szymon Nehring poszuka\u0142 w tym utworze w\u0142asnej drogi. Dla mnie jest przede wszystkim pianist\u0105 intymnych nastroj\u00f3w, dlatego nie oczekiwa\u0142am od niego pot\u0119\u017cnego tonu i wyrazistych kontrast\u00f3w wyrazowych, co nie znaczy, \u017ce ich nie by\u0142o, chodzi jednak o skal\u0119. Wiem, \u017ce Szymon Nehring d\u0105\u017cy do wielkiej pianistyki, dla mnie jednak jego <em>V Koncert <\/em>mia\u0142 kameralny charakter, co nie jest zarzutem. To, co mnie przede wszystkim uj\u0119\u0142o, to wra\u017cliwe podej\u015bcie do lirycznej strony koncertu &#8211; \u201efiligranowy\u201d temat poboczny pierwszej cz\u0119\u015bci zabrzmia\u0142 pi\u0119knie jakby pianista ws\u0142uchiwa\u0142 si\u0119 z nostalgi\u0105 w t\u0119 wiede\u0144sk\u0105 salonow\u0105 melodi\u0119.<\/p>\n<p>Nehring podkre\u015bla\u0142 owe kontrasty wyrazowe tak typowe dla Beethovena, potrafi\u0142 uderzy\u0107 w heroiczny podnios\u0142y ton, ol\u015bni\u0107 dzwoneczkowymi trylami i figuracjami. Trzeba jednak powiedzie\u0107, \u017ce niekt\u00f3re wirtuozowskie popisy brzmia\u0142y nieco zbyt zachowawczo i nie pozwoli\u0142y poczu\u0107 pierwiastka improwizacyjnego, kt\u00f3rym na\u0142adowany jest <em>V Koncert<\/em> podziwianego przez wsp\u00f3\u0142czesnych pianisty-improwizatora.<\/p>\n<p>S\u0142ynne <em>Adagio <\/em>z tego koncertu zabrzmia\u0142o bardzo poetycko, a rondo (cz\u0119\u015b\u0107 trzecia) bardzo popisowo. W niej w\u0142a\u015bnie Szymon Nehring pokaza\u0142 sw\u00f3j wirtuozowski pazur, nie do ko\u0144ca natomiast podoba\u0142a mi si\u0119 graj\u0105ca zbyt skocznie i dziarsko orkiestra &#8211; mniej po wiede\u0144sku, a bardziej po warszawsku.<\/p>\n<p>&nbsp;<\/p>\n<p>A jednak m\u0142odzie\u0144cza <em>VI Symfonia C-dur<\/em> Franza Schuberta (1818) zabrzmia\u0142a w wykonaniu Orkiestry Polskiego Radia w Warszawie wcale wdzi\u0119cznie, elegancko i witalnie. Podoba\u0142o si\u0119 i zwiewne <em>Andante<\/em>, i bardzo przypominaj\u0105ce dosadnie \u201ewiejskie\u201d scherza z symfonii Beethovena <em>Presto <\/em>(cz\u0119\u015b\u0107 trzecia), a tak\u017ce cz\u0119\u015bci skrajne symfonii.<\/p>\n<p>Orkiestra zaprezentowa\u0142a sporo dobrego zespo\u0142owego muzykowania &#8211; s\u0142ycha\u0107 dobr\u0105 r\u0119k\u0119 maestra Klauzy.<\/p>\n<p>&nbsp;<\/p>\n<p><strong>Anna S. D\u0119bowska<\/strong><\/p>\n<p>&nbsp;<\/p>\n<p><em>Niedziela, 11 pa\u017adziernika, Filharmonia Narodowa<\/em><\/p>\n<p>&nbsp;<\/p>","protected":false},"excerpt":{"rendered":"<p>Drugi koncert festiwalowy up\u0142yn\u0105\u0142 s\u0142uchaczom z Orkiestr\u0105 Polskiego Radia w Warszawie. To nowa nazwa dawnej Polskiej Orkiestry Radiowej, ale te\u017c zesp\u00f3\u0142 sprawia\u0142 wra\u017cenie zespo\u0142u w nowej dobrej formie pod sprawn\u0105 i zaanga\u017cowan\u0105 dyrekcj\u0105 Micha\u0142a Klauzy. Gwiazd\u0105 koncertu by\u0142 pianista Szymon Nehring, kt\u00f3ry zaprezentowa\u0142 V Koncert fortepianowy Es-dur op. 73 Ludwiga van Beethovena (1809). &nbsp; Podobnie [&hellip;]<\/p>\n","protected":false},"author":2,"featured_media":0,"parent":0,"menu_order":0,"comment_status":"closed","ping_status":"closed","template":"","meta":{"footnotes":""},"class_list":["post-836","page","type-page","status-publish","hentry"],"_links":{"self":[{"href":"https:\/\/beethoven.org.pl\/recenzje\/wp-json\/wp\/v2\/pages\/836","targetHints":{"allow":["GET"]}}],"collection":[{"href":"https:\/\/beethoven.org.pl\/recenzje\/wp-json\/wp\/v2\/pages"}],"about":[{"href":"https:\/\/beethoven.org.pl\/recenzje\/wp-json\/wp\/v2\/types\/page"}],"author":[{"embeddable":true,"href":"https:\/\/beethoven.org.pl\/recenzje\/wp-json\/wp\/v2\/users\/2"}],"replies":[{"embeddable":true,"href":"https:\/\/beethoven.org.pl\/recenzje\/wp-json\/wp\/v2\/comments?post=836"}],"version-history":[{"count":1,"href":"https:\/\/beethoven.org.pl\/recenzje\/wp-json\/wp\/v2\/pages\/836\/revisions"}],"predecessor-version":[{"id":837,"href":"https:\/\/beethoven.org.pl\/recenzje\/wp-json\/wp\/v2\/pages\/836\/revisions\/837"}],"wp:attachment":[{"href":"https:\/\/beethoven.org.pl\/recenzje\/wp-json\/wp\/v2\/media?parent=836"}],"curies":[{"name":"wp","href":"https:\/\/api.w.org\/{rel}","templated":true}]}}

Od skargi po triumf &#8211; Szymon Nehring gwiazdą niedzielnego koncertu

<p>Drugi koncert festiwalowy upłynął słuchaczom z Orkiestrą Polskiego Radia w Warszawie. To nowa nazwa dawnej Polskiej Orkiestry Radiowej, ale też zespół sprawiał wrażenie zespołu w nowej dobrej formie pod sprawną i zaangażowaną dyrekcją Michała Klauzy.</p>
<p>Gwiazdą koncertu był pianista Szymon Nehring, który zaprezentował <em>V Koncert fortepianowy Es-dur </em>op. 73 Ludwiga van Beethovena (1809).</p>
<p>&nbsp;</p>
<p>Podobnie jak w sobotę, gdy koncert rozpoczął się <em>Ciacconą </em>na orkiestrę smyczkową Krzysztofa Pendereckiego, tak i niedzielny wieczór rozpoczęło arcydzieło zmarłego w tym roku kompozytora pochodzące z jego <em>Polskiego Requiem</em> – <em>Agnus Dei </em>w wersji na orkiestrę kameralną, którą w 1994 opracował Borys Pergamenschikow. To utwór wyjątkowy, wyrosły jakby z głębokiej ludowej wiary, choć nie ma w nim naturalnie niczego folklorystycznego, chodzi raczej o charakter (oryginalna wersja powstała na ośmioosobowy chór a cappella), czemu nie przeczy łaciński tekst dzieła.</p>
<p>Utwór pod batutą Michała Klauzy zabrzmiał najpierw pełną rozpaczy modlitewną skargą aż do potężnej dysonansowej kulminacji, po której powrócił temat skargi, tym razem cichej i przejętej żalem wyrażonej w solowej partii wiolonczeli. Przejmujące dzieło i dobre wykonanie.</p>
<p>&nbsp;</p>
<p>Później jednak nastrój koncertu się zmienił &#8211; rozległy się triumfalne akordy <em>Koncertu Es-dur „Cesarskiego” </em>Beethovena w interpretacji Szymona Nehringa, który ma już w repertuarze wszystkie koncerty geniusza z Bonn z wyjątkiem <em>IV G-dur</em>. <em>Cesarski </em>gra od roku.</p>
<p>To koncert skomponowany z królewskim rozmachem, w którym wyważone są elementy wyrazowe i wirtuozowskie. Interpretacja Szymona Nehringa, jakkolwiek na pewno będzie jeszcze dojrzewa i się „docierać”, z pewnością wyróżniała się indywidualnym ujęciem, dalekim od gładkich, konwencjonalnych wykonań tego dzieła. Szymon Nehring poszukał w tym utworze własnej drogi. Dla mnie jest przede wszystkim pianistą intymnych nastrojów, dlatego nie oczekiwałam od niego potężnego tonu i wyrazistych kontrastów wyrazowych, co nie znaczy, że ich nie było, chodzi jednak o skalę. Wiem, że Szymon Nehring dąży do wielkiej pianistyki, dla mnie jednak jego <em>V Koncert </em>miał kameralny charakter, co nie jest zarzutem. To, co mnie przede wszystkim ujęło, to wrażliwe podejście do lirycznej strony koncertu &#8211; „filigranowy” temat poboczny pierwszej części zabrzmiał pięknie jakby pianista wsłuchiwał się z nostalgią w tę wiedeńską salonową melodię.</p>
<p>Nehring podkreślał owe kontrasty wyrazowe tak typowe dla Beethovena, potrafił uderzyć w heroiczny podniosły ton, olśnić dzwoneczkowymi trylami i figuracjami. Trzeba jednak powiedzieć, że niektóre wirtuozowskie popisy brzmiały nieco zbyt zachowawczo i nie pozwoliły poczuć pierwiastka improwizacyjnego, którym naładowany jest <em>V Koncert</em> podziwianego przez współczesnych pianisty-improwizatora.</p>
<p>Słynne <em>Adagio </em>z tego koncertu zabrzmiało bardzo poetycko, a rondo (część trzecia) bardzo popisowo. W niej właśnie Szymon Nehring pokazał swój wirtuozowski pazur, nie do końca natomiast podobała mi się grająca zbyt skocznie i dziarsko orkiestra &#8211; mniej po wiedeńsku, a bardziej po warszawsku.</p>
<p>&nbsp;</p>
<p>A jednak młodzieńcza <em>VI Symfonia C-dur</em> Franza Schuberta (1818) zabrzmiała w wykonaniu Orkiestry Polskiego Radia w Warszawie wcale wdzięcznie, elegancko i witalnie. Podobało się i zwiewne <em>Andante</em>, i bardzo przypominające dosadnie „wiejskie” scherza z symfonii Beethovena <em>Presto </em>(część trzecia), a także części skrajne symfonii.</p>
<p>Orkiestra zaprezentowała sporo dobrego zespołowego muzykowania &#8211; słychać dobrą rękę maestra Klauzy.</p>
<p>&nbsp;</p>
<p><strong>Anna S. Dębowska</strong></p>
<p>&nbsp;</p>
<p><em>Niedziela, 11 października, Filharmonia Narodowa</em></p>
<p>&nbsp;</p>

<p>Drugi koncert festiwalowy upłynął słuchaczom z Orkiestrą Polskiego Radia w Warszawie. To nowa nazwa dawnej Polskiej Orkiestry Radiowej, ale też zespół sprawiał wrażenie zespołu w nowej dobrej formie pod sprawną i zaangażowaną dyrekcją Michała Klauzy. Gwiazdą koncertu był pianista Szymon Nehring, który zaprezentował V Koncert fortepianowy Es-dur op. 73 Ludwiga van Beethovena (1809). &nbsp; Podobnie [&hellip;]</p>
