{"id":807,"date":"2019-04-16T10:02:20","date_gmt":"2019-04-16T08:02:20","guid":{"rendered":"http:\/\/beethoven.org.pl\/recenzje\/?page_id=807"},"modified":"2019-04-17T18:02:44","modified_gmt":"2019-04-17T16:02:44","slug":"z-nowa-wiosna-czyli-karlowicz-spiewany","status":"publish","type":"page","link":"https:\/\/beethoven.org.pl\/recenzje\/z-nowa-wiosna-czyli-karlowicz-spiewany\/","title":{"rendered":"Z now\u0105 wiosn\u0105, czyli Kar\u0142owicz \u015bpiewany"},"content":{"rendered":"<p>W poniedzia\u0142ek zabrzmia\u0142y pie\u015bni polskie. Po Schubercie, Schumannie, Bergu, Mahlerze i Musorgskim przyszed\u0142 czas na Kar\u0142owicza, kt\u00f3rego pie\u015bni wykona\u0142a Ma\u0142gorzata Walewska (mezzosopran).<\/p>\n<p><img loading=\"lazy\" decoding=\"async\" class=\"alignnone wp-image-808\" src=\"http:\/\/beethoven.org.pl\/recenzje\/wp-content\/uploads\/sites\/9\/2019\/04\/BF190415_0063-300x200.jpg\" alt=\"\" width=\"787\" height=\"524\" srcset=\"https:\/\/beethoven.org.pl\/recenzje\/wp-content\/uploads\/sites\/9\/2019\/04\/BF190415_0063-300x200.jpg 300w, https:\/\/beethoven.org.pl\/recenzje\/wp-content\/uploads\/sites\/9\/2019\/04\/BF190415_0063-768x512.jpg 768w, https:\/\/beethoven.org.pl\/recenzje\/wp-content\/uploads\/sites\/9\/2019\/04\/BF190415_0063-1024x683.jpg 1024w, https:\/\/beethoven.org.pl\/recenzje\/wp-content\/uploads\/sites\/9\/2019\/04\/BF190415_0063.jpg 1443w\" sizes=\"auto, (max-width: 787px) 100vw, 787px\" \/><\/p>\n<p>Ma\u0142gorzata Walewska i orkiestra Filharmonii Szczeci\u0144skiej pod dyrekcj\u0105 Rune Bergmanna, fot. Bruno Fidrych<\/p>\n<p>&nbsp;<\/p>\n<p>By\u0142 to w og\u00f3le wiecz\u00f3r polski, gdy\u017c orkiestra Filharmonii Szczeci\u0144skiej opr\u00f3cz pie\u015bni Kar\u0142owicza z Ma\u0142gorzat\u0105 Walewsk\u0105, wykona\u0142a r\u00f3wnie\u017c jego <i>Symfoni\u0119 e-moll \u201eOdrodzenie\u201d<\/i> op. 7<\/p>\n<p>Ma\u0142gorzata Walewska rzadko zajmuje si\u0119 pie\u015bniowym repertuarem, a szkoda. Nasza operowa diva ma bowiem wszelkie dane do tego, aby i\u015b\u0107 w tym w\u0142a\u015bnie kierunku: bardzo dobr\u0105 dykcj\u0119, frapuj\u0105c\u0105 barw\u0119 g\u0142osu i zdolno\u015b\u0107 do sugestywnego przekazywania uczu\u0107. Troch\u0119 \u017ca\u0142uj\u0119, \u017ce nie zdecydowa\u0142a si\u0119 za\u015bpiewa\u0107 pie\u015bni Kar\u0142owicza w oryginale \u2013 na g\u0142os i fortepian. Aran\u017cacja orkiestrowa Piotra Mossa nie przypad\u0142a mi bowiem do gustu: za du\u017co w niej by\u0142o patosu (dzwony koncertowe), konsonansowych harmonii i s\u0142odko brzmi\u0105cych upi\u0119ksze\u0144, niczym gwiazdeczek spadaj\u0105cych z nieba (dzwonki, tr\u00f3jk\u0105t tremolo). Nie licowa\u0142o mi to z romantyczn\u0105 i m\u0142odopolsk\u0105 poezj\u0105, do kt\u00f3rej pisa\u0142 swoje pie\u015bni Kar\u0142owicz. Taki by\u0142 jednak pomys\u0142 Ma\u0142gorzaty Walewskiej i Rune Bergmanna, szefa Filharmonii Szczeci\u0144skiej (nosz\u0105cej zreszt\u0105 imi\u0119 Mieczys\u0142awa Kar\u0142owicza): nagra\u0107 te pie\u015bni z udzia\u0142em orkiestry.<\/p>\n<p>Us\u0142yszeli\u015bmy wi\u0119c 17 spo\u015br\u00f3d 29 pie\u015bni Kar\u0142owicza: niekt\u00f3re wy\u0142\u0105cznie w wykonaniu orkiestry Filharmonii Szczeci\u0144skiej, a 11 z nich w interpretacji Ma\u0142gorzaty Walewskiej. Orkiestra pod dyrekcj\u0105 dobrego dyrygenta, jakim jest Bergmann, brzmia\u0142a ciekawie, z wyczuciem akompaniowa\u0142a solistce, tylko w waltorniach pojawi\u0142o si\u0119 zdecydowanie za du\u017co kiks\u00f3w, zw\u0142aszcza na zako\u0144czenie pie\u015bni w rytmie walca <i>Z now\u0105 wiosn\u0105.<\/i> Sekcja waltorni poprawi\u0142a si\u0119 jednak w tym miejscu, gdy Walewska i orkiestra wykonali <i>Z now\u0105 wiosn\u0105 <\/i>na bis. Ponadto artystka wykona\u0142a na bis <i>Pami\u0119tam ciche, jasne, z\u0142ote <\/i>dnie op. 1 nr 5 do teksty Kazimierza Przerwy-Tetmajera.<\/p>\n<p><b>Anna S. D\u0119bowska<\/b><\/p>\n<p><i>Poniedzia\u0142ek, 15 kwietnia, godz. 19.30, Filharmonia Narodowa<\/i><\/p>","protected":false},"excerpt":{"rendered":"<p>W poniedzia\u0142ek zabrzmia\u0142y pie\u015bni polskie. Po Schubercie, Schumannie, Bergu, Mahlerze i Musorgskim przyszed\u0142 czas na Kar\u0142owicza, kt\u00f3rego pie\u015bni wykona\u0142a Ma\u0142gorzata Walewska (mezzosopran). Ma\u0142gorzata Walewska i orkiestra Filharmonii Szczeci\u0144skiej pod dyrekcj\u0105 Rune Bergmanna, fot. Bruno Fidrych &nbsp; By\u0142 to w og\u00f3le wiecz\u00f3r polski, gdy\u017c orkiestra Filharmonii Szczeci\u0144skiej opr\u00f3cz pie\u015bni Kar\u0142owicza z Ma\u0142gorzat\u0105 Walewsk\u0105, wykona\u0142a r\u00f3wnie\u017c jego [&hellip;]<\/p>\n","protected":false},"author":8,"featured_media":0,"parent":0,"menu_order":0,"comment_status":"closed","ping_status":"closed","template":"","meta":{"footnotes":""},"class_list":["post-807","page","type-page","status-publish","hentry"],"_links":{"self":[{"href":"https:\/\/beethoven.org.pl\/recenzje\/wp-json\/wp\/v2\/pages\/807","targetHints":{"allow":["GET"]}}],"collection":[{"href":"https:\/\/beethoven.org.pl\/recenzje\/wp-json\/wp\/v2\/pages"}],"about":[{"href":"https:\/\/beethoven.org.pl\/recenzje\/wp-json\/wp\/v2\/types\/page"}],"author":[{"embeddable":true,"href":"https:\/\/beethoven.org.pl\/recenzje\/wp-json\/wp\/v2\/users\/8"}],"replies":[{"embeddable":true,"href":"https:\/\/beethoven.org.pl\/recenzje\/wp-json\/wp\/v2\/comments?post=807"}],"version-history":[{"count":1,"href":"https:\/\/beethoven.org.pl\/recenzje\/wp-json\/wp\/v2\/pages\/807\/revisions"}],"predecessor-version":[{"id":809,"href":"https:\/\/beethoven.org.pl\/recenzje\/wp-json\/wp\/v2\/pages\/807\/revisions\/809"}],"wp:attachment":[{"href":"https:\/\/beethoven.org.pl\/recenzje\/wp-json\/wp\/v2\/media?parent=807"}],"curies":[{"name":"wp","href":"https:\/\/api.w.org\/{rel}","templated":true}]}}

Z nową wiosną, czyli Karłowicz śpiewany

<p>W poniedziałek zabrzmiały pieśni polskie. Po Schubercie, Schumannie, Bergu, Mahlerze i Musorgskim przyszedł czas na Karłowicza, którego pieśni wykonała Małgorzata Walewska (mezzosopran).</p>
<p><img loading="lazy" decoding="async" class="alignnone wp-image-808" src="http://beethoven.org.pl/recenzje/wp-content/uploads/sites/9/2019/04/BF190415_0063-300x200.jpg" alt="" width="787" height="524" srcset="https://beethoven.org.pl/recenzje/wp-content/uploads/sites/9/2019/04/BF190415_0063-300x200.jpg 300w, https://beethoven.org.pl/recenzje/wp-content/uploads/sites/9/2019/04/BF190415_0063-768x512.jpg 768w, https://beethoven.org.pl/recenzje/wp-content/uploads/sites/9/2019/04/BF190415_0063-1024x683.jpg 1024w, https://beethoven.org.pl/recenzje/wp-content/uploads/sites/9/2019/04/BF190415_0063.jpg 1443w" sizes="auto, (max-width: 787px) 100vw, 787px" /></p>
<p>Małgorzata Walewska i orkiestra Filharmonii Szczecińskiej pod dyrekcją Rune Bergmanna, fot. Bruno Fidrych</p>
<p>&nbsp;</p>
<p>Był to w ogóle wieczór polski, gdyż orkiestra Filharmonii Szczecińskiej oprócz pieśni Karłowicza z Małgorzatą Walewską, wykonała również jego <i>Symfonię e-moll „Odrodzenie”</i> op. 7</p>
<p>Małgorzata Walewska rzadko zajmuje się pieśniowym repertuarem, a szkoda. Nasza operowa diva ma bowiem wszelkie dane do tego, aby iść w tym właśnie kierunku: bardzo dobrą dykcję, frapującą barwę głosu i zdolność do sugestywnego przekazywania uczuć. Trochę żałuję, że nie zdecydowała się zaśpiewać pieśni Karłowicza w oryginale – na głos i fortepian. Aranżacja orkiestrowa Piotra Mossa nie przypadła mi bowiem do gustu: za dużo w niej było patosu (dzwony koncertowe), konsonansowych harmonii i słodko brzmiących upiększeń, niczym gwiazdeczek spadających z nieba (dzwonki, trójkąt tremolo). Nie licowało mi to z romantyczną i młodopolską poezją, do której pisał swoje pieśni Karłowicz. Taki był jednak pomysł Małgorzaty Walewskiej i Rune Bergmanna, szefa Filharmonii Szczecińskiej (noszącej zresztą imię Mieczysława Karłowicza): nagrać te pieśni z udziałem orkiestry.</p>
<p>Usłyszeliśmy więc 17 spośród 29 pieśni Karłowicza: niektóre wyłącznie w wykonaniu orkiestry Filharmonii Szczecińskiej, a 11 z nich w interpretacji Małgorzaty Walewskiej. Orkiestra pod dyrekcją dobrego dyrygenta, jakim jest Bergmann, brzmiała ciekawie, z wyczuciem akompaniowała solistce, tylko w waltorniach pojawiło się zdecydowanie za dużo kiksów, zwłaszcza na zakończenie pieśni w rytmie walca <i>Z nową wiosną.</i> Sekcja waltorni poprawiła się jednak w tym miejscu, gdy Walewska i orkiestra wykonali <i>Z nową wiosną </i>na bis. Ponadto artystka wykonała na bis <i>Pamiętam ciche, jasne, złote </i>dnie op. 1 nr 5 do teksty Kazimierza Przerwy-Tetmajera.</p>
<p><b>Anna S. Dębowska</b></p>
<p><i>Poniedziałek, 15 kwietnia, godz. 19.30, Filharmonia Narodowa</i></p>

<p>W poniedziałek zabrzmiały pieśni polskie. Po Schubercie, Schumannie, Bergu, Mahlerze i Musorgskim przyszedł czas na Karłowicza, którego pieśni wykonała Małgorzata Walewska (mezzosopran). Małgorzata Walewska i orkiestra Filharmonii Szczecińskiej pod dyrekcją Rune Bergmanna, fot. Bruno Fidrych &nbsp; Był to w ogóle wieczór polski, gdyż orkiestra Filharmonii Szczecińskiej oprócz pieśni Karłowicza z Małgorzatą Walewską, wykonała również jego [&hellip;]</p>
