{"id":802,"date":"2019-04-17T10:28:51","date_gmt":"2019-04-17T08:28:51","guid":{"rendered":"http:\/\/beethoven.org.pl\/recenzje\/?page_id=802"},"modified":"2019-04-17T13:03:48","modified_gmt":"2019-04-17T11:03:48","slug":"wirtuozi-z-mediolanu","status":"publish","type":"page","link":"https:\/\/beethoven.org.pl\/recenzje\/wirtuozi-z-mediolanu\/","title":{"rendered":"Wirtuozi z Mediolanu"},"content":{"rendered":"<p>I Virtuosi del Teatro alla Scala z Mediolanu pod batut\u0105 Massimiliano Caldiego zaimponowali \u015bwietnym warsztatem i du\u017c\u0105 kultur\u0105 muzyczn\u0105. Bisowali <i>Trzema utworami w dawnym stylu <\/i>Krzysztofa Pendereckiego.<\/p>\n<p><img loading=\"lazy\" decoding=\"async\" class=\"alignnone  wp-image-805\" src=\"http:\/\/beethoven.org.pl\/recenzje\/wp-content\/uploads\/sites\/9\/2019\/04\/BF190416_8237-300x200.jpg\" alt=\"\" width=\"626\" height=\"417\" srcset=\"https:\/\/beethoven.org.pl\/recenzje\/wp-content\/uploads\/sites\/9\/2019\/04\/BF190416_8237-300x200.jpg 300w, https:\/\/beethoven.org.pl\/recenzje\/wp-content\/uploads\/sites\/9\/2019\/04\/BF190416_8237-768x512.jpg 768w, https:\/\/beethoven.org.pl\/recenzje\/wp-content\/uploads\/sites\/9\/2019\/04\/BF190416_8237-1024x683.jpg 1024w, https:\/\/beethoven.org.pl\/recenzje\/wp-content\/uploads\/sites\/9\/2019\/04\/BF190416_8237.jpg 1443w\" sizes=\"auto, (max-width: 626px) 100vw, 626px\" \/><\/p>\n<p>Orkiestr\u0105 z Mediolanu dyrygowa\u0142 mediola\u0144czyk Massimiliano Caldi, fot. Bruno Fidrych<\/p>\n<p>&nbsp;<\/p>\n<p>1.<\/p>\n<p>I Virtuosi to orkiestra kameralna. Po trzy pulpity w smyczkach, jeden kontrabas, pojedyncza obsada instrument\u00f3w d\u0119tych drewnianych i waltorni. Tworz\u0105 j\u0105 muzycy orkiestr Teatr alla Scala i Filarmonica della Scala, kt\u00f3rzy pragn\u0105 wsp\u00f3lnie muzykowa\u0107 i koncertowa\u0107.<\/p>\n<p>Massimiliano Caldi, zwyci\u0119zca Konkursu Dyrygenckiego im. Grzegorza Fitelberga w Katowicach (1999), pierwszy dyrygent Filharmonii Podkarpackiej w Rzeszowie, pochodzi z Mediolanu i \u2013 jak sam wczoraj powiedzia\u0142 publiczno\u015bci \u2013 to z powodu cz\u0119stych wizyt w La Scali zdecydowa\u0142 si\u0119 obra\u0107 zaw\u00f3d muzyka. Zesp\u00f3\u0142 i dyrygent \u015bwietnie si\u0119 \u201edogadali\u201d, tym bardziej, \u017ce w programie wtorkowego koncertu by\u0142a wy\u0142\u0105cznie muzyka w\u0142oska.<\/p>\n<p>2.<\/p>\n<p>Na pocz\u0105tek zabrzmia\u0142o <i>Preludium<\/i> do <i>Traviaty <\/i>Giuseppe Verdiego \u2013 same smyczki i wr\u0119cz odrealnione, lekkie jak mgie\u0142ka <i>piano pianissimo<\/i> pierwszych skrzypiec i wyra\u017anie zaznaczony kontrapunkt w pozosta\u0142ych instrumentach. Ma\u0142y pokaz mo\u017cliwo\u015bci. Wi\u0119cej temat\u00f3w z <i>Traviaty <\/i>us\u0142yszeli\u015bmy w <i>Fantazji <\/i>na jej temat op. 76 Giulio Briccialdiego, kompozytora wsp\u00f3\u0142czesnego Verdiemu. <i>Fantazj\u0119<\/i> opracowa\u0142 na flet solo i orkiestr\u0119 smyczkow\u0105 Marco Zoni, cz\u0142onek I Virtuosi del Teatro alla Scala, kt\u00f3ry po mistrzowsku wykona\u0142 parti\u0119 solow\u0105. I zn\u00f3w zwr\u00f3ci\u0142am uwag\u0119 na to, jak wyrafinowan\u0105 grup\u0119 muzyk\u00f3w stanowi\u0105 smyczki tej orkiestry \u2013 lekkie, aksamitne dotkni\u0119cie strun smyczkiem i jest brzmienie \u2013 <i>sotto voce<\/i>, w tle, odsuwaj\u0105c si\u0119 na dalszy plan, ale wci\u0105\u017c pi\u0119knym d\u017awi\u0119kiem. Zachowywali czujno\u015b\u0107 i potrafili bardzo plastycznie r\u00f3\u017cnicowa\u0107 prosty niekiedy akompaniament.<\/p>\n<p>3.<\/p>\n<p>\u015awietne rzemios\u0142o pokazali te\u017c w uwerturze do <i>Makbeta <\/i>Verdiego (opracowanie: Andrea Pecolo), w kt\u00f3rej do\u0142\u0105czy\u0142 podstawowy sk\u0142ad drzewa i blachy. Jak wspomnia\u0142am, jest to orkiestra kameralna, po kilka smyczk\u00f3w na sekcj\u0119 i jeden kontrabas, ale brzmia\u0142a w burzliwym, dramatyczny forte jak du\u017ca orkiestra. Po mistrzowsku pos\u0142ugiwa\u0142a si\u0119 synkopowanym rytmem i przesuni\u0119ciami warto\u015bci metrycznych w taktach do tworzenia specyficznej, \u201efaluj\u0105cej\u201d, \u201ew\u0142oskiej\u201d retoryki. Z kolei uwertura do <i>Jedwabnej drabinki <\/i>Gioacchino Rossiniego (tak\u017ce w opracowaniu Andrei Pecola) by\u0142a popisem wirtuozerii oboju i fletu, za\u015b smyczki pokaza\u0142y mistrzostwo w pos\u0142ugiwaniu si\u0119 artykulacj\u0105 i r\u00f3\u017cnymi rodzajami smyczkowania.<\/p>\n<p>4.<\/p>\n<p>Drug\u0105 cz\u0119\u015b\u0107 koncertu wype\u0142ni\u0142a muzyka Nino Roty, najpierw jednak koncertmistrz orkiestry Francesco Manara zamieni\u0142 si\u0119 w solist\u0119 i wykona\u0142 barokow\u0105 <i>Ciaccon\u0119 <\/i>na skrzypce i orkiestr\u0119 smyczkow\u0105 Tomaso Vitaliego (w opracowaniu Ottorino Respighiego). Je\u015bli chodzi o Nino Rot\u0119, muzycy z Mediolanu najpierw uraczyli publiczno\u015b\u0107 jego utworem <i>Concerto per archi<\/i>, p\u00f3\u017aniej za\u015b porywaj\u0105co wykonali ta\u0144ce z filmu <i>Lampart<\/i> Luchino Viscontiego. Wszystkie cechy ich gry, kt\u00f3re tak zachwyci\u0142y mnie w pierwszej cz\u0119\u015bci, w muzycy Roty jeszcze si\u0119 wyostrzy\u0142y \u2013 nie bez kozery nazywaj\u0105 siebie I Virtuosi.<\/p>\n<p>Na koniec Massimiliano Caldi wyg\u0142osi\u0142 kr\u00f3tk\u0105 mow\u0119 po angielsku, przypominaj\u0105c, \u017ce koncert odbywa si\u0119 z okazji 100-lecia nawi\u0105zania stosunk\u00f3w dyplomatycznych mi\u0119dzy Polsk\u0105 i W\u0142ochami. Pierwszy bis zadedykowa\u0142 obecnej na sali El\u017cbiecie Pendereckiej, dyrektor generalnej Wielkanocnego Festiwalu Ludwiga van Beethovena, i profesorowi Krzysztofowi Pendereckiemu: by\u0142y to <i>Trzy utwory w dawnym stylu <\/i>Pendereckiego, pok\u0142osie jego wsp\u00f3\u0142pracy z re\u017cyserem Wojciechem Jerzym Hasem przy <i>R\u0119kopisie znalezionym w Saragossie<\/i> (1964). Na drugi bis ponownie zabrzmia\u0142 <i>Galop<\/i> z <i>Lamparta<\/i> Viscontiego.<\/p>\n<p><b>Anna S. D\u0119bowska<\/b><\/p>\n<p><i>Wtorek, 16 kwietnia, godz. 19.30, Filharmonia Narodowa<\/i><\/p>","protected":false},"excerpt":{"rendered":"<p>I Virtuosi del Teatro alla Scala z Mediolanu pod batut\u0105 Massimiliano Caldiego zaimponowali \u015bwietnym warsztatem i du\u017c\u0105 kultur\u0105 muzyczn\u0105. Bisowali Trzema utworami w dawnym stylu Krzysztofa Pendereckiego. Orkiestr\u0105 z Mediolanu dyrygowa\u0142 mediola\u0144czyk Massimiliano Caldi, fot. Bruno Fidrych &nbsp; 1. I Virtuosi to orkiestra kameralna. Po trzy pulpity w smyczkach, jeden kontrabas, pojedyncza obsada instrument\u00f3w d\u0119tych [&hellip;]<\/p>\n","protected":false},"author":8,"featured_media":0,"parent":0,"menu_order":0,"comment_status":"closed","ping_status":"closed","template":"","meta":{"footnotes":""},"class_list":["post-802","page","type-page","status-publish","hentry"],"_links":{"self":[{"href":"https:\/\/beethoven.org.pl\/recenzje\/wp-json\/wp\/v2\/pages\/802","targetHints":{"allow":["GET"]}}],"collection":[{"href":"https:\/\/beethoven.org.pl\/recenzje\/wp-json\/wp\/v2\/pages"}],"about":[{"href":"https:\/\/beethoven.org.pl\/recenzje\/wp-json\/wp\/v2\/types\/page"}],"author":[{"embeddable":true,"href":"https:\/\/beethoven.org.pl\/recenzje\/wp-json\/wp\/v2\/users\/8"}],"replies":[{"embeddable":true,"href":"https:\/\/beethoven.org.pl\/recenzje\/wp-json\/wp\/v2\/comments?post=802"}],"version-history":[{"count":2,"href":"https:\/\/beethoven.org.pl\/recenzje\/wp-json\/wp\/v2\/pages\/802\/revisions"}],"predecessor-version":[{"id":806,"href":"https:\/\/beethoven.org.pl\/recenzje\/wp-json\/wp\/v2\/pages\/802\/revisions\/806"}],"wp:attachment":[{"href":"https:\/\/beethoven.org.pl\/recenzje\/wp-json\/wp\/v2\/media?parent=802"}],"curies":[{"name":"wp","href":"https:\/\/api.w.org\/{rel}","templated":true}]}}

<p>I Virtuosi del Teatro alla Scala z Mediolanu pod batutą Massimiliano Caldiego zaimponowali świetnym warsztatem i dużą kulturą muzyczną. Bisowali <i>Trzema utworami w dawnym stylu </i>Krzysztofa Pendereckiego.</p>
<p><img loading="lazy" decoding="async" class="alignnone  wp-image-805" src="http://beethoven.org.pl/recenzje/wp-content/uploads/sites/9/2019/04/BF190416_8237-300x200.jpg" alt="" width="626" height="417" srcset="https://beethoven.org.pl/recenzje/wp-content/uploads/sites/9/2019/04/BF190416_8237-300x200.jpg 300w, https://beethoven.org.pl/recenzje/wp-content/uploads/sites/9/2019/04/BF190416_8237-768x512.jpg 768w, https://beethoven.org.pl/recenzje/wp-content/uploads/sites/9/2019/04/BF190416_8237-1024x683.jpg 1024w, https://beethoven.org.pl/recenzje/wp-content/uploads/sites/9/2019/04/BF190416_8237.jpg 1443w" sizes="auto, (max-width: 626px) 100vw, 626px" /></p>
<p>Orkiestrą z Mediolanu dyrygował mediolańczyk Massimiliano Caldi, fot. Bruno Fidrych</p>
<p>&nbsp;</p>
<p>1.</p>
<p>I Virtuosi to orkiestra kameralna. Po trzy pulpity w smyczkach, jeden kontrabas, pojedyncza obsada instrumentów dętych drewnianych i waltorni. Tworzą ją muzycy orkiestr Teatr alla Scala i Filarmonica della Scala, którzy pragną wspólnie muzykować i koncertować.</p>
<p>Massimiliano Caldi, zwycięzca Konkursu Dyrygenckiego im. Grzegorza Fitelberga w Katowicach (1999), pierwszy dyrygent Filharmonii Podkarpackiej w Rzeszowie, pochodzi z Mediolanu i – jak sam wczoraj powiedział publiczności – to z powodu częstych wizyt w La Scali zdecydował się obrać zawód muzyka. Zespół i dyrygent świetnie się „dogadali”, tym bardziej, że w programie wtorkowego koncertu była wyłącznie muzyka włoska.</p>
<p>2.</p>
<p>Na początek zabrzmiało <i>Preludium</i> do <i>Traviaty </i>Giuseppe Verdiego – same smyczki i wręcz odrealnione, lekkie jak mgiełka <i>piano pianissimo</i> pierwszych skrzypiec i wyraźnie zaznaczony kontrapunkt w pozostałych instrumentach. Mały pokaz możliwości. Więcej tematów z <i>Traviaty </i>usłyszeliśmy w <i>Fantazji </i>na jej temat op. 76 Giulio Briccialdiego, kompozytora współczesnego Verdiemu. <i>Fantazję</i> opracował na flet solo i orkiestrę smyczkową Marco Zoni, członek I Virtuosi del Teatro alla Scala, który po mistrzowsku wykonał partię solową. I znów zwróciłam uwagę na to, jak wyrafinowaną grupę muzyków stanowią smyczki tej orkiestry – lekkie, aksamitne dotknięcie strun smyczkiem i jest brzmienie – <i>sotto voce</i>, w tle, odsuwając się na dalszy plan, ale wciąż pięknym dźwiękiem. Zachowywali czujność i potrafili bardzo plastycznie różnicować prosty niekiedy akompaniament.</p>
<p>3.</p>
<p>Świetne rzemiosło pokazali też w uwerturze do <i>Makbeta </i>Verdiego (opracowanie: Andrea Pecolo), w której dołączył podstawowy skład drzewa i blachy. Jak wspomniałam, jest to orkiestra kameralna, po kilka smyczków na sekcję i jeden kontrabas, ale brzmiała w burzliwym, dramatyczny forte jak duża orkiestra. Po mistrzowsku posługiwała się synkopowanym rytmem i przesunięciami wartości metrycznych w taktach do tworzenia specyficznej, „falującej”, „włoskiej” retoryki. Z kolei uwertura do <i>Jedwabnej drabinki </i>Gioacchino Rossiniego (także w opracowaniu Andrei Pecola) była popisem wirtuozerii oboju i fletu, zaś smyczki pokazały mistrzostwo w posługiwaniu się artykulacją i różnymi rodzajami smyczkowania.</p>
<p>4.</p>
<p>Drugą część koncertu wypełniła muzyka Nino Roty, najpierw jednak koncertmistrz orkiestry Francesco Manara zamienił się w solistę i wykonał barokową <i>Ciacconę </i>na skrzypce i orkiestrę smyczkową Tomaso Vitaliego (w opracowaniu Ottorino Respighiego). Jeśli chodzi o Nino Rotę, muzycy z Mediolanu najpierw uraczyli publiczność jego utworem <i>Concerto per archi</i>, później zaś porywająco wykonali tańce z filmu <i>Lampart</i> Luchino Viscontiego. Wszystkie cechy ich gry, które tak zachwyciły mnie w pierwszej części, w muzycy Roty jeszcze się wyostrzyły – nie bez kozery nazywają siebie I Virtuosi.</p>
<p>Na koniec Massimiliano Caldi wygłosił krótką mowę po angielsku, przypominając, że koncert odbywa się z okazji 100-lecia nawiązania stosunków dyplomatycznych między Polską i Włochami. Pierwszy bis zadedykował obecnej na sali Elżbiecie Pendereckiej, dyrektor generalnej Wielkanocnego Festiwalu Ludwiga van Beethovena, i profesorowi Krzysztofowi Pendereckiemu: były to <i>Trzy utwory w dawnym stylu </i>Pendereckiego, pokłosie jego współpracy z reżyserem Wojciechem Jerzym Hasem przy <i>Rękopisie znalezionym w Saragossie</i> (1964). Na drugi bis ponownie zabrzmiał <i>Galop</i> z <i>Lamparta</i> Viscontiego.</p>
<p><b>Anna S. Dębowska</b></p>
<p><i>Wtorek, 16 kwietnia, godz. 19.30, Filharmonia Narodowa</i></p>

<p>I Virtuosi del Teatro alla Scala z Mediolanu pod batutą Massimiliano Caldiego zaimponowali świetnym warsztatem i dużą kulturą muzyczną. Bisowali Trzema utworami w dawnym stylu Krzysztofa Pendereckiego. Orkiestrą z Mediolanu dyrygował mediolańczyk Massimiliano Caldi, fot. Bruno Fidrych &nbsp; 1. I Virtuosi to orkiestra kameralna. Po trzy pulpity w smyczkach, jeden kontrabas, pojedyncza obsada instrumentów dętych [&hellip;]</p>
