{"id":702,"date":"2018-11-20T22:16:34","date_gmt":"2018-11-20T21:16:34","guid":{"rendered":"http:\/\/beethoven.org.pl\/recenzje\/?page_id=702"},"modified":"2018-11-20T22:16:44","modified_gmt":"2018-11-20T21:16:44","slug":"credo-i-hymny","status":"publish","type":"page","link":"https:\/\/beethoven.org.pl\/recenzje\/credo-i-hymny\/","title":{"rendered":"\u201eCredo\u201d i hymny"},"content":{"rendered":"<p><\/p>\n<p class=\"p1\">Wielkie wra\u017cenie zrobi\u0142o na s\u0142uchaczach <i>Credo<\/i> Krzysztofa Pendereckiego i fina\u0142owe, trzykrotnie powt\u00f3rzone przez wszystkich wykonawc\u00f3w s\u0142owo <i>Amen<\/i>, piecz\u0119tuj\u0105ce wyznanie wiary w jednym z najbardziej wyj\u0105tkowych dzie\u0142 sakralnych ko\u0144ca XX wieku.<\/p>\n<p>&nbsp;<\/p>\n<p>1.<\/p>\n<p class=\"p1\">Muzyka inspirowana religi\u0105 to poka\u017ana cz\u0119\u015b\u0107 dorobku tw\u00f3rcy<i> Pasji wed\u0142ug \u015bw. \u0141ukasza<\/i> i <i>Jutrzni<\/i>. Jej w\u0142a\u015bnie po\u015bwi\u0119cony by\u0142 wtorkowy koncert w Filharmonii Narodowej. Aby zaprezentowa\u0107 <i>Credo<\/i>, Stowarzyszenie im. Ludwiga van Beethovena, organizator Festiwalu Krzysztofa Pendereckiego, zatrudni\u0142o pot\u0119\u017cny aparat wykonawc\u00f3w, kt\u00f3rym zadyrygowa\u0142 chilijski dyrygent Maximiano Vald<span class=\"s1\">\u00e9s<\/span>. To pi\u0119cioro solist\u00f3w (Iwona Hossa \u2013 sopran I, Karolina Sikora \u2013 sopran II, Anna Luba\u0144ska \u2013 alt, Adam Zdunikowski \u2013 tenor, Wojtek Gierlach \u2013 bas), dwa ch\u00f3ry mieszane (Ch\u00f3r Opery i Filharmonii Podlaskiej w Bia\u0142ymstoku, Ch\u00f3r Filharmonii im. Karola Szymanowskiego w Krakowie) i Warszawski Ch\u00f3r Ch\u0142opi\u0119cy oraz Polsk\u0105 Orkiestr\u0119 Radiow\u0105. Wra\u017cenie niezwyk\u0142e, nie tylko ze wzgl\u0119du na rozmiar si\u0142 wykonawczych, ale przede wszystkim na pi\u0119kno i moc tw\u00f3rczego natchnienia, kt\u00f3rej zawdzi\u0119czamy <i>Credo<\/i>. Pocz\u0105tkowo Krzysztof Penderecki rozwa\u017ca\u0142 napisanie mszy. Takie otrzyma\u0142 zam\u00f3wienie od organizator\u00f3w Festiwalu Bachowskiego w Oregonie. Naszkicowa\u0142 nawet pi\u0119\u0107 cz\u0119\u015bci, ostatecznie jednak poch\u0142on\u0119\u0142a go ca\u0142kowicie praca nad <i>Credo<\/i>, kt\u00f3re rozros\u0142o si\u0119 do rozmiar\u00f3w o\u015bmiocz\u0119\u015bciowej kantaty.<\/p>\n<p>2.<\/p>\n<p class=\"p3\"><span class=\"s2\">Vald<\/span>\u00e9s zadyrygowa\u0142 tym dzie\u0142em bardzo z rozmachem, ukazuj\u0105c jak pot\u0119\u017cna jest to architektura d\u017awi\u0119kowa i na jak szerokim planie jest ono rozrysowane. Pierwsza cz\u0119\u015b\u0107, w kt\u00f3rej padaj\u0105 s\u0142owa wyznania wiary <i>Credo in unum Deum <\/i>s\u0105 w stanie poruszy\u0107 serca wierz\u0105cych i niewierz\u0105cych, bo jest to r\u00f3wnie\u017c wyznanie wiary w muzyk\u0119 \u2013 uroczysty pocz\u0105tek <i>Creda<\/i> ma w sobie co\u015b z ducha <i>Missa solemnis<\/i> Beethovena. \u017ba\u0142obne <i>Crucifixus est <\/i>wy\u015bpiewuje alt \u2013 do tego fragmentu, kt\u00f3ry jest nabrzmia\u0142ym b\u00f3lem, emocjonalnym centrum utworu dobrze pasowa\u0142 mocny, nacechowany ciemnymi barwami alt Anny Luba\u0144skiej (i nie mia\u0142o znaczenia kilka potkni\u0119\u0107 intonacyjnych). Z moc\u0105 \u015bpiewa\u0142 Wojtek Gierlach (<i>Credo in unum Deum<\/i>, <i>Crucifixus est<\/i>), ekspresyjnie brzmia\u0142y oba soprany, zw\u0142aszcza Iwona Hossa, kt\u00f3ra pewnie przesz\u0142a przez wzburzone melizmaty z tekstem hymnu <i>Pange lingua<\/i>. Najbardziej poruszaj\u0105cy moment: gdy z lewego balkonu nad estrad\u0105 odezwa\u0142 si\u0119 Warszawski Ch\u00f3r Ch\u0142opi\u0119cy <i>Kt\u00f3ry\u015b za nas cierpia\u0142 rany. <\/i>Te niemal anielskie g\u0142osy odzywaj\u0105ce si\u0119 po polsku w samym \u015brodku \u0142aci\u0144skiego tekstu, to znakomity zabieg dramaturgiczny, jakby naturalne przej\u015bcie na j\u0119zyk prostoty \u2013 j\u0119zyk ludu, a nie liturgii \u2013 w wyra\u017caniu b\u00f3lu i \u017calu.<\/p>\n<p>3.<\/p>\n<p class=\"p3\">Zanim zabrzmia\u0142o <i>Credo<\/i>, us\u0142yszeli\u015bmy dwa hymny, kt\u00f3re Krzysztof Penderecki skomponowa\u0142 w 1997 roku na urodziny dw\u00f3ch miast: na 1000-lecie Gda\u0144ska (<i>Hymn do \u015bw. Wojciecha<\/i>) i 850 lat Moskwy (<i>Hymn do \u015bw. Danii\u0142a<\/i>). Oba utwory napisa\u0142 na ch\u00f3r mieszany i instrumenty d\u0119te, cho\u0107 w <i>Hymnie do \u015bw. Danii\u0142a<\/i> pojawiaj\u0105 si\u0119 r\u00f3wnie\u017c kontrabasy. Jednak najwa\u017cniejsza rola przypada ch\u00f3rowi. W obu przypadkach wykonawc\u0105 by\u0142 Ch\u00f3r Opery i Filharmonii Podlaskiej w Bia\u0142ymstoku pod dyrekcj\u0105 Dawida Runtza. To ten sam 26-letni dyrygent, wychowanej Antoniego Wita i pierwszy dyrygent Polskiej Opery Kr\u00f3lewskiej, kt\u00f3ry dyrygowa\u0142 <i>Polonezem dla Niepodleg\u0142ej <\/i>na rozpocz\u0119cie Festiwalu Pendereckiego. W marcu tego roku debiutowa\u0142 na Wielkanocym Festiwalu Ludwiga van Beethovena w Warszawie, dyryguj\u0105c utworem Leonarda Bernsteina <i>Chichester Psalms<\/i> na g\u0142os ch\u0142opi\u0119cy, ch\u00f3r i orkiestr\u0119. Ma dobr\u0105 r\u0119k\u0119 do ch\u00f3r\u00f3w, co potwierdzi\u0142o si\u0119 r\u00f3wnie\u017c w przypadku obu hymn\u00f3w, zw\u0142aszcza <i>Do \u015bw. Danii\u0142a<\/i>, w kt\u00f3rym dyrygent osi\u0105gn\u0105\u0142 zapisane w partyturze wielkie crescendo, narastaj\u0105ce do ostatnich takt\u00f3w utworu. Pokaza\u0142 te\u017c pi\u0119kno prawos\u0142awnej wielog\u0142osowo\u015bci, melodyjno\u015b\u0107 fraz, kt\u00f3re Penderecki napisa\u0142 do tekstu w j\u0119zyku staro-cerkiewno-s\u0142owia\u0144skim, tajemniczy nastr\u00f3j w przeczuciu hierofanii tworzony u progu fina\u0142u przez g\u0142\u0119boko brzmi\u0105ce basy i d\u017awi\u0119k dzwon\u00f3w cerkiewnych (sekcja instrument\u00f3w perkusyjnych bardzo rozbudowana, jak zawsze w muzyce Krzysztofa Pendereckiego).<\/p>\n<p class=\"p3\"><b>Anna S. D\u0119bowska<\/b><\/p>\n<p class=\"p3\"><i>Wtorek, 20 listopada 2018 roku, godz. 19.30, Filharmonia Narodowa w Warszawie<\/i><\/p>\n<p>&nbsp;<\/p>","protected":false},"excerpt":{"rendered":"<p>Wielkie wra\u017cenie zrobi\u0142o na s\u0142uchaczach Credo Krzysztofa Pendereckiego i fina\u0142owe, trzykrotnie powt\u00f3rzone przez wszystkich wykonawc\u00f3w s\u0142owo Amen, piecz\u0119tuj\u0105ce wyznanie wiary w jednym z najbardziej wyj\u0105tkowych dzie\u0142 sakralnych ko\u0144ca XX wieku. &nbsp; 1. Muzyka inspirowana religi\u0105 to poka\u017ana cz\u0119\u015b\u0107 dorobku tw\u00f3rcy Pasji wed\u0142ug \u015bw. \u0141ukasza i Jutrzni. Jej w\u0142a\u015bnie po\u015bwi\u0119cony by\u0142 wtorkowy koncert w Filharmonii Narodowej. [&hellip;]<\/p>\n","protected":false},"author":8,"featured_media":0,"parent":0,"menu_order":0,"comment_status":"closed","ping_status":"closed","template":"","meta":{"footnotes":""},"class_list":["post-702","page","type-page","status-publish","hentry"],"_links":{"self":[{"href":"https:\/\/beethoven.org.pl\/recenzje\/wp-json\/wp\/v2\/pages\/702","targetHints":{"allow":["GET"]}}],"collection":[{"href":"https:\/\/beethoven.org.pl\/recenzje\/wp-json\/wp\/v2\/pages"}],"about":[{"href":"https:\/\/beethoven.org.pl\/recenzje\/wp-json\/wp\/v2\/types\/page"}],"author":[{"embeddable":true,"href":"https:\/\/beethoven.org.pl\/recenzje\/wp-json\/wp\/v2\/users\/8"}],"replies":[{"embeddable":true,"href":"https:\/\/beethoven.org.pl\/recenzje\/wp-json\/wp\/v2\/comments?post=702"}],"version-history":[{"count":2,"href":"https:\/\/beethoven.org.pl\/recenzje\/wp-json\/wp\/v2\/pages\/702\/revisions"}],"predecessor-version":[{"id":704,"href":"https:\/\/beethoven.org.pl\/recenzje\/wp-json\/wp\/v2\/pages\/702\/revisions\/704"}],"wp:attachment":[{"href":"https:\/\/beethoven.org.pl\/recenzje\/wp-json\/wp\/v2\/media?parent=702"}],"curies":[{"name":"wp","href":"https:\/\/api.w.org\/{rel}","templated":true}]}}

<p></p>
<p class="p1">Wielkie wrażenie zrobiło na słuchaczach <i>Credo</i> Krzysztofa Pendereckiego i finałowe, trzykrotnie powtórzone przez wszystkich wykonawców słowo <i>Amen</i>, pieczętujące wyznanie wiary w jednym z najbardziej wyjątkowych dzieł sakralnych końca XX wieku.</p>
<p>&nbsp;</p>
<p>1.</p>
<p class="p1">Muzyka inspirowana religią to pokaźna część dorobku twórcy<i> Pasji według św. Łukasza</i> i <i>Jutrzni</i>. Jej właśnie poświęcony był wtorkowy koncert w Filharmonii Narodowej. Aby zaprezentować <i>Credo</i>, Stowarzyszenie im. Ludwiga van Beethovena, organizator Festiwalu Krzysztofa Pendereckiego, zatrudniło potężny aparat wykonawców, którym zadyrygował chilijski dyrygent Maximiano Vald<span class="s1">és</span>. To pięcioro solistów (Iwona Hossa – sopran I, Karolina Sikora – sopran II, Anna Lubańska – alt, Adam Zdunikowski – tenor, Wojtek Gierlach – bas), dwa chóry mieszane (Chór Opery i Filharmonii Podlaskiej w Białymstoku, Chór Filharmonii im. Karola Szymanowskiego w Krakowie) i Warszawski Chór Chłopięcy oraz Polską Orkiestrę Radiową. Wrażenie niezwykłe, nie tylko ze względu na rozmiar sił wykonawczych, ale przede wszystkim na piękno i moc twórczego natchnienia, której zawdzięczamy <i>Credo</i>. Początkowo Krzysztof Penderecki rozważał napisanie mszy. Takie otrzymał zamówienie od organizatorów Festiwalu Bachowskiego w Oregonie. Naszkicował nawet pięć części, ostatecznie jednak pochłonęła go całkowicie praca nad <i>Credo</i>, które rozrosło się do rozmiarów ośmioczęściowej kantaty.</p>
<p>2.</p>
<p class="p3"><span class="s2">Vald</span>és zadyrygował tym dziełem bardzo z rozmachem, ukazując jak potężna jest to architektura dźwiękowa i na jak szerokim planie jest ono rozrysowane. Pierwsza część, w której padają słowa wyznania wiary <i>Credo in unum Deum </i>są w stanie poruszyć serca wierzących i niewierzących, bo jest to również wyznanie wiary w muzykę – uroczysty początek <i>Creda</i> ma w sobie coś z ducha <i>Missa solemnis</i> Beethovena. Żałobne <i>Crucifixus est </i>wyśpiewuje alt – do tego fragmentu, który jest nabrzmiałym bólem, emocjonalnym centrum utworu dobrze pasował mocny, nacechowany ciemnymi barwami alt Anny Lubańskiej (i nie miało znaczenia kilka potknięć intonacyjnych). Z mocą śpiewał Wojtek Gierlach (<i>Credo in unum Deum</i>, <i>Crucifixus est</i>), ekspresyjnie brzmiały oba soprany, zwłaszcza Iwona Hossa, która pewnie przeszła przez wzburzone melizmaty z tekstem hymnu <i>Pange lingua</i>. Najbardziej poruszający moment: gdy z lewego balkonu nad estradą odezwał się Warszawski Chór Chłopięcy <i>Któryś za nas cierpiał rany. </i>Te niemal anielskie głosy odzywające się po polsku w samym środku łacińskiego tekstu, to znakomity zabieg dramaturgiczny, jakby naturalne przejście na język prostoty – język ludu, a nie liturgii – w wyrażaniu bólu i żalu.</p>
<p>3.</p>
<p class="p3">Zanim zabrzmiało <i>Credo</i>, usłyszeliśmy dwa hymny, które Krzysztof Penderecki skomponował w 1997 roku na urodziny dwóch miast: na 1000-lecie Gdańska (<i>Hymn do św. Wojciecha</i>) i 850 lat Moskwy (<i>Hymn do św. Daniiła</i>). Oba utwory napisał na chór mieszany i instrumenty dęte, choć w <i>Hymnie do św. Daniiła</i> pojawiają się również kontrabasy. Jednak najważniejsza rola przypada chórowi. W obu przypadkach wykonawcą był Chór Opery i Filharmonii Podlaskiej w Białymstoku pod dyrekcją Dawida Runtza. To ten sam 26-letni dyrygent, wychowanej Antoniego Wita i pierwszy dyrygent Polskiej Opery Królewskiej, który dyrygował <i>Polonezem dla Niepodległej </i>na rozpoczęcie Festiwalu Pendereckiego. W marcu tego roku debiutował na Wielkanocym Festiwalu Ludwiga van Beethovena w Warszawie, dyrygując utworem Leonarda Bernsteina <i>Chichester Psalms</i> na głos chłopięcy, chór i orkiestrę. Ma dobrą rękę do chórów, co potwierdziło się również w przypadku obu hymnów, zwłaszcza <i>Do św. Daniiła</i>, w którym dyrygent osiągnął zapisane w partyturze wielkie crescendo, narastające do ostatnich taktów utworu. Pokazał też piękno prawosławnej wielogłosowości, melodyjność fraz, które Penderecki napisał do tekstu w języku staro-cerkiewno-słowiańskim, tajemniczy nastrój w przeczuciu hierofanii tworzony u progu finału przez głęboko brzmiące basy i dźwięk dzwonów cerkiewnych (sekcja instrumentów perkusyjnych bardzo rozbudowana, jak zawsze w muzyce Krzysztofa Pendereckiego).</p>
<p class="p3"><b>Anna S. Dębowska</b></p>
<p class="p3"><i>Wtorek, 20 listopada 2018 roku, godz. 19.30, Filharmonia Narodowa w Warszawie</i></p>
<p>&nbsp;</p>

<p>Wielkie wrażenie zrobiło na słuchaczach Credo Krzysztofa Pendereckiego i finałowe, trzykrotnie powtórzone przez wszystkich wykonawców słowo Amen, pieczętujące wyznanie wiary w jednym z najbardziej wyjątkowych dzieł sakralnych końca XX wieku. &nbsp; 1. Muzyka inspirowana religią to pokaźna część dorobku twórcy Pasji według św. Łukasza i Jutrzni. Jej właśnie poświęcony był wtorkowy koncert w Filharmonii Narodowej. [&hellip;]</p>
