{"id":675,"date":"2018-10-02T11:52:35","date_gmt":"2018-10-02T09:52:35","guid":{"rendered":"http:\/\/beethoven.org.pl\/recenzje\/?page_id=675"},"modified":"2018-10-02T11:55:30","modified_gmt":"2018-10-02T09:55:30","slug":"michal-klubinski-beethoven-magazine-krzysztof-ksiazek-chopin-piano-works-dux","status":"publish","type":"page","link":"https:\/\/beethoven.org.pl\/recenzje\/michal-klubinski-beethoven-magazine-krzysztof-ksiazek-chopin-piano-works-dux\/","title":{"rendered":"Micha\u0142 Klubi\u0144ski, Beethoven Magazine &#8211; &#8222;Krzysztof Ksi\u0105\u017cek, Chopin Piano Works, DUX&#8221;"},"content":{"rendered":"<p>Monograficzna p\u0142yta 26-letniego Krzysztofa Ksi\u0105\u017cka przynosi reminiscencj\u0119 niezwykle bogatej oso\u00adbowo\u015bci artysty, kt\u00f3ry wszed\u0142 w elitarny i nierzadko proroczy kr\u0105g wielkich niedocenionych Kon\u00adkursu Chopinowskiego. S\u0142uchaj\u0105c tego albumu, obcujemy z wszystkimi najwa\u017cniejszymi cechami jego stylu. Arystokratyzm wyrazu i pow\u015bci\u0105gliwo\u015b\u0107 \u015brodk\u00f3w \u0142\u0105cz\u0105 si\u0119 cz\u0119sto u tego artysty z ekspre\u00adsyjn\u0105 natur\u0105, a narracyjna zmienno\u015b\u0107 uj\u0119ta jest w karby solidnej dyscypliny i klarownej, jakby post\u00adklasycznej retoryki. W przeciwie\u0144stwie jednak do wielu chopinowskich debiutant\u00f3w p\u0142yta Ksi\u0105\u017cka jest dzie\u0142em dojrza\u0142ego i spe\u0142nionego artysty, kt\u00f3ry dziedziczy to, co w polskim stylu chopinistyki bylo zawsze najwa\u017cniejsze: szlachetny wyraz, monumentalizm i zawoalowany przekaz.<\/p>\n<p>P\u0142yta ma wyrazist\u0105 narracj\u0119 opart\u0105 na przeplataniu si\u0119 form dramatycznych z formami lirycznymi. Dominuj\u0105 tu utwory z najbardziej esencjonalnego dla stylu chopinowskiego okresu Nohant (tylko dwa opusy pochodz\u0105 z okresu wiede\u0144skiego i wiede\u0144sko-warszawskiego). Dodatkowo album ma ciekaw\u0105 klamr\u0119 w postaci mazurk\u00f3w z wczesnego opusu (cztery pierwsze mazurki z op. 7) oraz p\u00f3\u017anego <strong><em>Poloneza fis-moll <\/em><\/strong>op. 44 z wkomponowanym we\u0144 mazurkiem.<\/p>\n<p>Przys\u0142uchuj\u0105c si\u0119 mazurkom z op. 7, warto zwr\u00f3ci\u0107 uwag\u0119 na ich subteln\u0105 pow\u015bci\u0105gliwo\u015b\u0107 i suro\u00adwo\u015b\u0107 fundowan\u0105 na delikatnej \u2022transpozycji wzorca ludowego. Pedalizacja jest klarowna, d\u017awi\u0119k prowadzony alikwotowo, a w lewej r\u0119ce pianista cz\u0119sto eksponuje burdon, sugestywnie \u2014 na spo\u00ads\u00f3b ludowy \u2014 przesuwaj\u0105c akcent. Tego typu rozpi\u0119cie \u2014 pomi\u0119dzy ludowym autentykiem a jego delikatnym salonowym przetworzeniem (przy pelnym zr\u00f3\u017cnicowaniu odcink\u00f3w mazurkowych, kujawiakowych i oberkowych) \u2014 i budowanie narracji z kr\u00f3tkich, bardzo zr\u00f3\u017cnicowanych i za\u00admkni\u0119tych odcink\u00f3w daj\u0105 poczucie, \u017ce artysta mimowolnie odwo\u0142uje si\u0119 do stylu interpretacji Henryka Sztompki. W opusie 50 nastr\u00f3j lekko si\u0119 zmienia, d\u017awi\u0119k bardziej si\u0119 nasyca, pianista dba r\u00f3wnie\u017c o \u015bciszone i d\u0142ugo wybrzmiewaj\u0105ce zako\u0144czenia fraz. Zachwycamy si\u0119 onirycznie poda\u00adnym tematem <strong><em>Mazurka cis-moll, <\/em><\/strong>kt\u00f3ry brzmi jakby by\u0142 grany na harfie.<\/p>\n<p>Wspomnian\u0105 dwuznaczno\u015b\u0107 wyrazu artysta osi\u0105ga w <strong><em>Scherzu h-moll, <\/em><\/strong>w kt\u00f3rym udaje mu si\u0119 w nie\u00adbywa\u0142y spos\u00f3b zbudowa\u0107 r\u00f3wnowag\u0119 pomi\u0119dzy p\u0119dem, ironi\u0105 a demonicznym wyrazem. Do\u00adskona\u0142ym pomys\u0142em na wprowadzenie w drug\u0105, kulminacyjn\u0105 cz\u0119\u015b\u0107 p\u0142yty jest <strong><em>Preludium cis-moll <\/em><\/strong>op. 45 zagrane w poetyce lirycznego nokturnu z wyra\u017anymi cezurami mi\u0119dzy cz\u0119\u015bciami i g\u0142uchym zako\u0144czeniem. W tanecznym intermezzu \u2014 <strong><em>Walcu As-dur <\/em><\/strong>op 42 \u2014 kokieteryjny temat wspiera si\u0119 na pi\u0119knym, selektywnym <strong><em>touche. <\/em><\/strong>Szkoda tylko, \u017ce w <strong><em>Fantazji f-moll <\/em><\/strong>op. 49 oraz zamykaj\u0105cym p\u0142yt\u0119 <strong><em>Polonezie fis-moll <\/em><\/strong>ten rodzaj dramaturgii starcza tylko na figuracje \u2014 obu utworom brakuje zama\u00adszysto\u015bci i demonicznego wyrazu. To jednak nivanse, mniej istotne wobec warto\u015bci ca\u0142ej p\u0142yty, niezwykle sugestywnej, godz\u0105cej \u017cywio\u0142owo\u015b\u0107 i umiar, kt\u00f3ra dowodzi wysokiej pr\u00f3by talentu Krzysztofa Ksi\u0105\u017cka.<\/p>\n<p style=\"text-align: right\">Krzysztof Ksi\u0105\u017cek, Chopin Piano Works, DUX<\/p>\n<table width=\"633\">\n<tbody>\n<tr>\n<td>\n<p style=\"text-align: right\"><strong>\u00a0<\/strong><\/p>\n<\/td>\n<\/tr>\n<\/tbody>\n<\/table>\n<p><\/p>","protected":false},"excerpt":{"rendered":"<p>Monograficzna p\u0142yta 26-letniego Krzysztofa Ksi\u0105\u017cka przynosi reminiscencj\u0119 niezwykle bogatej oso\u00adbowo\u015bci artysty, kt\u00f3ry wszed\u0142 w elitarny i nierzadko proroczy kr\u0105g wielkich niedocenionych Kon\u00adkursu Chopinowskiego. S\u0142uchaj\u0105c tego albumu, obcujemy z wszystkimi najwa\u017cniejszymi cechami jego stylu. Arystokratyzm wyrazu i pow\u015bci\u0105gliwo\u015b\u0107 \u015brodk\u00f3w \u0142\u0105cz\u0105 si\u0119 cz\u0119sto u tego artysty z ekspre\u00adsyjn\u0105 natur\u0105, a narracyjna zmienno\u015b\u0107 uj\u0119ta jest w karby solidnej [&hellip;]<\/p>\n","protected":false},"author":2,"featured_media":0,"parent":0,"menu_order":0,"comment_status":"closed","ping_status":"closed","template":"","meta":{"footnotes":""},"class_list":["post-675","page","type-page","status-publish","hentry"],"_links":{"self":[{"href":"https:\/\/beethoven.org.pl\/recenzje\/wp-json\/wp\/v2\/pages\/675","targetHints":{"allow":["GET"]}}],"collection":[{"href":"https:\/\/beethoven.org.pl\/recenzje\/wp-json\/wp\/v2\/pages"}],"about":[{"href":"https:\/\/beethoven.org.pl\/recenzje\/wp-json\/wp\/v2\/types\/page"}],"author":[{"embeddable":true,"href":"https:\/\/beethoven.org.pl\/recenzje\/wp-json\/wp\/v2\/users\/2"}],"replies":[{"embeddable":true,"href":"https:\/\/beethoven.org.pl\/recenzje\/wp-json\/wp\/v2\/comments?post=675"}],"version-history":[{"count":1,"href":"https:\/\/beethoven.org.pl\/recenzje\/wp-json\/wp\/v2\/pages\/675\/revisions"}],"predecessor-version":[{"id":676,"href":"https:\/\/beethoven.org.pl\/recenzje\/wp-json\/wp\/v2\/pages\/675\/revisions\/676"}],"wp:attachment":[{"href":"https:\/\/beethoven.org.pl\/recenzje\/wp-json\/wp\/v2\/media?parent=675"}],"curies":[{"name":"wp","href":"https:\/\/api.w.org\/{rel}","templated":true}]}}