{"id":664,"date":"2018-05-14T13:24:22","date_gmt":"2018-05-14T11:24:22","guid":{"rendered":"http:\/\/beethoven.org.pl\/recenzje\/?page_id=664"},"modified":"2018-05-14T13:24:22","modified_gmt":"2018-05-14T11:24:22","slug":"zakonczyl-sie-22-wielkanocny-festiwal-ludwiga-van-beethovena","status":"publish","type":"page","link":"https:\/\/beethoven.org.pl\/recenzje\/zakonczyl-sie-22-wielkanocny-festiwal-ludwiga-van-beethovena\/","title":{"rendered":"Zako\u0144czy\u0142 si\u0119 22. Wielkanocny Festiwal Ludwiga van Beethovena"},"content":{"rendered":"<p>Ponad 100 tysi\u0119cy s\u0142uchaczy w ca\u0142ej Polsce, 18 koncert\u00f3w w Warszawie i 12 w innych miastach, entuzjastycznie oklaskiwane gwiazdy z Krystianem Zimermanem, Anne-Sohie Mutter i Krzysztofem Pendereckim \u2013 w pi\u0105tek zako\u0144czy\u0142 si\u0119 22. Wielkanocny Festiwal Ludwiga van Beethovena.<\/p>\n<p>W organizacj\u0119 festiwalu zaanga\u017cowa\u0142y si\u0119 najwi\u0119ksze polskie instytucje: NOSPR, Narodowe Forum Muzyki, Filharmonia Narodowa, ICE Krak\u00f3w, Centrum Spotkania Kultur w Lublinie i Filharmonia w Szczecinie.<\/p>\n<p>Festiwal odby\u0142 si\u0119 pod honorowym patronatem Prezydenta Rzeczypospolitej Polskiej Andrzeja Dudy. Organizatorem Festiwalu jest Stowarzyszenia im. Ludwiga van Beethovena powo\u0142ane w 2003 roku w Krakowie. Pomys\u0142odawc\u0105 i za\u0142o\u017cycielem instytucji jest El\u017cbieta Penderecka.<\/p>\n<p>Jak podkre\u015blaj\u0105 organizatorzy, Festiwal obfitowa\u0142 w niezapomniane koncerty. Wybitny pianista Krystian Zimerman przedstawi\u0142 poetyck\u0105 i \u017cywio\u0142ow\u0105 interpretacj\u0119 II Symfonii \u201eThe Age of Anxiety\u201d na fortepian i orkiestr\u0119 Leonarda Bernsteina. Niemiecka skrzypaczka Anne-Sophie Mutter podbi\u0142a serca s\u0142uchaczy Koncertem skrzypcowym D-dur Ludwiga van Beethovena, natomiast w Wielki Czwartek ameryka\u0144ski dyrygent Leonard Slatkin poprowadzi\u0142 z II Symfoni\u0119 \u201eZmartwychwstanie\u201d Gustava Mahlera \u2013 wielkie misterium \u015bmierci i nadziei.<\/p>\n<p>Do wydarze\u0144 nale\u017ca\u0142 te\u017c wyst\u0119p Junge Deutsche Philharmonie pod dyrekcj\u0105 Davida Afkhama w \u201eSymfonii fantastycznej\u201d Hectora Berlioza. Orkiestra Symfoniczna Filharmonii Pozna\u0144skiej pod dyrekcj\u0105 \u0141ukasza Borowicza pokaza\u0142a swoj\u0105 maestri\u0119 w utworach Niko\u0142aja Rimskiego-Korsakowa, za\u015b Szymanowski Quartet zadebiutowa\u0142 na festiwalu w nowym sk\u0142adzie pod wodz\u0105 skrzypaczki Agaty Szymczewskiej, wykonuj\u0105c \u201eSiedem ostatnich s\u0142\u00f3w naszego Zbawiciela na krzy\u017cu\u201d Josepha Haydna z Wojciechem Pszoniakiem jako narratorem. Przeczyta\u0142 on medytacje ksi\u0119dza Grzegorza Strzelczyka.<\/p>\n<p>Kluczem do programu 22. Wielkanocnego Festiwalu by\u0142y wielkie rocznice i najwa\u017cniejsza z nich: setna rocznica odzyskania przez Polsk\u0119 niepodleg\u0142o\u015bci. Z tej okazji na festiwalu zabrzmia\u0142y wielkie dzie\u0142a polskich kompozytor\u00f3w: II Symfonia \u201eKopernikowska\u201d Henryka Miko\u0142aja G\u00f3reckiego, \u201ePolskie Requiem\u201d Krzysztofa Pendereckiego pod batut\u0105 samego kompozytora, kantata \u201eWidma\u201d Stanis\u0142awa Moniuszki, \u201eFantazja polska\u201d na fortepian i orkiestr\u0119 Ignacego Jana Paderewskiego, dzie\u0142a fortepianowe Fryderyka Chopina. Piani\u015bci Szymon Nehring i Krzysztof Ksi\u0105\u017cek przypomnieli mazurki op. 50 Karola Szymanowskiego.<\/p>\n<p>\u201ePolskie Requiem\u201d i II Symfonia \u201eKopernikowska\u201d umieszczone w programie tego samego koncertu przypomnia\u0142y, \u017ce w tym roku mija 85. rocznica urodzin Krzysztofa Pendereckiego i Henryka Miko\u0142aja G\u00f3reckiego (zmar\u0142 w 2010 r.). Ch\u00f3r Opery i Filharmonii Podlaskiej w Bia\u0142ymstoku pod dyrekcj\u0105 Violetty Bieleckiej przypomnia\u0142 ch\u00f3raln\u0105 tw\u00f3rczo\u015b\u0107 Pendereckiego bogactwo pomys\u0142\u00f3w, wyrafinowane pi\u0119kno i prostot\u0119 wyrazu takich dzie\u0142 a cappella, jak \u201ePie\u015b\u0144 Cherubin\u00f3w\u201d, \u201eMissa Brevis\u201d, motet \u201eAgnus Dei\u201d z \u201ePolskiego Requiem\u201d czy \u201eDe Profundis\u201d z VII Symfonii \u201eSiedem bram Jerozolimy\u201d.<\/p>\n<p>Anne-Sophie Mutter prezentowa\u0142a w Katowicach, Wroc\u0142awiu i Krakowie muzyk\u0119 skrzypcow\u0105 Krzysztofa Pendereckiego. Skrzypaczka otrzyma\u0142a tak\u017ce z r\u0105k ministra kultury Piotra Gli\u0144skiego Z\u0142oty Medal Zas\u0142u\u017cony Kulturze Gloria Artis w uznaniu zas\u0142ug dla promocji polskiej muzyki.<\/p>\n<p>W tym roku mija setna rocznica urodzin Leonarda Bernsteina (1918-1990), wielkiego ameryka\u0144skiego dyrygenta, kompozytora i pianisty. Z tej okazji El\u017cbieta Penderecka, dyrektor generalna Wielkanocnego Festiwalu Ludwiga van Beethovena zaprosi\u0142a Krystiana Zimermana, kt\u00f3rego kariera by\u0142a \u015bci\u015ble zwi\u0105zana z dzia\u0142alno\u015bci\u0105 Leonarda Bernsteina. Wielki polski wyst\u0105pi\u0142 w Warszawie dwukrotnie, w tym na inauguracji festiwalu, 16 marca \u2013 z towarzyszeniem Orkiestry Symfonicznej Filharmonii Narodowej pod dyrekcj\u0105 Jacka Kaspszyka wykona\u0142 II Symfoni\u0119 \u201eThe Age of Anxiety\u201d (1948) Leonarda Bernsteina, w kt\u00f3r\u0105 wpisana jest obszerna partia fortepianu.<\/p>\n<p>Na festiwalu zabrzmia\u0142y tak\u017ce inne dzie\u0142a Bernsteina: \u201eTa\u0144ce symfoniczne z musicalu \u201eWest Side Story\u201d\u201d, uwertura do operetki \u201eKandyd\u201d i religijne dzie\u0142o \u201eChichester Psalms\u201d.<\/p>\n<p>W programie uwzgl\u0119dniono te\u017c dzie\u0142a Claude\u2019a Debussy\u2019ego, ojca europejskiego modernizmu, w setn\u0105 rocznic\u0119 jego \u015bmierci. Swoje 50-lecie \u015bwi\u0119towa\u0142a tak\u017ce Orkiestra Kameralna Polskiego Radia \u201eAmadeus\u201d z Poznania pod dyrekcj\u0105 Anny Duczmal-Mr\u00f3z.<\/p>\n<p>Festiwal zaoferowa\u0142 publiczno\u015bci bardzo zr\u00f3\u017cnicowany program: wielkie dzie\u0142a symfoniczne, kameralistyk\u0119, utwory ch\u00f3ralne i oratoryjne oraz recitale fortepianowe.<\/p>\n<p>W Festiwalu wzi\u0119\u0142o udzia\u0142 ponad 100 dziennikarzy reprezentuj\u0105cych 60 redakcji z kraju, jak i zagranicy (m.in. W\u0142och, Niemiec, Rosji i Turcji.<\/p>\n<p>22. Wielkanocny Festiwal Ludwiga van Beethovena zosta\u0142 zrealizowany dzi\u0119ki wsparciu finansowemu Ministerstwa Kultury i Dziedzictwa Narodowego oraz Urz\u0119du Miasta Sto\u0142ecznego Warszawy. Partnerem g\u0142\u00f3wnym Festiwalem by\u0142o LOTTO, a Mecenasem PKN Orlen S.A.<\/p>\n<p><em>\u017cr\u00f3d\u0142o:<a href=\"https:\/\/ekai.pl\/zakonczyl-sie-22-wielkanocny-festiwal-ludwiga-van-beethovena\/\">\u00a0https:\/\/ekai.pl\/zakonczyl-sie-22-wielkanocny-festiwal-ludwiga-van-beethovena\/<\/a><\/em><\/p>\n<p>&nbsp;<\/p>","protected":false},"excerpt":{"rendered":"<p>Ponad 100 tysi\u0119cy s\u0142uchaczy w ca\u0142ej Polsce, 18 koncert\u00f3w w Warszawie i 12 w innych miastach, entuzjastycznie oklaskiwane gwiazdy z Krystianem Zimermanem, Anne-Sohie Mutter i Krzysztofem Pendereckim \u2013 w pi\u0105tek zako\u0144czy\u0142 si\u0119 22. Wielkanocny Festiwal Ludwiga van Beethovena. W organizacj\u0119 festiwalu zaanga\u017cowa\u0142y si\u0119 najwi\u0119ksze polskie instytucje: NOSPR, Narodowe Forum Muzyki, Filharmonia Narodowa, ICE Krak\u00f3w, Centrum [&hellip;]<\/p>\n","protected":false},"author":2,"featured_media":0,"parent":0,"menu_order":0,"comment_status":"closed","ping_status":"closed","template":"","meta":{"footnotes":""},"class_list":["post-664","page","type-page","status-publish","hentry"],"_links":{"self":[{"href":"https:\/\/beethoven.org.pl\/recenzje\/wp-json\/wp\/v2\/pages\/664","targetHints":{"allow":["GET"]}}],"collection":[{"href":"https:\/\/beethoven.org.pl\/recenzje\/wp-json\/wp\/v2\/pages"}],"about":[{"href":"https:\/\/beethoven.org.pl\/recenzje\/wp-json\/wp\/v2\/types\/page"}],"author":[{"embeddable":true,"href":"https:\/\/beethoven.org.pl\/recenzje\/wp-json\/wp\/v2\/users\/2"}],"replies":[{"embeddable":true,"href":"https:\/\/beethoven.org.pl\/recenzje\/wp-json\/wp\/v2\/comments?post=664"}],"version-history":[{"count":1,"href":"https:\/\/beethoven.org.pl\/recenzje\/wp-json\/wp\/v2\/pages\/664\/revisions"}],"predecessor-version":[{"id":665,"href":"https:\/\/beethoven.org.pl\/recenzje\/wp-json\/wp\/v2\/pages\/664\/revisions\/665"}],"wp:attachment":[{"href":"https:\/\/beethoven.org.pl\/recenzje\/wp-json\/wp\/v2\/media?parent=664"}],"curies":[{"name":"wp","href":"https:\/\/api.w.org\/{rel}","templated":true}]}}

Zakończył się 22. Wielkanocny Festiwal Ludwiga van Beethovena

<p>Ponad 100 tysięcy słuchaczy w całej Polsce, 18 koncertów w Warszawie i 12 w innych miastach, entuzjastycznie oklaskiwane gwiazdy z Krystianem Zimermanem, Anne-Sohie Mutter i Krzysztofem Pendereckim – w piątek zakończył się 22. Wielkanocny Festiwal Ludwiga van Beethovena.</p>
<p>W organizację festiwalu zaangażowały się największe polskie instytucje: NOSPR, Narodowe Forum Muzyki, Filharmonia Narodowa, ICE Kraków, Centrum Spotkania Kultur w Lublinie i Filharmonia w Szczecinie.</p>
<p>Festiwal odbył się pod honorowym patronatem Prezydenta Rzeczypospolitej Polskiej Andrzeja Dudy. Organizatorem Festiwalu jest Stowarzyszenia im. Ludwiga van Beethovena powołane w 2003 roku w Krakowie. Pomysłodawcą i założycielem instytucji jest Elżbieta Penderecka.</p>
<p>Jak podkreślają organizatorzy, Festiwal obfitował w niezapomniane koncerty. Wybitny pianista Krystian Zimerman przedstawił poetycką i żywiołową interpretację II Symfonii „The Age of Anxiety” na fortepian i orkiestrę Leonarda Bernsteina. Niemiecka skrzypaczka Anne-Sophie Mutter podbiła serca słuchaczy Koncertem skrzypcowym D-dur Ludwiga van Beethovena, natomiast w Wielki Czwartek amerykański dyrygent Leonard Slatkin poprowadził z II Symfonię „Zmartwychwstanie” Gustava Mahlera – wielkie misterium śmierci i nadziei.</p>
<p>Do wydarzeń należał też występ Junge Deutsche Philharmonie pod dyrekcją Davida Afkhama w „Symfonii fantastycznej” Hectora Berlioza. Orkiestra Symfoniczna Filharmonii Poznańskiej pod dyrekcją Łukasza Borowicza pokazała swoją maestrię w utworach Nikołaja Rimskiego-Korsakowa, zaś Szymanowski Quartet zadebiutował na festiwalu w nowym składzie pod wodzą skrzypaczki Agaty Szymczewskiej, wykonując „Siedem ostatnich słów naszego Zbawiciela na krzyżu” Josepha Haydna z Wojciechem Pszoniakiem jako narratorem. Przeczytał on medytacje księdza Grzegorza Strzelczyka.</p>
<p>Kluczem do programu 22. Wielkanocnego Festiwalu były wielkie rocznice i najważniejsza z nich: setna rocznica odzyskania przez Polskę niepodległości. Z tej okazji na festiwalu zabrzmiały wielkie dzieła polskich kompozytorów: II Symfonia „Kopernikowska” Henryka Mikołaja Góreckiego, „Polskie Requiem” Krzysztofa Pendereckiego pod batutą samego kompozytora, kantata „Widma” Stanisława Moniuszki, „Fantazja polska” na fortepian i orkiestrę Ignacego Jana Paderewskiego, dzieła fortepianowe Fryderyka Chopina. Pianiści Szymon Nehring i Krzysztof Książek przypomnieli mazurki op. 50 Karola Szymanowskiego.</p>
<p>„Polskie Requiem” i II Symfonia „Kopernikowska” umieszczone w programie tego samego koncertu przypomniały, że w tym roku mija 85. rocznica urodzin Krzysztofa Pendereckiego i Henryka Mikołaja Góreckiego (zmarł w 2010 r.). Chór Opery i Filharmonii Podlaskiej w Białymstoku pod dyrekcją Violetty Bieleckiej przypomniał chóralną twórczość Pendereckiego bogactwo pomysłów, wyrafinowane piękno i prostotę wyrazu takich dzieł a cappella, jak „Pieśń Cherubinów”, „Missa Brevis”, motet „Agnus Dei” z „Polskiego Requiem” czy „De Profundis” z VII Symfonii „Siedem bram Jerozolimy”.</p>
<p>Anne-Sophie Mutter prezentowała w Katowicach, Wrocławiu i Krakowie muzykę skrzypcową Krzysztofa Pendereckiego. Skrzypaczka otrzymała także z rąk ministra kultury Piotra Glińskiego Złoty Medal Zasłużony Kulturze Gloria Artis w uznaniu zasług dla promocji polskiej muzyki.</p>
<p>W tym roku mija setna rocznica urodzin Leonarda Bernsteina (1918-1990), wielkiego amerykańskiego dyrygenta, kompozytora i pianisty. Z tej okazji Elżbieta Penderecka, dyrektor generalna Wielkanocnego Festiwalu Ludwiga van Beethovena zaprosiła Krystiana Zimermana, którego kariera była ściśle związana z działalnością Leonarda Bernsteina. Wielki polski wystąpił w Warszawie dwukrotnie, w tym na inauguracji festiwalu, 16 marca – z towarzyszeniem Orkiestry Symfonicznej Filharmonii Narodowej pod dyrekcją Jacka Kaspszyka wykonał II Symfonię „The Age of Anxiety” (1948) Leonarda Bernsteina, w którą wpisana jest obszerna partia fortepianu.</p>
<p>Na festiwalu zabrzmiały także inne dzieła Bernsteina: „Tańce symfoniczne z musicalu „West Side Story””, uwertura do operetki „Kandyd” i religijne dzieło „Chichester Psalms”.</p>
<p>W programie uwzględniono też dzieła Claude’a Debussy’ego, ojca europejskiego modernizmu, w setną rocznicę jego śmierci. Swoje 50-lecie świętowała także Orkiestra Kameralna Polskiego Radia „Amadeus” z Poznania pod dyrekcją Anny Duczmal-Mróz.</p>
<p>Festiwal zaoferował publiczności bardzo zróżnicowany program: wielkie dzieła symfoniczne, kameralistykę, utwory chóralne i oratoryjne oraz recitale fortepianowe.</p>
<p>W Festiwalu wzięło udział ponad 100 dziennikarzy reprezentujących 60 redakcji z kraju, jak i zagranicy (m.in. Włoch, Niemiec, Rosji i Turcji.</p>
<p>22. Wielkanocny Festiwal Ludwiga van Beethovena został zrealizowany dzięki wsparciu finansowemu Ministerstwa Kultury i Dziedzictwa Narodowego oraz Urzędu Miasta Stołecznego Warszawy. Partnerem głównym Festiwalem było LOTTO, a Mecenasem PKN Orlen S.A.</p>
<p><em>żródło:<a href="https://ekai.pl/zakonczyl-sie-22-wielkanocny-festiwal-ludwiga-van-beethovena/"> https://ekai.pl/zakonczyl-sie-22-wielkanocny-festiwal-ludwiga-van-beethovena/</a></em></p>
<p>&nbsp;</p>

<p>Ponad 100 tysięcy słuchaczy w całej Polsce, 18 koncertów w Warszawie i 12 w innych miastach, entuzjastycznie oklaskiwane gwiazdy z Krystianem Zimermanem, Anne-Sohie Mutter i Krzysztofem Pendereckim – w piątek zakończył się 22. Wielkanocny Festiwal Ludwiga van Beethovena. W organizację festiwalu zaangażowały się największe polskie instytucje: NOSPR, Narodowe Forum Muzyki, Filharmonia Narodowa, ICE Kraków, Centrum [&hellip;]</p>
