{"id":656,"date":"2018-03-30T16:40:58","date_gmt":"2018-03-30T14:40:58","guid":{"rendered":"http:\/\/beethoven.org.pl\/recenzje\/?page_id=656"},"modified":"2018-03-30T16:40:58","modified_gmt":"2018-03-30T14:40:58","slug":"zmartwychwstanie-mahlera","status":"publish","type":"page","link":"https:\/\/beethoven.org.pl\/recenzje\/zmartwychwstanie-mahlera\/","title":{"rendered":"&#8221;Zmartwychwstanie&#8221; Mahlera"},"content":{"rendered":"<p>Dla Gustava Mahlera komponowanie symfonii by\u0142o tworzeniem uniwersum, wszech\u015bwiata, on &#8211; kompozytor by\u0142 jego budowniczym. Ka\u017cda z dziewi\u0119ciu symfonii wielkiego austriackiego kompozytora jest dzie\u0142em spe\u0142nionym, w kt\u00f3rym wyra\u017ca si\u0119 los i wra\u017cliwo\u015b\u0107 cz\u0142owieka, jego stosunek do \u017cycia i \u015bmierci.<\/p>\n<p>\u201eB\u00f3g mnie stworzy\u0142, do Boga powr\u00f3c\u0119\u201d &#8211; te s\u0142owa hymnu o zmartwychwstaniu zafascynowa\u0142y Gustava Mahlera, kt\u00f3ry si\u0119gn\u0105\u0142 po nie, pisz\u0105c swoj\u0105 <i>II Symfoni\u0119<\/i>. W\u0142a\u015bnie ona zabrzmia\u0142a w Wielki Czwartek przedostatniego dnia 22. Wielkanocnego Festiwalu Ludwiga van Beethovena &#8211; ameryka\u0144ski dyrygent Leonard Slatkin poprowadzi\u0142 j\u0105 niezwykle dramatycznie, kreuj\u0105c wstrz\u0105saj\u0105ce misterium \u015bmierci i nadziei. O nadziei pisa\u0142 Mahler na kartach partytury: \u201eWierz\u0119, \u017ce nie urodzi\u0142em si\u0119 nadaremno, jest sens w \u017cyciu i cierpieniu\u201d.<\/p>\n<p>Leonard Slatkin od dziesi\u0119ciu sezon\u00f3w artystycznych jest dyrektorem muzycznym Detroit Symphony Orchestra. Kierowa\u0142 wieloma orkiestrami, lecz najd\u0142u\u017csz\u0105 \u2013 bo trwaj\u0105c\u0105 kilkadziesi\u0105t lat \u2013 i najbardziej owocn\u0105 wsp\u00f3\u0142prac\u0119 nawi\u0105za\u0142 z St. Louis Symphony Orchestra, z kt\u00f3r\u0105 nagra\u0142 30 p\u0142yt. Jest sze\u015bciokrotnym laureatem nagrody Grammy. W swoim dorobku ma r\u00f3wnie\u017c komplet symfonii Gustava Mahlera. To jeden z niewielu na \u015bwiecie dyrygent\u00f3w, kt\u00f3rzy znaj\u0105 tw\u00f3rczo\u015b\u0107 Mahlera od podszewki i wci\u0105\u017c \u017cyj\u0105 to wspania\u0142\u0105 muzyk\u0105. Ka\u017cdy gest Slatkina, dyryguj\u0105cego w czwartego Narodow\u0105 Orkiestr\u0105 Symfoniczn\u0105 Polskiego Radia w Katowicach i Ch\u00f3rem Narodowego Forum Muzyki we Wroc\u0142awiu, \u015bwiadczy\u0142 o g\u0142\u0119bokim zaanga\u017cowaniu dyrygenta w tekst <i>II Symfonii \u201eZmartwychwstanie\u201d.\u00a0<\/i><\/p>\n<p>Slatkin przemy\u015bla\u0142 program koncertu od pierwszej do ostatniej nuty. Rozpocz\u0105\u0142 <i>Kadyszem<\/i> Maurice\u2019a Ravela na sopran i orkiestr\u0119, w kt\u00f3rej kompozytor przywo\u0142a\u0142 jedn\u0105 z najwa\u017cniejszych modlitw religii \u017cydowskiej, odmawianej za zmar\u0142ych. Ledwie wybrzmia\u0142y ostatni takty <i>Kadyszu<\/i>, w kt\u00f3rym intryguj\u0105co zabrzmia\u0142 g\u0142os czeskiej \u015bpiewaczki Martiny Jankovej, a ju\u017c dyrygent, nie czekaj\u0105c na brawa, rozpocz\u0105\u0142 &#8211; w\u0142a\u015bciwie <i>attacca &#8211; II Symfoni\u0119. <\/i>Pierwsza cz\u0119\u015b\u0107 utworu, pe\u0142na gniewu i rozpaczy, zabrzmia\u0142a porywaj\u0105co. NOSPR jest wybitnym interpretatorem muzyki Gustava Mahlera, fantastyczne brzmienie tej orkiestry, si\u0142a i energia w grupie wiolonczel i kontrabas\u00f3w, wspania\u0142y chora\u0142 w wykonaniu instrument\u00f3w d\u0119tych blaszanych, rozja\u015bniaj\u0105ce mroczny nastr\u00f3j niebia\u0144skie melodie skrzypiec, przypomnia\u0142y mi inne wykonania dzie\u0142a Mahlera, kt\u00f3rymi wcze\u015bniej ta orkiestra raczy\u0142a warszawskich s\u0142uchaczy w Filharmonii Narodowej, nie tylko na Festiwalach Beethovenowskich.<\/p>\n<p>Od wizji \u015bmierci i s\u0105du ostatecznego, po hymn nadziei na zmartwychwstanie &#8211;<i> II Symfonia<\/i> pod batut\u0105 Leonarda Slatkina by\u0142a dla s\u0142uchaczy niezapomnianym prze\u017cyciem. Stopniowanie napi\u0119cia, zwolnienia i euforyczne przy\u015bpieszenia, kulminacje o wulkanicznej sile, mezzosopran Bernardy Fink wyra\u017caj\u0105cy wiar\u0119 i ufno\u015b\u0107 w Boga; delikatne brzmienie ch\u00f3ru, a\u017c po pe\u0142ni\u0119 brzmienia w ekstatycznym finale &#8211; cho\u0107 <em>Symfonia \u201eZmartwychwstanie\u201d<\/em> jest dzie\u0142em napisanym z rozmachem i trwaj\u0105cym ponad godzin\u0119, uwaga s\u0142uchaczy nie s\u0142ab\u0142a cho\u0107by na moment. To jedno z tych wykona\u0144, kt\u00f3re na zawsze pozostaj\u0105 w pami\u0119ci.<\/p>\n<p><b>Anna S. D\u0119bowska<\/b><\/p>\n<p><i>Czwartek, 29 marca 2018 roku, Filharmonia Narodowa w Warszawie<\/i><\/p>","protected":false},"excerpt":{"rendered":"<p>Dla Gustava Mahlera komponowanie symfonii by\u0142o tworzeniem uniwersum, wszech\u015bwiata, on &#8211; kompozytor by\u0142 jego budowniczym. Ka\u017cda z dziewi\u0119ciu symfonii wielkiego austriackiego kompozytora jest dzie\u0142em spe\u0142nionym, w kt\u00f3rym wyra\u017ca si\u0119 los i wra\u017cliwo\u015b\u0107 cz\u0142owieka, jego stosunek do \u017cycia i \u015bmierci. \u201eB\u00f3g mnie stworzy\u0142, do Boga powr\u00f3c\u0119\u201d &#8211; te s\u0142owa hymnu o zmartwychwstaniu zafascynowa\u0142y Gustava Mahlera, kt\u00f3ry [&hellip;]<\/p>\n","protected":false},"author":8,"featured_media":0,"parent":0,"menu_order":0,"comment_status":"closed","ping_status":"closed","template":"","meta":{"footnotes":""},"class_list":["post-656","page","type-page","status-publish","hentry"],"_links":{"self":[{"href":"https:\/\/beethoven.org.pl\/recenzje\/wp-json\/wp\/v2\/pages\/656","targetHints":{"allow":["GET"]}}],"collection":[{"href":"https:\/\/beethoven.org.pl\/recenzje\/wp-json\/wp\/v2\/pages"}],"about":[{"href":"https:\/\/beethoven.org.pl\/recenzje\/wp-json\/wp\/v2\/types\/page"}],"author":[{"embeddable":true,"href":"https:\/\/beethoven.org.pl\/recenzje\/wp-json\/wp\/v2\/users\/8"}],"replies":[{"embeddable":true,"href":"https:\/\/beethoven.org.pl\/recenzje\/wp-json\/wp\/v2\/comments?post=656"}],"version-history":[{"count":2,"href":"https:\/\/beethoven.org.pl\/recenzje\/wp-json\/wp\/v2\/pages\/656\/revisions"}],"predecessor-version":[{"id":658,"href":"https:\/\/beethoven.org.pl\/recenzje\/wp-json\/wp\/v2\/pages\/656\/revisions\/658"}],"wp:attachment":[{"href":"https:\/\/beethoven.org.pl\/recenzje\/wp-json\/wp\/v2\/media?parent=656"}],"curies":[{"name":"wp","href":"https:\/\/api.w.org\/{rel}","templated":true}]}}

<p>Dla Gustava Mahlera komponowanie symfonii było tworzeniem uniwersum, wszechświata, on &#8211; kompozytor był jego budowniczym. Każda z dziewięciu symfonii wielkiego austriackiego kompozytora jest dziełem spełnionym, w którym wyraża się los i wrażliwość człowieka, jego stosunek do życia i śmierci.</p>
<p>„Bóg mnie stworzył, do Boga powrócę” &#8211; te słowa hymnu o zmartwychwstaniu zafascynowały Gustava Mahlera, który sięgnął po nie, pisząc swoją <i>II Symfonię</i>. Właśnie ona zabrzmiała w Wielki Czwartek przedostatniego dnia 22. Wielkanocnego Festiwalu Ludwiga van Beethovena &#8211; amerykański dyrygent Leonard Slatkin poprowadził ją niezwykle dramatycznie, kreując wstrząsające misterium śmierci i nadziei. O nadziei pisał Mahler na kartach partytury: „Wierzę, że nie urodziłem się nadaremno, jest sens w życiu i cierpieniu”.</p>
<p>Leonard Slatkin od dziesięciu sezonów artystycznych jest dyrektorem muzycznym Detroit Symphony Orchestra. Kierował wieloma orkiestrami, lecz najdłuższą – bo trwającą kilkadziesiąt lat – i najbardziej owocną współpracę nawiązał z St. Louis Symphony Orchestra, z którą nagrał 30 płyt. Jest sześciokrotnym laureatem nagrody Grammy. W swoim dorobku ma również komplet symfonii Gustava Mahlera. To jeden z niewielu na świecie dyrygentów, którzy znają twórczość Mahlera od podszewki i wciąż żyją to wspaniałą muzyką. Każdy gest Slatkina, dyrygującego w czwartego Narodową Orkiestrą Symfoniczną Polskiego Radia w Katowicach i Chórem Narodowego Forum Muzyki we Wrocławiu, świadczył o głębokim zaangażowaniu dyrygenta w tekst <i>II Symfonii „Zmartwychwstanie”. </i></p>
<p>Slatkin przemyślał program koncertu od pierwszej do ostatniej nuty. Rozpoczął <i>Kadyszem</i> Maurice’a Ravela na sopran i orkiestrę, w której kompozytor przywołał jedną z najważniejszych modlitw religii żydowskiej, odmawianej za zmarłych. Ledwie wybrzmiały ostatni takty <i>Kadyszu</i>, w którym intrygująco zabrzmiał głos czeskiej śpiewaczki Martiny Jankovej, a już dyrygent, nie czekając na brawa, rozpoczął &#8211; właściwie <i>attacca &#8211; II Symfonię. </i>Pierwsza część utworu, pełna gniewu i rozpaczy, zabrzmiała porywająco. NOSPR jest wybitnym interpretatorem muzyki Gustava Mahlera, fantastyczne brzmienie tej orkiestry, siła i energia w grupie wiolonczel i kontrabasów, wspaniały chorał w wykonaniu instrumentów dętych blaszanych, rozjaśniające mroczny nastrój niebiańskie melodie skrzypiec, przypomniały mi inne wykonania dzieła Mahlera, którymi wcześniej ta orkiestra raczyła warszawskich słuchaczy w Filharmonii Narodowej, nie tylko na Festiwalach Beethovenowskich.</p>
<p>Od wizji śmierci i sądu ostatecznego, po hymn nadziei na zmartwychwstanie &#8211;<i> II Symfonia</i> pod batutą Leonarda Slatkina była dla słuchaczy niezapomnianym przeżyciem. Stopniowanie napięcia, zwolnienia i euforyczne przyśpieszenia, kulminacje o wulkanicznej sile, mezzosopran Bernardy Fink wyrażający wiarę i ufność w Boga; delikatne brzmienie chóru, aż po pełnię brzmienia w ekstatycznym finale &#8211; choć <em>Symfonia „Zmartwychwstanie”</em> jest dziełem napisanym z rozmachem i trwającym ponad godzinę, uwaga słuchaczy nie słabła choćby na moment. To jedno z tych wykonań, które na zawsze pozostają w pamięci.</p>
<p><b>Anna S. Dębowska</b></p>
<p><i>Czwartek, 29 marca 2018 roku, Filharmonia Narodowa w Warszawie</i></p>

<p>Dla Gustava Mahlera komponowanie symfonii było tworzeniem uniwersum, wszechświata, on &#8211; kompozytor był jego budowniczym. Każda z dziewięciu symfonii wielkiego austriackiego kompozytora jest dziełem spełnionym, w którym wyraża się los i wrażliwość człowieka, jego stosunek do życia i śmierci. „Bóg mnie stworzył, do Boga powrócę” &#8211; te słowa hymnu o zmartwychwstaniu zafascynowały Gustava Mahlera, który [&hellip;]</p>
