{"id":649,"date":"2018-03-29T14:10:34","date_gmt":"2018-03-29T12:10:34","guid":{"rendered":"http:\/\/beethoven.org.pl\/recenzje\/?page_id=649"},"modified":"2018-03-29T14:17:44","modified_gmt":"2018-03-29T12:17:44","slug":"szymanowski-quartet-w-nowej-odslonie","status":"publish","type":"page","link":"https:\/\/beethoven.org.pl\/recenzje\/szymanowski-quartet-w-nowej-odslonie\/","title":{"rendered":"Szymanowski Quartet w nowej ods\u0142onie"},"content":{"rendered":"<p>\u015arodowy koncert kameralny w Filharmonii Narodowej by\u0142 wyj\u0105tkowym prze\u017cyciem artystycznym.<\/p>\n<p><i>Siedem ostatnich s\u0142\u00f3w Chrystusa na krzy\u017cu <\/i>op. 51 Josepha Haydna ma jak najbardziej wielkanocn\u0105 genez\u0119: w 1785 roku Haydn otrzyma\u0142 zam\u00f3wienie na utw\u00f3r, kt\u00f3ry mia\u0142by u\u015bwietni\u0107 uroczysto\u015bci Wielkiego Pi\u0105tku w Kadyksie. Zam\u00f3wienie przyj\u0105\u0142 i skomponowa\u0142 utw\u00f3r symfoniczny pod wy\u017cej wymienionym tytu\u0142em. Dwa lata p\u00f3\u017aniej opracowa\u0142 to dzie\u0142o na kwartet smyczkowy i wyda\u0142 jako op. 51. Dla porz\u0105dku dodajmy, \u017ce istnieje jeszcze transkrypcja fortepianowa <i>Siedmiu ostatnich s\u0142\u00f3w\u2026 <\/i>oraz oratorium pod tym tytu\u0142em (1795-96).<\/p>\n<p>Wsp\u00f3\u0142cze\u015bnie <i>Siedem ostatnich s\u0142\u00f3w\u2026 <\/i>najcz\u0119\u015bciej wykonuje si\u0119 w wersji na kwartet smyczkowy (zainteresowanych oratorium odsy\u0142am do kanonicznego nagrania Jordiego Savalla z 1990 roku). I w\u0142a\u015bnie ta wersja zabrzmia\u0142a w \u015brod\u0119 na Festiwalu Beethovenowskim, daj\u0105c poj\u0119cie o transformacji jaka dokona\u0142a si\u0119 w sk\u0142adzie, jako\u015bci brzmienia i poziomu artystycznego Kwartetu im. Szymanowskiego (Szymanowski Quartet).<\/p>\n<p>Z pierwszego sk\u0142adu tego zespo\u0142u, kt\u00f3ry powsta\u0142 w po\u0142owie lat 90. (Marcin Dumicz &#8211; I skrzypce, Grzegorz Kotow &#8211; II skrzypce, Volodia Mykytka &#8211; alt\u00f3wka, Marcin Sieniawski &#8211; wiolonczela), zosta\u0142 jedynie Volodia Mykytka. Prymariuszk\u0105 jest Agata Szymczewska, kt\u00f3ra by\u0142a cz\u0142onkini\u0105 \u201eSzymanowskiego\u201d przez kilka ostatnich lat, daj\u0105 si\u0119 pozna\u0107 jako wytrawna kameralistka. Drugie skrzypce gra znakomity muzyk, Robert Kowalski. Kszta\u0142ci\u0142 si\u0119 w Niemczech i Szwajcarii m. in. u Any Chumachenco i Zachara Brona. Obecnie jest pierwszym koncertmistrzem Orchestra della Svizzera Italiana w szwajcarskim Lugano. Wiolonczelistk\u0105 Szymanowski Quartet jest Monika Leskovar, kt\u00f3ra studiowa\u0142a w Berlinie u Davida Geringasa i jest laureatk\u0105 czo\u0142owych konkurs\u00f3w wiolonczelowych, m. in. ARD w Monachium.<\/p>\n<p>Cho\u0107 graj\u0105 w tym sk\u0142adzie od roku, w Haydnie zadziwili mnie czaruj\u0105c\u0105 sp\u00f3jno\u015bci\u0105 brzmienia i jako\u015bci\u0105 d\u017awi\u0119ku: ciep\u0142ego, kr\u0105g\u0142ego, \u201emiodowego\u201d, ale ze srebrzyst\u0105 \u201enitk\u0105\u201d w g\u0142osie pierwszych skrzypiec.\u00a0Wiod\u0105cy g\u0142os w <i>Siedmiu ostatnich s\u0142owach\u2026 <\/i>maj\u0105 w\u0142a\u015bnie pierwsze skrzypce i one pozostaj\u0105 na pierwszym planie niemal przez ca\u0142y czas, we wszystkim siedmiu sonatach, kt\u00f3re sk\u0142adaj\u0105 si\u0119 na ten utw\u00f3r. Agata Szymczewska wci\u0105\u017c gra na skrzypcach Gagliano, kt\u00f3re przekaza\u0142a jej Anne-Sophie Mutter (Szymczewska jest te\u017c cz\u0142oniem Mutter Virtuosi). Szlachetne brzmienie tego instrumentu zupe\u0142nie mnie oczarowa\u0142o. \u0141owi\u0142am ka\u017cd\u0105 nut\u0119 i ka\u017cd\u0105 pauz\u0119, muzycy Szymanowski Quartet maj\u0105 bowiem \u015bwietne wyczucie retorycznego charakteru muzyki Haydna, w kt\u00f3rej pauza, chwilowe zawieszenie narracji, ma sw\u00f3j sens i tre\u015b\u0107 emocjonaln\u0105. Pozostali muzycy wspaniale sekundowali Szymczewskiej &#8211; z jubilersk\u0105 precyzj\u0105 graj\u0105c akompaniament &#8211; doskonale odmierzone drobne nuty pod \u0142ukiem, zespolone brzmieniowo i wyrazowo z parti\u0105 wiod\u0105c\u0105. Mistrzostwo.<\/p>\n<p><i>Siedem ostatnich s\u0142\u00f3w\u2026 <\/i>wykonuje si\u0119 z towarzyszeniem narratora, kt\u00f3ry czyta do\u0142\u0105czony do ka\u017cdego muzycznego fragmentu tekst Ewangelii, traktuj\u0105cy o m\u0119ce pa\u0144skiej. Muzycy Szymanowski Quartet postanowili zast\u0105pi\u0107 s\u0142owa Ewangelii medytacjami religijnymi ksi\u0119dza Grzegorza Strzelczyka, doktora teologii dogmatycznej, intelektualnymi rozwa\u017caniami nad tym, co oznaczaj\u0105 i czym mog\u0105 by\u0107 dla nas ostatnie s\u0142owa wypowiedziane przez Jezusa.\u00a0Narratorem tym by\u0142 Wojciech Pszoniak, kt\u00f3ry po mistrzowsku zinterpretowa\u0142 ten tekst, podkre\u015blaj\u0105c jego walory literackie i intelektualne.<\/p>\n<p>Szymanowski Quartet bisowa\u0142 smyczkow\u0105 transkrypcj\u0105 ostatniego kanonu z <i>Kunst der Fuge <\/i>Johanna Sebastiana Bacha.<\/p>\n<p><strong>Anna S. D\u0119bowska<\/strong><\/p>\n<p><em>Koncert odby\u0142 si\u0119 28 marca 2018 roku w Sali Koncertowej Filharmonii Narodowej w Warszawie<\/em><\/p>","protected":false},"excerpt":{"rendered":"<p>\u015arodowy koncert kameralny w Filharmonii Narodowej by\u0142 wyj\u0105tkowym prze\u017cyciem artystycznym. Siedem ostatnich s\u0142\u00f3w Chrystusa na krzy\u017cu op. 51 Josepha Haydna ma jak najbardziej wielkanocn\u0105 genez\u0119: w 1785 roku Haydn otrzyma\u0142 zam\u00f3wienie na utw\u00f3r, kt\u00f3ry mia\u0142by u\u015bwietni\u0107 uroczysto\u015bci Wielkiego Pi\u0105tku w Kadyksie. Zam\u00f3wienie przyj\u0105\u0142 i skomponowa\u0142 utw\u00f3r symfoniczny pod wy\u017cej wymienionym tytu\u0142em. Dwa lata p\u00f3\u017aniej opracowa\u0142 [&hellip;]<\/p>\n","protected":false},"author":8,"featured_media":0,"parent":0,"menu_order":0,"comment_status":"closed","ping_status":"closed","template":"","meta":{"footnotes":""},"class_list":["post-649","page","type-page","status-publish","hentry"],"_links":{"self":[{"href":"https:\/\/beethoven.org.pl\/recenzje\/wp-json\/wp\/v2\/pages\/649","targetHints":{"allow":["GET"]}}],"collection":[{"href":"https:\/\/beethoven.org.pl\/recenzje\/wp-json\/wp\/v2\/pages"}],"about":[{"href":"https:\/\/beethoven.org.pl\/recenzje\/wp-json\/wp\/v2\/types\/page"}],"author":[{"embeddable":true,"href":"https:\/\/beethoven.org.pl\/recenzje\/wp-json\/wp\/v2\/users\/8"}],"replies":[{"embeddable":true,"href":"https:\/\/beethoven.org.pl\/recenzje\/wp-json\/wp\/v2\/comments?post=649"}],"version-history":[{"count":3,"href":"https:\/\/beethoven.org.pl\/recenzje\/wp-json\/wp\/v2\/pages\/649\/revisions"}],"predecessor-version":[{"id":654,"href":"https:\/\/beethoven.org.pl\/recenzje\/wp-json\/wp\/v2\/pages\/649\/revisions\/654"}],"wp:attachment":[{"href":"https:\/\/beethoven.org.pl\/recenzje\/wp-json\/wp\/v2\/media?parent=649"}],"curies":[{"name":"wp","href":"https:\/\/api.w.org\/{rel}","templated":true}]}}