{"id":641,"date":"2018-03-27T14:55:04","date_gmt":"2018-03-27T12:55:04","guid":{"rendered":"http:\/\/beethoven.org.pl\/recenzje\/?page_id=641"},"modified":"2018-03-27T14:55:52","modified_gmt":"2018-03-27T12:55:52","slug":"santander-orchestra-i-lawrence-foster","status":"publish","type":"page","link":"https:\/\/beethoven.org.pl\/recenzje\/santander-orchestra-i-lawrence-foster\/","title":{"rendered":"Santander Orchestra i Lawrence Foster"},"content":{"rendered":"<p>Muzyka polska lub z polskim motywem &#8211; taki program wybra\u0142a dla s\u0142uchaczy 22. Wielkanocnego Festiwalu Ludwiga van Beethovena w Warszawie Orkiestra Santander z\u0142o\u017cona ze student\u00f3w i absolwent\u00f3w krajowych uczelni muzycznych, kt\u00f3rych w przysz\u0142o\u015bci z pewno\u015bci\u0105 us\u0142yszymy w sk\u0142adach wiod\u0105cych polskich orkiestr. Przypomnijmy, \u017ce Santander Orchestra to wsp\u00f3lny projekt Banku Zachodniego WBK, Fundacji M\u0142odych Talent\u00f3w MyWay i Europejskiego Centrum Muzyki Krzysztofa Pendereckiego. Orkiestry wyst\u0119powa\u0142a po dyrekcj\u0105 Jerzego Maksymiuka, Krzysztofa Pendereckiego i Johna Axelroda, ma na koncie p\u0142yt\u0119 nagran\u0105 z pianist\u0105 Krzysztofem Ksi\u0105\u017ckiem, a jej muzycy wsp\u00f3\u0142pracuj\u0105 ze znakomitymi tutorami, liderami sekcji Orkiestry Sinfonia Varsovia.<\/p>\n<p>W poniedzia\u0142ek w Filharmonii Narodowej zesp\u00f3\u0142 mia\u0142 okazj\u0119 wyst\u0105pi\u0107 pod batut\u0105 tak wytrawnego dyrygenta, jakim jest Amerykanin Lawrence Foster, szef muzyczny Opery w Marsylii, desygnowany na dyrektora artystycznego i pierwszego dyrygenta Narodowej Orkiestry Symfonicznej Polskiego Radia w Katowicach (od wrze\u015bnia 2019 roku).\u00a0Na pocz\u0105tek zagrali poemat symfoniczny <i>Step<\/i> Zygmunta Noskowskiego (1896), kt\u00f3ry od pewnego czasu, po latach zapomnienia, wraca do repertuaru krajowych orkiestr.\u00a0Spokojnie i szeroko poprowadzony wst\u0119p od razu przeni\u00f3s\u0142 s\u0142uchacza w \u015bwiat rozleg\u0142ych krajobraz\u00f3w. Dumnie zabrzmia\u0142 polonez (cz\u0119\u015b\u0107 g\u0142\u00f3wna, <i>Moderato marcato<\/i>), w kt\u00f3rym skrzypce graj\u0105 wspania\u0142y, oparty na punktowanym, wojskowym rytmie temat, kt\u00f3ry w zamy\u015ble kompozytora mia\u0142 si\u0119 kojarzy\u0107 publiczno\u015bci z polsk\u0105 konnic\u0105. \u0141adnie zabrzmia\u0142o solo klarnetu w \u201emelodii pastuszej\u201d, flety, oboje, a zw\u0142aszcza fagoty &#8211; w \u201et\u0119sknej pie\u015bni kozaczej\u201d. W przetworzeniu by\u0142o troch\u0119 nerwowo\u015bci, ale dla samego dyrygenta <i>Step<\/i> jest utworem nowym.<\/p>\n<p>\u0141ukasz Krupi\u0144ski, zwyci\u0119zca VII Mi\u0119dzynarodowego Konkursu Pianistycznego w San Marino w 2016 roku i finalista Mi\u0119dzynarodowego Konkursu Ferruccio Busoniego w Bolzano w 2017, by\u0142 gwiazd\u0105 pierwszej cz\u0119\u015bci wieczoru. I zn\u00f3w zabrzmia\u0142y rodzime motywy, w tym radosny krakowiak &#8211; Krupi\u0144ski wirtuozowsko wykona\u0142 <i>Fantazj\u0119 polsk\u0105 na tematy w\u0142asne<\/i> op. 19 Ignacego Jana Paderewskiego. Wielki polski pianista ten utw\u00f3r, z\u0142o\u017cony z \u0142atwo wpadaj\u0105cych w ucho temat\u00f3w, skomponowa\u0142 w Wiedniu w 1887 roku, b\u0119d\u0105c u progu wspania\u0142ej kariery i \u015bwiatowej s\u0142awy. By\u0142 ju\u017c po lekcjach u Teodora Leszetyckiego i przygotowywa\u0142 si\u0119 do debiutu w Pary\u017cu, kt\u00f3ry natychmiast wywindowa\u0142 go na szczyty powodzenia, otworzy\u0142 mu drog\u0119 do Ameryki, w kt\u00f3rej sta\u0142 si\u0119 postaci\u0105 wr\u0119cz legendarn\u0105. Mo\u017ce ze wzgl\u0119du na ameryka\u0144ski epizod w \u017cyciu Paderewskiego, a mo\u017ce po prostu ze wzgl\u0119du na to,\u00a0\u017ce jest to utw\u00f3r dowcipny i efektowny, \u0141ukasz Krupi\u0144ski zagra\u0142 na bis <i>Preludium es-moll<\/i>, jedno z <i>Trzech preludi\u00f3w <\/i>George\u2019a Gershwina.<\/p>\n<p>W drugiej cz\u0119\u015bci s\u0142uchali\u015bmy <i>III Symfonii D-dur <\/i>op. 29 Piotra Czajkowskiego, kt\u00f3ra bywa nazywana <i>Polsk\u0105<\/i>, ze wzgl\u0119du na polonezowy charakter fina\u0142owej, pi\u0105tej cz\u0119\u015bci, przywodz\u0105cy na my\u015bl poloneza z <i>Eugeniusza Oniegina<\/i>.\u00a0W tej muzyce Lawrence Foster poczu\u0142 si\u0119 jak ryba w wodzie. Orkiestra nabra\u0142a wi\u0119cej swobody, cho\u0107 walcowi z II cz\u0119\u015bci przyda\u0142oby si\u0119 wi\u0119cej potoczysto\u015bci i elegancji. S\u0142ycha\u0107 by\u0142o dba\u0142o\u015b\u0107 o sp\u00f3jno\u015b\u0107 brzmienia. Szczeg\u00f3lne gratulacje nale\u017c\u0105 si\u0119 sekcji instrument\u00f3w d\u0119tych drewnianych, puzonom i tr\u0105bkom. Jako s\u0142uchacz, \u017cyczy\u0142abym sobie wi\u0119kszej aktywno\u015bci niskich smyczk\u00f3w w tej Orkiestrze Santander. altowiolistom, wiolonczelistom i kontrabasistom \u017cycz\u0119 wi\u0119c wi\u0119kszej \u015bmia\u0142o\u015bci w wypowiadaniu swojego g\u0142osu. Nie dajcie si\u0119 zdominowa\u0107 pierwszym skrzypcom.<\/p>\n<p><b>Anna S. D\u0119bowska<\/b><\/p>\n<p><i>Koncert odby\u0142 si\u0119 26 marca w Filharmonii Narodowej w Warszawie<\/i><\/p>","protected":false},"excerpt":{"rendered":"<p>Muzyka polska lub z polskim motywem &#8211; taki program wybra\u0142a dla s\u0142uchaczy 22. Wielkanocnego Festiwalu Ludwiga van Beethovena w Warszawie Orkiestra Santander z\u0142o\u017cona ze student\u00f3w i absolwent\u00f3w krajowych uczelni muzycznych, kt\u00f3rych w przysz\u0142o\u015bci z pewno\u015bci\u0105 us\u0142yszymy w sk\u0142adach wiod\u0105cych polskich orkiestr. Przypomnijmy, \u017ce Santander Orchestra to wsp\u00f3lny projekt Banku Zachodniego WBK, Fundacji M\u0142odych Talent\u00f3w MyWay [&hellip;]<\/p>\n","protected":false},"author":8,"featured_media":0,"parent":0,"menu_order":0,"comment_status":"closed","ping_status":"closed","template":"","meta":{"footnotes":""},"class_list":["post-641","page","type-page","status-publish","hentry"],"_links":{"self":[{"href":"https:\/\/beethoven.org.pl\/recenzje\/wp-json\/wp\/v2\/pages\/641","targetHints":{"allow":["GET"]}}],"collection":[{"href":"https:\/\/beethoven.org.pl\/recenzje\/wp-json\/wp\/v2\/pages"}],"about":[{"href":"https:\/\/beethoven.org.pl\/recenzje\/wp-json\/wp\/v2\/types\/page"}],"author":[{"embeddable":true,"href":"https:\/\/beethoven.org.pl\/recenzje\/wp-json\/wp\/v2\/users\/8"}],"replies":[{"embeddable":true,"href":"https:\/\/beethoven.org.pl\/recenzje\/wp-json\/wp\/v2\/comments?post=641"}],"version-history":[{"count":3,"href":"https:\/\/beethoven.org.pl\/recenzje\/wp-json\/wp\/v2\/pages\/641\/revisions"}],"predecessor-version":[{"id":644,"href":"https:\/\/beethoven.org.pl\/recenzje\/wp-json\/wp\/v2\/pages\/641\/revisions\/644"}],"wp:attachment":[{"href":"https:\/\/beethoven.org.pl\/recenzje\/wp-json\/wp\/v2\/media?parent=641"}],"curies":[{"name":"wp","href":"https:\/\/api.w.org\/{rel}","templated":true}]}}

<p>Muzyka polska lub z polskim motywem &#8211; taki program wybrała dla słuchaczy 22. Wielkanocnego Festiwalu Ludwiga van Beethovena w Warszawie Orkiestra Santander złożona ze studentów i absolwentów krajowych uczelni muzycznych, których w przyszłości z pewnością usłyszymy w składach wiodących polskich orkiestr. Przypomnijmy, że Santander Orchestra to wspólny projekt Banku Zachodniego WBK, Fundacji Młodych Talentów MyWay i Europejskiego Centrum Muzyki Krzysztofa Pendereckiego. Orkiestry występowała po dyrekcją Jerzego Maksymiuka, Krzysztofa Pendereckiego i Johna Axelroda, ma na koncie płytę nagraną z pianistą Krzysztofem Książkiem, a jej muzycy współpracują ze znakomitymi tutorami, liderami sekcji Orkiestry Sinfonia Varsovia.</p>
<p>W poniedziałek w Filharmonii Narodowej zespół miał okazję wystąpić pod batutą tak wytrawnego dyrygenta, jakim jest Amerykanin Lawrence Foster, szef muzyczny Opery w Marsylii, desygnowany na dyrektora artystycznego i pierwszego dyrygenta Narodowej Orkiestry Symfonicznej Polskiego Radia w Katowicach (od września 2019 roku). Na początek zagrali poemat symfoniczny <i>Step</i> Zygmunta Noskowskiego (1896), który od pewnego czasu, po latach zapomnienia, wraca do repertuaru krajowych orkiestr. Spokojnie i szeroko poprowadzony wstęp od razu przeniósł słuchacza w świat rozległych krajobrazów. Dumnie zabrzmiał polonez (część główna, <i>Moderato marcato</i>), w którym skrzypce grają wspaniały, oparty na punktowanym, wojskowym rytmie temat, który w zamyśle kompozytora miał się kojarzyć publiczności z polską konnicą. Ładnie zabrzmiało solo klarnetu w „melodii pastuszej”, flety, oboje, a zwłaszcza fagoty &#8211; w „tęsknej pieśni kozaczej”. W przetworzeniu było trochę nerwowości, ale dla samego dyrygenta <i>Step</i> jest utworem nowym.</p>
<p>Łukasz Krupiński, zwycięzca VII Międzynarodowego Konkursu Pianistycznego w San Marino w 2016 roku i finalista Międzynarodowego Konkursu Ferruccio Busoniego w Bolzano w 2017, był gwiazdą pierwszej części wieczoru. I znów zabrzmiały rodzime motywy, w tym radosny krakowiak &#8211; Krupiński wirtuozowsko wykonał <i>Fantazję polską na tematy własne</i> op. 19 Ignacego Jana Paderewskiego. Wielki polski pianista ten utwór, złożony z łatwo wpadających w ucho tematów, skomponował w Wiedniu w 1887 roku, będąc u progu wspaniałej kariery i światowej sławy. Był już po lekcjach u Teodora Leszetyckiego i przygotowywał się do debiutu w Paryżu, który natychmiast wywindował go na szczyty powodzenia, otworzył mu drogę do Ameryki, w której stał się postacią wręcz legendarną. Może ze względu na amerykański epizod w życiu Paderewskiego, a może po prostu ze względu na to, że jest to utwór dowcipny i efektowny, Łukasz Krupiński zagrał na bis <i>Preludium es-moll</i>, jedno z <i>Trzech preludiów </i>George’a Gershwina.</p>
<p>W drugiej części słuchaliśmy <i>III Symfonii D-dur </i>op. 29 Piotra Czajkowskiego, która bywa nazywana <i>Polską</i>, ze względu na polonezowy charakter finałowej, piątej części, przywodzący na myśl poloneza z <i>Eugeniusza Oniegina</i>. W tej muzyce Lawrence Foster poczuł się jak ryba w wodzie. Orkiestra nabrała więcej swobody, choć walcowi z II części przydałoby się więcej potoczystości i elegancji. Słychać było dbałość o spójność brzmienia. Szczególne gratulacje należą się sekcji instrumentów dętych drewnianych, puzonom i trąbkom. Jako słuchacz, życzyłabym sobie większej aktywności niskich smyczków w tej Orkiestrze Santander. altowiolistom, wiolonczelistom i kontrabasistom życzę więc większej śmiałości w wypowiadaniu swojego głosu. Nie dajcie się zdominować pierwszym skrzypcom.</p>
<p><b>Anna S. Dębowska</b></p>
<p><i>Koncert odbył się 26 marca w Filharmonii Narodowej w Warszawie</i></p>

<p>Muzyka polska lub z polskim motywem &#8211; taki program wybrała dla słuchaczy 22. Wielkanocnego Festiwalu Ludwiga van Beethovena w Warszawie Orkiestra Santander złożona ze studentów i absolwentów krajowych uczelni muzycznych, których w przyszłości z pewnością usłyszymy w składach wiodących polskich orkiestr. Przypomnijmy, że Santander Orchestra to wspólny projekt Banku Zachodniego WBK, Fundacji Młodych Talentów MyWay [&hellip;]</p>
