{"id":622,"date":"2018-03-25T11:32:04","date_gmt":"2018-03-25T09:32:04","guid":{"rendered":"http:\/\/beethoven.org.pl\/recenzje\/?page_id=622"},"modified":"2018-03-25T11:32:36","modified_gmt":"2018-03-25T09:32:36","slug":"krzysztof-ksiazek-na-zamku-krolewskim","status":"publish","type":"page","link":"https:\/\/beethoven.org.pl\/recenzje\/krzysztof-ksiazek-na-zamku-krolewskim\/","title":{"rendered":"Krzysztof Ksi\u0105\u017cek na Zamku Kr\u00f3lewskim"},"content":{"rendered":"<p>Nie wszed\u0142 do fina\u0142u XVII Mi\u0119dzynarodowego Konkursu Pianistycznego im. Fryderyka Chopina w Warszawie, ale by\u0142 faworytem publiczno\u015bci i dzi\u015b wida\u0107, \u017ce Chopin pozostanie wa\u017cnym kompozytorem w jego repertuarze. 26-letni Krzysztof Ksi\u0105\u017cek studiuje obecnie podyplomowo w klasie prof. Arie Vardiego w Hanowerze. 17 marca dokona\u0142 pierwszej prezentacji kopii fortepianu Buchholtza, budowniczego instrument\u00f3w, kt\u00f3rego bardzo ceni\u0142 m\u0142ody Fryderyk Chopin w warszawskich latach swojego \u017cycia. Nieco wcze\u015bniej ukaza\u0142a si\u0119 pierwsza solowa p\u0142yta Ksi\u0105\u017cka, wydana przez DUX we wsp\u00f3\u0142pracy ze Stowarzyszeniem im. Ludwiga van Beethovena, na kt\u00f3rej znalaz\u0142y si\u0119 wy\u0142\u0105cznie utwory Fryderyka Chopina, g\u0142\u00f3wnie z tzw. okresu Nohant.<\/p>\n<p>Chopin znalaz\u0142 si\u0119 te\u017c oczywi\u015bcie w programie sobotniego recitalu Ksi\u0105\u017cka na Zamku Kr\u00f3lewskim w Warszawie. Wykonanie <i>Poloneza fis-moll<\/i> op. 44 i <i>III Sonaty h-moll <\/i>op. 58 pianista poprzedzi\u0142 cyklami miniatur Claude\u2019a Debussy\u2019ego i wyborem mazurk\u00f3w z op. 50 Karola Szymanowskiego.<\/p>\n<p>Debussy (<i>K\u0105cik dzieci\u0119cy<\/i>, <i>Estampes<\/i>) zabrzmia\u0142y w wykonaniu Krzysztofa Ksi\u0105\u017cka interesuj\u0105co, szkoda tylko, \u017ce w wi\u0119kszo\u015bci by\u0142y przez niego zagrane masywnym d\u017awi\u0119kiem. By\u0107 mo\u017ce to po cz\u0119\u015bci wina akustyki Sali Wielkiej Zamku Kr\u00f3lewskiego, ale momentami fortepian brzmia\u0142 zdecydowanie za g\u0142o\u015bno. Cho\u0107 pianista potrafi\u0142 wydoby\u0107 z fortepianu bardzo delikatne <i>pianissima<\/i> (pocz\u0105tek <i>Ta\u0144ca \u015bniegu <\/i>z <i>K\u0105cika dzieci\u0119cego<\/i>), wykaza\u0107 si\u0119 wra\u017cliwo\u015bci\u0105 na malarstwo d\u017awi\u0119kowe w <i>Pagodach<\/i> z <i>Estampes<\/i>, zdecydowanie preferowa\u0142 dynamik\u0119 <i>forte <\/i>i jej zwielokrotnienie.<\/p>\n<p>Szkoda, bo z konkursu zapami\u0119ta\u0142am go jako pianist\u0119, kt\u00f3remu bliskie jest subtelne podej\u015bcie do muzyki. Wtedy da\u0142 si\u0119 r\u00f3wnie\u017c pozna\u0107 jako wra\u017cliwy interpretator mazurk\u00f3w Fryderyka Chopina. To pozwoli\u0142o mu z powodzeniem zmierzy\u0107 si\u0119 z mazurkami Karola Szymanowskiego (nr. od 1 do 4 z op. 50), z ich rubaszno\u015bci\u0105 i nawi\u0105zaniami do sm\u0119tnej, pe\u0142nej \u017calu polskiej nuty.<\/p>\n<p>W zagranym dostojnie<i> Polonezie fis-moll <\/i>zn\u00f3w zabrak\u0142o mi stopniowania dynamiki, grania jej p\u00f3\u0142cieniami. Pianista bardzo szybko dochodzi\u0142 do<i> forte<\/i> i z upodobaniem w nim pozostawa\u0142, a podniesiony g\u0142os nie s\u0142u\u017cy przekazywaniu tajemnicy, kt\u00f3r\u0105 Chopin wpisa\u0142 w ten polonez przepe\u0142niony tragicznym tonem. Ksi\u0105\u017cek \u0142adnie wprowadzi\u0142 s\u0142uchaczy w \u015brodkow\u0105 cz\u0119\u015b\u0107 utworu, kt\u00f3rym jest mazurek.<\/p>\n<p><em>Sonata h-moll<\/em> trzyma\u0142a si\u0119 w ryzach formy i s\u0142ycha\u0107 by\u0142o, \u017ce Krzysztof Ksi\u0105\u017cek pod tym k\u0105tem dog\u0142\u0119bnie j\u0105 przemy\u015bla\u0142. W jej odbiorze przeszkadza\u0142a mi pewna nerwowo\u015b\u0107 wykonawcy, by\u0107 mo\u017ce wynikaj\u0105ca z silnych emocji, kt\u00f3re wywo\u0142uje w nim ten wspania\u0142y utw\u00f3r.<\/p>\n<p>Bisowa\u0142 <i>Mazurkiem a-moll<\/i> op. 7 nr 2, kt\u00f3rym udowodni\u0142, \u017ce \u015bwietnie wyczuwa charakter polskich ta\u0144c\u00f3w. Takiego Ksi\u0105\u017cka chc\u0119 s\u0142ucha\u0107.<\/p>\n<p><b>Anna S. D\u0119bowska<\/b><\/p>\n<p><i>24 marca na Zamku Kr\u00f3lewskim, godz. 12<\/i><\/p>","protected":false},"excerpt":{"rendered":"<p>Nie wszed\u0142 do fina\u0142u XVII Mi\u0119dzynarodowego Konkursu Pianistycznego im. Fryderyka Chopina w Warszawie, ale by\u0142 faworytem publiczno\u015bci i dzi\u015b wida\u0107, \u017ce Chopin pozostanie wa\u017cnym kompozytorem w jego repertuarze. 26-letni Krzysztof Ksi\u0105\u017cek studiuje obecnie podyplomowo w klasie prof. Arie Vardiego w Hanowerze. 17 marca dokona\u0142 pierwszej prezentacji kopii fortepianu Buchholtza, budowniczego instrument\u00f3w, kt\u00f3rego bardzo ceni\u0142 m\u0142ody [&hellip;]<\/p>\n","protected":false},"author":8,"featured_media":0,"parent":0,"menu_order":0,"comment_status":"closed","ping_status":"closed","template":"","meta":{"footnotes":""},"class_list":["post-622","page","type-page","status-publish","hentry"],"_links":{"self":[{"href":"https:\/\/beethoven.org.pl\/recenzje\/wp-json\/wp\/v2\/pages\/622","targetHints":{"allow":["GET"]}}],"collection":[{"href":"https:\/\/beethoven.org.pl\/recenzje\/wp-json\/wp\/v2\/pages"}],"about":[{"href":"https:\/\/beethoven.org.pl\/recenzje\/wp-json\/wp\/v2\/types\/page"}],"author":[{"embeddable":true,"href":"https:\/\/beethoven.org.pl\/recenzje\/wp-json\/wp\/v2\/users\/8"}],"replies":[{"embeddable":true,"href":"https:\/\/beethoven.org.pl\/recenzje\/wp-json\/wp\/v2\/comments?post=622"}],"version-history":[{"count":3,"href":"https:\/\/beethoven.org.pl\/recenzje\/wp-json\/wp\/v2\/pages\/622\/revisions"}],"predecessor-version":[{"id":625,"href":"https:\/\/beethoven.org.pl\/recenzje\/wp-json\/wp\/v2\/pages\/622\/revisions\/625"}],"wp:attachment":[{"href":"https:\/\/beethoven.org.pl\/recenzje\/wp-json\/wp\/v2\/media?parent=622"}],"curies":[{"name":"wp","href":"https:\/\/api.w.org\/{rel}","templated":true}]}}