{"id":61,"date":"2016-03-22T10:31:18","date_gmt":"2016-03-22T09:31:18","guid":{"rendered":"http:\/\/dev.yoho.pl\/beethoven\/recenzje\/?page_id=61"},"modified":"2016-11-30T10:41:49","modified_gmt":"2016-11-30T09:41:49","slug":"wielki-glos-wielkie-piekno","status":"publish","type":"page","link":"https:\/\/beethoven.org.pl\/recenzje\/wielki-glos-wielkie-piekno\/","title":{"rendered":"Wielki g\u0142os, wielkie pi\u0119kno"},"content":{"rendered":"<p>W recenzji poprzedniego wieczoru zachwyca\u0142am si\u0119 gr\u0105 Sinfonii Varsovii. A dzi\u015b na scenie Filharmonii Narodowej zasiad\u0142a orkiestra, kt\u00f3ra poprowadzi\u0142a nas jeszcze o jeden schodek bli\u017cej nieba! To by\u0142 od pierwszego do ostatniego d\u017awi\u0119ku cudowny koncert. NDR Sinfonieorchester Hamburg pod batut\u0105 Krzysztofa Urba\u0144skiego, Polaka zdobywaj\u0105cego \u015bwiatowe estrady, wprost zachwyca\u0142a.<br \/>\nD\u017awi\u0119kowo malarski orkiestrowy majstersztyk Richarda Straussa \u201eWeso\u0142e psoty Dyla Sowizdrza\u0142a\u201d niew\u0105tpliwie jest probierzem zdolno\u015bci ka\u017cdego symfonicznego zespo\u0142u. Nie wiem, czy mamy w Polsce podobnie sprawn\u0105 i zachwycaj\u0105c\u0105 sp\u00f3jno\u015bci\u0105 brzmienia orkiestr\u0119 i tak bezb\u0142\u0119dn\u0105 sekcj\u0119 d\u0119t\u0105 (wielkie brawa szczeg\u00f3lnie dla waltorni). By\u0142 to programowy, p\u00f3\u017anoromantyczny, czyli bardzo odpowiedni, \u201eprzedtakt\u201d do Mahlerowskiego \u201eDes Knaben Wundenhorn\u201d, z kt\u00f3rego zbioru pi\u0119\u0107 pie\u015bni wykona\u0142 Thomas Hampson. O interpretacji ameryka\u0144skiego barytona mo\u017cna m\u00f3wi\u0107 tylko i wy\u0142\u0105cznie w superlatywach. Pi\u0119\u0107 pie\u015bni otwieraj\u0105cych drzwi do romantycznego \u015bwiata tajemniczo\u015bci wywiedzionej z folkloru, dziecinnych wyobra\u017ce\u0144, obrazk\u00f3w o duchach i ba\u015bniowych postaciach, muzyki orkiestr wojskowych, pe\u0142nych ironii anegdotycznymi diagnoz, sta\u0142o si\u0119 prawdziwym muzycznym spektaklem. Ka\u017cdy najmniejszy szczeg\u00f3\u0142, gest, oddech mia\u0142 swoj\u0105 wielk\u0105 wag\u0119. By\u0142a to wyrafinowana podr\u00f3\u017c. Hampson m\u00f3wi\u0142 w rozmowie dla \u201eRuchu Muzycznego\u201d (3\/2014) o pie\u015bni, jako w\u0142a\u015bnie o podr\u00f3\u017cy \u2013 za s\u0142owem: \u201e[S\u0142owo] wyzwala w konkretnych okoliczno\u015bciach jak\u0105\u015b emocjonaln\u0105, pobudzaj\u0105c\u0105 reakcj\u0119. Pie\u015b\u0144 nie jest komunikatem ubranym w muzyk\u0119. Osobn\u0105 form\u0105 sztuki jest melodia, osobn\u0105 r\u00f3wnie\u017c jest wiersz. [\u2026] Dla mnie to co\u015b wspania\u0142ego, \u017ce dwie formy sztuki \u0142\u0105cz\u0105 si\u0119 w trzeci\u0105, nazwan\u0105 pie\u015bni\u0105. I fantastyczne jest to, jak j\u0119zyk muzyki poprzez s\u0142owa uruchamia nasz\u0105 wyobra\u017ani\u0119\u201d. Rzeczywi\u015bcie Hampsonowi uda\u0142o si\u0119 poruszy\u0107 wyobra\u017ani\u0105 zebranych w FN. Nieko\u0144cz\u0105ce si\u0119 oklaski nie mog\u0142y nie skutkowa\u0107 bisami \u2013 us\u0142yszeli\u015bmy, chyba jeszcze bardziej wyborne i temperamentne, pie\u015bni :\u201eAntoniego z Padwy kazanie do ryb\u201d i \u201ePochwa\u0142\u0119 \u015bwiat\u0142ego rozumu\u201d z tekstem pe\u0142nym onomatopei (kukanie kuku\u0142ki i \u201eHi-je! Hi-je!\u201d osio\u0142ka).<br \/>\nPrawdziwie kr\u00f3lewskim zwie\u0144czeniem sta\u0142a si\u0119 czysto symfoniczna kreacja, kt\u00f3ra zabrzmia\u0142a po przerwie. Rzadko mo\u017cna spotka\u0107 tak sprawne, przedstawiaj\u0105ce rozmaito\u015b\u0107 oryginalnych pomys\u0142\u00f3w i nawi\u0105za\u0144 do przesz\u0142o\u015bci wykonanie dzie\u0142a Szostakowicza. Rosyjski kompozytor \u201emoderny zniewolonej\u201d sw\u0105 \u201eX Symfoni\u0119\u201d napisa\u0142 a\u017c osiem lat po poprzedniej, nied\u0142ugo po \u015bmierci Stalina \u2013 i bezpo\u015brednio nawi\u0105zuje do okresu jego rz\u0105d\u00f3w. W utworze ironia przeplatana jest b\u00f3lem, pot\u0119\u017cnie pr\u0119\u017c\u0105ce si\u0119 d\u017awi\u0119ki, szorstkie, spotykaj\u0105 te koj\u0105ce, szukaj\u0105ce wytchnienia w uroczych fluktuacjach. To przejmuj\u0105ca przemowa, kt\u00f3ra pod batut\u0105 Urba\u0144skiego ukazana zosta\u0142a z ogromnym znawstwem rzeczy. A zaznaczy\u0107 trzeba, \u017ce partytura nie nale\u017cy do \u0142atwych; nietrudno te\u017c podda\u0107 si\u0119 warstwie ekspresyjnej dzie\u0142a (wiele zespo\u0142\u00f3w zanadto romantyzuje) i zapomnie\u0107 o tym, \u017ce dynamika ma w \u201eDziesi\u0105tej\u201d ambitus najwi\u0119kszy z mo\u017cliwych. Pozostaje mi wi\u0119c wypatrywa\u0107 na afiszach polskich sal koncertowych kolejnych wyst\u0119p\u00f3w NDR Sinfonieorchester Hamburg i oczekiwa\u0107 na kolejne wielkie i pi\u0119kne muzyczne prze\u017cycia.<br \/>\nMarta Januszkiewicz<\/p>","protected":false},"excerpt":{"rendered":"<p>W recenzji poprzedniego wieczoru zachwyca\u0142am si\u0119 gr\u0105 Sinfonii Varsovii. A dzi\u015b na scenie Filharmonii Narodowej zasiad\u0142a orkiestra, kt\u00f3ra poprowadzi\u0142a nas jeszcze o jeden schodek bli\u017cej nieba! To by\u0142 od pierwszego do ostatniego d\u017awi\u0119ku cudowny koncert. NDR Sinfonieorchester Hamburg pod batut\u0105 Krzysztofa Urba\u0144skiego, Polaka zdobywaj\u0105cego \u015bwiatowe estrady, wprost zachwyca\u0142a. D\u017awi\u0119kowo malarski orkiestrowy majstersztyk Richarda Straussa \u201eWeso\u0142e [&hellip;]<\/p>\n","protected":false},"author":2,"featured_media":0,"parent":0,"menu_order":0,"comment_status":"closed","ping_status":"closed","template":"","meta":{"footnotes":""},"class_list":["post-61","page","type-page","status-publish","hentry"],"_links":{"self":[{"href":"https:\/\/beethoven.org.pl\/recenzje\/wp-json\/wp\/v2\/pages\/61","targetHints":{"allow":["GET"]}}],"collection":[{"href":"https:\/\/beethoven.org.pl\/recenzje\/wp-json\/wp\/v2\/pages"}],"about":[{"href":"https:\/\/beethoven.org.pl\/recenzje\/wp-json\/wp\/v2\/types\/page"}],"author":[{"embeddable":true,"href":"https:\/\/beethoven.org.pl\/recenzje\/wp-json\/wp\/v2\/users\/2"}],"replies":[{"embeddable":true,"href":"https:\/\/beethoven.org.pl\/recenzje\/wp-json\/wp\/v2\/comments?post=61"}],"version-history":[{"count":1,"href":"https:\/\/beethoven.org.pl\/recenzje\/wp-json\/wp\/v2\/pages\/61\/revisions"}],"predecessor-version":[{"id":62,"href":"https:\/\/beethoven.org.pl\/recenzje\/wp-json\/wp\/v2\/pages\/61\/revisions\/62"}],"wp:attachment":[{"href":"https:\/\/beethoven.org.pl\/recenzje\/wp-json\/wp\/v2\/media?parent=61"}],"curies":[{"name":"wp","href":"https:\/\/api.w.org\/{rel}","templated":true}]}}