{"id":57,"date":"2016-03-20T10:29:22","date_gmt":"2016-03-20T09:29:22","guid":{"rendered":"http:\/\/dev.yoho.pl\/beethoven\/recenzje\/?page_id=57"},"modified":"2016-11-30T10:41:00","modified_gmt":"2016-11-30T09:41:00","slug":"beethovenowscy-wirtuozi","status":"publish","type":"page","link":"https:\/\/beethoven.org.pl\/recenzje\/beethovenowscy-wirtuozi\/","title":{"rendered":"Beethovenowscy wirtuozi"},"content":{"rendered":"<p>To bez w\u0105tpienia by\u0142 ich wiecz\u00f3r! Powo\u0142ana do \u017cycia przesz\u0142o 20 lat temu jako miejska instytucja kultury (nota bene dzi\u0119ki wsparciu El\u017cbiety i Krzysztofa Pendereckich) orkiestra Sinfonietta Cracovia po raz kolejny dowiod\u0142a, \u017ce po okresie kryzysu, zmianie kierownictwa i dyrektora artystycznego zn\u00f3w mo\u017ce si\u0119 wspina\u0107 na szczyty. Przed paroma dniami wraz z Rudolfem Buchbinderem wzi\u0119\u0142a udzia\u0142 w beethovenowskim maratonie, wykonuj\u0105c trzy koncerty fortepianowe patrona festiwalu. Teraz do udzia\u0142u w festiwalowym koncercie zaprosi\u0142a dw\u00f3ch fantastycznych solist\u00f3w: harfist\u0119 Xaviera de Maistre oraz perkusist\u0119 Martina Grubingera.<br \/>\nRozchwytywany w muzycznym \u015bwiecie harfista wykonuje dzie\u0142a zamawiane u tej klasy kompozytor\u00f3w co Krzysztof Penderecki czy Kaija Saariaho. Ma za sob\u0105 r\u00f3wnie\u017c wsp\u00f3\u0142prac\u0119 z najwa\u017cniejszymi orkiestrami \u015bwiata pod dyrekcj\u0105 tak znakomitych dyrygent\u00f3w jak Bertrand de Billy, Daniele Gatti, Kristjan J\u00e4rvi, Philippe Jordan, Riccardo Muti, Andr\u00e9s Orozco-Estrada, Andr\u00e9 Previn, Sir Simon Rattle, Heinrich Schiff i Gilbert Varga. Regularnie wyst\u0119puje r\u00f3wnie\u017c na najwa\u017cniejszych festiwalach Europy, m.in. w Szlezwiku-Holsztynie, Salzburgu, Rheingau, Wiedniu i Verbier, na Budapeszte\u0144skiej Wio\u015bnie i Festiwalu Mozarta w Wurzburgu. Podczas Wielkanocnego<br \/>\nFestiwalu Ludwiga van Beethovena w Warszawie wraz z orkiestr\u0105 Sinfoniett\u0105 Cracovi\u0105 pod dyrekcj\u0105 Jurka Dyba\u0142a wykona\u0142 Koncert na harf\u0119 op. 25 Alberto Ginastery. Prze\u017cyciem by\u0142o ju\u017c samo obserwowanie z jak\u0105 lekko\u015bci\u0105 i swobod\u0105 artysta maluje frazy. Niezwyk\u0142a muzykalno\u015b\u0107 po\u0142\u0105czona z precyzj\u0105 to w\u0142a\u015bnie cechy mistrzostwa de Maistra. Wielkie brawa r\u00f3wnie\u017c dla samej orkiestry, kt\u00f3ra nie tylko \u017cywo pod\u0105\u017ca\u0142a za narracj\u0105 solisty, ale okaza\u0142a si\u0119 te\u017c wielce wra\u017cliwym na jego barwn\u0105 stylistyk\u0119 instrumentem.<br \/>\nR\u00f3wnie wspaniale zapami\u0119tany zostanie zapewne wyst\u0119p Martina Grubingera. Graj\u0105cy na olbrzymim zestawie instrument\u00f3w perkusyjnych artysta dwoi\u0142 si\u0119 i troi\u0142 by nad\u0105\u017cy\u0107 za licznymi zmianami w partyturze Koncertu na perkusj\u0119 i orkiestr\u0119 smyczkow\u0105 \u201eConjurer\u201d Johna Corigliano. Dynamiczny do granic mo\u017cliwo\u015bci, a w\u0142a\u015bciwie spektakularny utw\u00f3r obecnego w sali Filharmonii Narodowej ameryka\u0144skiego tw\u00f3rcy to jednak nic nowego w jego kompozytorskim opus. Cho\u0107 komponuje oczywi\u015bcie dzie\u0142a kameralne, Corigliano specjalizuje si\u0119 przecie\u017c w kompozycjach widowiskowych, spektakularnych w\u0142a\u015bnie, za kt\u00f3re wielokrotnie zdobywa\u0142 najwy\u017csze trofea w \u015bwiecie kultury i sztuki, w tym nagrody Pulitzera, BAFTA i Oscara. Grubinger jest za\u015b do tak pisanych utwor\u00f3w wykonawc\u0105 najdoskonalszym. To wirtuoz najwy\u017cszej klasy, o czym przekonali\u015bmy si\u0119 zar\u00f3wno w wy\u015bmienicie zagranym \u201cConjurer\u201d, jak te\u017c wykonanym na bis, p\u00f3\u0142 \u017cartem p\u00f3\u0142 serio kapitalnym popisie na werblu solo.<br \/>\nOwacjom nie by\u0142o ko\u0144ca, obaj arty\u015bci &#8211; Xavier de Maistre i Martin Grubinger \u2013 wielokrotnie wywo\u0142ywani byli przez publiczno\u015b\u0107 na scen\u0119. Przy tak wy\u015brubowanych w solowych koncertach emocjach I Symfonia f-moll op. 10 Dymitra Szostakowicza wypad\u0142a troch\u0119 blado, cho\u0107 w grze prowadzonej Jurka Dyba\u0142a orkiestry nie brakowa\u0142o przecie\u017c doskona\u0142o\u015bci brzmieniowej czy zgrania. Zabrak\u0142o jednak odrobiny interpretacyjnej wizji, kt\u00f3ra potrzebna jest zw\u0142aszcza w tak monumentalnych dzie\u0142ach.<br \/>\nTego samego dnia na Zamku Kr\u00f3lewskim koncertowa\u0142a Lithuanian Chamber Orchestra pod dyrekcj\u0105 wyst\u0119puj\u0105cego jednocze\u015bnie w roli koncertmistrza i solisty skrzypka Sergeja Krylova.<br \/>\nArty\u015bci przedstawili ciekawy program, zestawiaj\u0105c ze sob\u0105 \u201eCztery pory roku\u201d Antonio Vivaldiego z \u201eCzterema porami roku w Buenos Aires\u201d argenty\u0144skiego kompozytora Astora Piazzolli.<br \/>\nKrylov i jego orkiestra s\u0105 zespoleni niczym jeden instrument. \u0141\u0105czy ich porozumienie niemal\u017ce telepatyczne. A \u017ce s\u0105 artystami niezwykle muzykalnymi s\u0142uchacze otrzymuj\u0105 w prezencie interpretacje najwy\u017cszych lot\u00f3w. Na czyj\u0105 za\u015b korzy\u015b\u0107 wypada takie zestawienie? Trudno o jednoznaczn\u0105 ocen\u0119. Vivaldi to klasyka, cho\u0107 po wielu obrazoburczych wr\u0119cz interpretacjach wcale ju\u017c nie \u015bwi\u0119ta. A jednak klasyka. Dla mnie za\u015b Piazzolla pozostanie niedo\u015bcignionym mistrzem tanga i rozgrywaj\u0105cego si\u0119 na jego przestrzeni magicznego po\u0142\u0105czenia parajazzowej improwizacji z pie\u015bniarsk\u0105 liryk\u0105. Jego \u201cPory roku&#8230;\u201d, cho\u0107 w \u015bwietnym wykonaniu Krylova i litewskich kameralist\u00f3w, nie mog\u0105 si\u0119 jednak r\u00f3wna\u0107 z arcydzie\u0142em \u201eRudego Ksi\u0119dza\u201d, cho\u0107 \u2013 jak jeszcze raz nale\u017ca\u0142oby podkre\u015bli\u0107 \u2013 wykonane zosta\u0142y naprawd\u0119 po mistrzowsku, a ich wys\u0142uchanie tu\u017c po sobie by\u0142o ciekawym do\u015bwiadczeniem.<br \/>\nW niedzielne popo\u0142udnie w sali kameralnej Filharmonii Narodowej koncertowa\u0142 jeszcze pianista Konrad Skolarski. Artysta, kt\u00f3rego wychwalaj\u0105 najwi\u0119ksze autorytety muzyczne (w tym sam profesor Krzysztof Penderecki), zaprezentowa\u0142 program, w kt\u00f3rym obok dzie\u0142 Chopina zabrzmia\u0142a r\u00f3wnie\u017c rzadko prezentowana na naszych scenach I Lekcja e-moll Jeana-Baptiste Loeilleta, a tak\u017ce kompozycje Beethovena, Liszta i Rachmaninowa. I w\u0142a\u015bnie interpretacja tego ostatniego &#8211; II Sonaty fortepianowej b-moll op. 36 &#8211; przyci\u0105ga\u0142a najwi\u0119ksz\u0105 uwag\u0119. Bo o ile w Barkaroli Fis-dur op. 60 Chopina czy Sonacie cis-moll \u201eKsi\u0119\u017cycowej\u201d Beethovena pianista trzyma\u0142 si\u0119 mocno klasycznych ram, to w\u0142a\u015bnie w Sonacie Rachmaninowa pokaza\u0142 odrobin\u0119 indywidualizmu, z pe\u0142ni\u0105 dynamiki, pi\u0119knym frazowaniem, kapitalnie budowan\u0105 dramaturgi\u0105 i odpowiedni\u0105 doz\u0105 wirtuozerii.<br \/>\nTomasz Handzlik<\/p>","protected":false},"excerpt":{"rendered":"<p>To bez w\u0105tpienia by\u0142 ich wiecz\u00f3r! Powo\u0142ana do \u017cycia przesz\u0142o 20 lat temu jako miejska instytucja kultury (nota bene dzi\u0119ki wsparciu El\u017cbiety i Krzysztofa Pendereckich) orkiestra Sinfonietta Cracovia po raz kolejny dowiod\u0142a, \u017ce po okresie kryzysu, zmianie kierownictwa i dyrektora artystycznego zn\u00f3w mo\u017ce si\u0119 wspina\u0107 na szczyty. Przed paroma dniami wraz z Rudolfem Buchbinderem wzi\u0119\u0142a [&hellip;]<\/p>\n","protected":false},"author":2,"featured_media":0,"parent":0,"menu_order":0,"comment_status":"closed","ping_status":"closed","template":"","meta":{"footnotes":""},"class_list":["post-57","page","type-page","status-publish","hentry"],"_links":{"self":[{"href":"https:\/\/beethoven.org.pl\/recenzje\/wp-json\/wp\/v2\/pages\/57","targetHints":{"allow":["GET"]}}],"collection":[{"href":"https:\/\/beethoven.org.pl\/recenzje\/wp-json\/wp\/v2\/pages"}],"about":[{"href":"https:\/\/beethoven.org.pl\/recenzje\/wp-json\/wp\/v2\/types\/page"}],"author":[{"embeddable":true,"href":"https:\/\/beethoven.org.pl\/recenzje\/wp-json\/wp\/v2\/users\/2"}],"replies":[{"embeddable":true,"href":"https:\/\/beethoven.org.pl\/recenzje\/wp-json\/wp\/v2\/comments?post=57"}],"version-history":[{"count":1,"href":"https:\/\/beethoven.org.pl\/recenzje\/wp-json\/wp\/v2\/pages\/57\/revisions"}],"predecessor-version":[{"id":58,"href":"https:\/\/beethoven.org.pl\/recenzje\/wp-json\/wp\/v2\/pages\/57\/revisions\/58"}],"wp:attachment":[{"href":"https:\/\/beethoven.org.pl\/recenzje\/wp-json\/wp\/v2\/media?parent=57"}],"curies":[{"name":"wp","href":"https:\/\/api.w.org\/{rel}","templated":true}]}}