{"id":555,"date":"2017-07-10T13:56:31","date_gmt":"2017-07-10T11:56:31","guid":{"rendered":"http:\/\/beethoven.org.pl\/recenzje\/?page_id=555"},"modified":"2017-07-10T13:57:04","modified_gmt":"2017-07-10T11:57:04","slug":"udana-inauguracja-koncertow-promenadowych-w-filharmonii-baltyckiej-ewa-palinska-fragment","status":"publish","type":"page","link":"https:\/\/beethoven.org.pl\/recenzje\/en\/udana-inauguracja-koncertow-promenadowych-w-filharmonii-baltyckiej-ewa-palinska-fragment\/","title":{"rendered":"(Polski) Udana inauguracja Koncert\u00f3w Promenadowych w Filharmonii Ba\u0142tyckiej Ewa Pali\u0144ska (fragment)"},"content":{"rendered":"<p class=\"qtranxs-available-languages-message qtranxs-available-languages-message-en\">Sorry, this entry is only available in <a href=\"https:\/\/beethoven.org.pl\/recenzje\/pl\/wp-json\/wp\/v2\/pages\/555\" class=\"qtranxs-available-language-link qtranxs-available-language-link-pl\" title=\"Polski\">Polski<\/a>.<\/p>","protected":false},"excerpt":{"rendered":"<p>Sorry, this entry is only available in Polski.<\/p>\n","protected":false},"author":2,"featured_media":0,"parent":0,"menu_order":0,"comment_status":"closed","ping_status":"closed","template":"","meta":{"footnotes":""},"class_list":["post-555","page","type-page","status-publish","hentry"],"_links":{"self":[{"href":"https:\/\/beethoven.org.pl\/recenzje\/en\/wp-json\/wp\/v2\/pages\/555","targetHints":{"allow":["GET"]}}],"collection":[{"href":"https:\/\/beethoven.org.pl\/recenzje\/en\/wp-json\/wp\/v2\/pages"}],"about":[{"href":"https:\/\/beethoven.org.pl\/recenzje\/en\/wp-json\/wp\/v2\/types\/page"}],"author":[{"embeddable":true,"href":"https:\/\/beethoven.org.pl\/recenzje\/en\/wp-json\/wp\/v2\/users\/2"}],"replies":[{"embeddable":true,"href":"https:\/\/beethoven.org.pl\/recenzje\/en\/wp-json\/wp\/v2\/comments?post=555"}],"version-history":[{"count":1,"href":"https:\/\/beethoven.org.pl\/recenzje\/en\/wp-json\/wp\/v2\/pages\/555\/revisions"}],"predecessor-version":[{"id":556,"href":"https:\/\/beethoven.org.pl\/recenzje\/en\/wp-json\/wp\/v2\/pages\/555\/revisions\/556"}],"wp:attachment":[{"href":"https:\/\/beethoven.org.pl\/recenzje\/en\/wp-json\/wp\/v2\/media?parent=555"}],"curies":[{"name":"wp","href":"https:\/\/api.w.org\/{rel}","templated":true}]}}

(Polski) Udana inauguracja Koncertów Promenadowych w Filharmonii Bałtyckiej Ewa Palińska (fragment)
