{"id":522,"date":"2017-04-15T12:01:07","date_gmt":"2017-04-15T10:01:07","guid":{"rendered":"http:\/\/beethoven.org.pl\/recenzje\/?page_id=522"},"modified":"2017-04-15T12:01:07","modified_gmt":"2017-04-15T10:01:07","slug":"brahms-w-wielki-piatek","status":"publish","type":"page","link":"https:\/\/beethoven.org.pl\/recenzje\/brahms-w-wielki-piatek\/","title":{"rendered":"Brahms w Wielki Pi\u0105tek"},"content":{"rendered":"<p>W Wielki Pi\u0105tek zako\u0144czy\u0142 si\u0119 21. Wielkanocny Festiwal Ludwiga van Beethovena. W ci\u0105gu dw\u00f3ch tygodni odby\u0142y si\u0119 33 koncerty: 16 w Warszawie i 17 w innych miastach (Krak\u00f3w, Gda\u0144sk, Katowice, Lublin, Radom, Szczecin Zabrze).<\/p>\n<p>W Teatrze Wielkim \u2013 Operze Narodowej festiwal zako\u0144czy\u0142 si\u0119 uroczy\u015bcie i przy pe\u0142nej frekwencji wykonaniem <i>Niemieckiego requiem<\/i> op. 45 Johannesa Brahmsa (1869), jedno z najbardziej wzruszaj\u0105cych dzie\u0142 wokalno-instrumentalnych poruszaj\u0105cych tematyk\u0119 \u015bmierci i \u017cycia wiecznego. Requiem \u201eniemieckie\u201d, poniewa\u017c Brahms, lu\u017ano tylko nawi\u0105zuj\u0105c do liturgicznej mszy \u017ca\u0142obnej, opar\u0142 si\u0119 na wybranych wersetach z Biblii w przek\u0142adzie na ojczysty j\u0119zyk kompozytora.<\/p>\n<p>Mimo niezbyt dobrej akustyki \u2013 zabudowana scena Opery Narodowej nie jest dobrym miejscem na koncerty \u2013 <em>Niemieckie requiem<\/em> pod batut\u0105 Leopolda Hagera zabrzmia\u0142o bardzo dobrze, dostojnie i solennie. Najs\u0142abszym punktem by\u0142y fragmenty \u015bpiewane przez ch\u00f3r a capella, w\u0142a\u015bnie z powod\u00f3w akustycznych, gdy\u017c zabudowana scena sp\u0142aszcza\u0142a i wyg\u0142usza\u0142a d\u017awi\u0119k. \u015awietnie natomiast brzmia\u0142a Orkiestra Sinfonia Varsovia, zar\u00f3wno w tutti, jak i w ekspozycjach poszczeg\u00f3lnych grup instrument\u00f3w. Szkoda tylko, \u017ce w III cz\u0119\u015bci (<i>Andante moderato<\/i>) nie wybrzmia\u0142a dostatecznie mocno nuta peda\u0142owa D, grana przez kontrabasy, puzony i kot\u0142y, ten niezwyk\u0142y, archaizuj\u0105cy uk\u0142on w stron\u0119 niemieckiej tradycji muzycznej i Bacha, ale tu zn\u00f3w zawini\u0142a z\u0142a akustyka. Wprawdzie uznana sopranistka Marlis Petersen, wykonuj\u0105c sopranowe solo w cz\u0119\u015bci V, roz\u015bpiewa\u0142a si\u0119 dopiero w po\u0142owie, to spragniony dobrych g\u0142os\u00f3w wokalnych s\u0142uchacz, m\u00f3g\u0142 poczu\u0107 si\u0119 zadowolony, s\u0142uchaj\u0105c drugiego solo barytonu (cz\u0119\u015b\u0107 VI, <em>Oto og\u0142aszam wam tajemnic\u0119: nie wszyscy pomrzemy, lecz wszyscy b\u0119dziemy odmienieni<\/em>) \u2013 Thomas E. Bauer dysponuje lekkim jasnym barytonem, w kt\u00f3rym potrafi jedna zawrze\u0107 du\u017co mocy.<\/p>\n<p>Cz\u0119\u015b\u0107 VI, Brahmsowskie <em>d<\/em><i>ies irae<\/i>, zabrzmia\u0142a najlepiej, je\u015bli chodzi o prac\u0119 ca\u0142ego zespo\u0142u \u2013 dla grzmi\u0105cych d\u017awi\u0119k\u00f3w puzon\u00f3w, tuby i kot\u0142\u00f3w, \u015bwietn\u0105 przeciwwag\u0105 by\u0142a mi\u0119kka, precyzyjna praca smyczk\u00f3w. Tak\u0105 Sinfoni\u0119 Varsovi\u0119 lubi\u0119.<\/p>\n<p><b>Anna S. D\u0119bowska<\/b><\/p>\n<p><i>Pi\u0105tek, 14 kwietnia, godz. 19.30, Teatr Wielki \u2013 Opera Narodowa<\/i><\/p>","protected":false},"excerpt":{"rendered":"<p>W Wielki Pi\u0105tek zako\u0144czy\u0142 si\u0119 21. Wielkanocny Festiwal Ludwiga van Beethovena. W ci\u0105gu dw\u00f3ch tygodni odby\u0142y si\u0119 33 koncerty: 16 w Warszawie i 17 w innych miastach (Krak\u00f3w, Gda\u0144sk, Katowice, Lublin, Radom, Szczecin Zabrze). W Teatrze Wielkim \u2013 Operze Narodowej festiwal zako\u0144czy\u0142 si\u0119 uroczy\u015bcie i przy pe\u0142nej frekwencji wykonaniem Niemieckiego requiem op. 45 Johannesa Brahmsa [&hellip;]<\/p>\n","protected":false},"author":8,"featured_media":0,"parent":0,"menu_order":0,"comment_status":"closed","ping_status":"closed","template":"","meta":{"footnotes":""},"class_list":["post-522","page","type-page","status-publish","hentry"],"_links":{"self":[{"href":"https:\/\/beethoven.org.pl\/recenzje\/wp-json\/wp\/v2\/pages\/522","targetHints":{"allow":["GET"]}}],"collection":[{"href":"https:\/\/beethoven.org.pl\/recenzje\/wp-json\/wp\/v2\/pages"}],"about":[{"href":"https:\/\/beethoven.org.pl\/recenzje\/wp-json\/wp\/v2\/types\/page"}],"author":[{"embeddable":true,"href":"https:\/\/beethoven.org.pl\/recenzje\/wp-json\/wp\/v2\/users\/8"}],"replies":[{"embeddable":true,"href":"https:\/\/beethoven.org.pl\/recenzje\/wp-json\/wp\/v2\/comments?post=522"}],"version-history":[{"count":1,"href":"https:\/\/beethoven.org.pl\/recenzje\/wp-json\/wp\/v2\/pages\/522\/revisions"}],"predecessor-version":[{"id":523,"href":"https:\/\/beethoven.org.pl\/recenzje\/wp-json\/wp\/v2\/pages\/522\/revisions\/523"}],"wp:attachment":[{"href":"https:\/\/beethoven.org.pl\/recenzje\/wp-json\/wp\/v2\/media?parent=522"}],"curies":[{"name":"wp","href":"https:\/\/api.w.org\/{rel}","templated":true}]}}

Brahms w Wielki Piątek

<p>W Wielki Piątek zakończył się 21. Wielkanocny Festiwal Ludwiga van Beethovena. W ciągu dwóch tygodni odbyły się 33 koncerty: 16 w Warszawie i 17 w innych miastach (Kraków, Gdańsk, Katowice, Lublin, Radom, Szczecin Zabrze).</p>
<p>W Teatrze Wielkim – Operze Narodowej festiwal zakończył się uroczyście i przy pełnej frekwencji wykonaniem <i>Niemieckiego requiem</i> op. 45 Johannesa Brahmsa (1869), jedno z najbardziej wzruszających dzieł wokalno-instrumentalnych poruszających tematykę śmierci i życia wiecznego. Requiem „niemieckie”, ponieważ Brahms, luźno tylko nawiązując do liturgicznej mszy żałobnej, oparł się na wybranych wersetach z Biblii w przekładzie na ojczysty język kompozytora.</p>
<p>Mimo niezbyt dobrej akustyki – zabudowana scena Opery Narodowej nie jest dobrym miejscem na koncerty – <em>Niemieckie requiem</em> pod batutą Leopolda Hagera zabrzmiało bardzo dobrze, dostojnie i solennie. Najsłabszym punktem były fragmenty śpiewane przez chór a capella, właśnie z powodów akustycznych, gdyż zabudowana scena spłaszczała i wygłuszała dźwięk. Świetnie natomiast brzmiała Orkiestra Sinfonia Varsovia, zarówno w tutti, jak i w ekspozycjach poszczególnych grup instrumentów. Szkoda tylko, że w III części (<i>Andante moderato</i>) nie wybrzmiała dostatecznie mocno nuta pedałowa D, grana przez kontrabasy, puzony i kotły, ten niezwykły, archaizujący ukłon w stronę niemieckiej tradycji muzycznej i Bacha, ale tu znów zawiniła zła akustyka. Wprawdzie uznana sopranistka Marlis Petersen, wykonując sopranowe solo w części V, rozśpiewała się dopiero w połowie, to spragniony dobrych głosów wokalnych słuchacz, mógł poczuć się zadowolony, słuchając drugiego solo barytonu (część VI, <em>Oto ogłaszam wam tajemnicę: nie wszyscy pomrzemy, lecz wszyscy będziemy odmienieni</em>) – Thomas E. Bauer dysponuje lekkim jasnym barytonem, w którym potrafi jedna zawrzeć dużo mocy.</p>
<p>Część VI, Brahmsowskie <em>d</em><i>ies irae</i>, zabrzmiała najlepiej, jeśli chodzi o pracę całego zespołu – dla grzmiących dźwięków puzonów, tuby i kotłów, świetną przeciwwagą była miękka, precyzyjna praca smyczków. Taką Sinfonię Varsovię lubię.</p>
<p><b>Anna S. Dębowska</b></p>
<p><i>Piątek, 14 kwietnia, godz. 19.30, Teatr Wielki – Opera Narodowa</i></p>

<p>W Wielki Piątek zakończył się 21. Wielkanocny Festiwal Ludwiga van Beethovena. W ciągu dwóch tygodni odbyły się 33 koncerty: 16 w Warszawie i 17 w innych miastach (Kraków, Gdańsk, Katowice, Lublin, Radom, Szczecin Zabrze). W Teatrze Wielkim – Operze Narodowej festiwal zakończył się uroczyście i przy pełnej frekwencji wykonaniem Niemieckiego requiem op. 45 Johannesa Brahmsa [&hellip;]</p>
