{"id":510,"date":"2017-04-13T11:18:21","date_gmt":"2017-04-13T09:18:21","guid":{"rendered":"http:\/\/beethoven.org.pl\/recenzje\/?page_id=510"},"modified":"2017-05-24T10:20:42","modified_gmt":"2017-05-24T08:20:42","slug":"mistrz-jurowski-i-jego-beethoven","status":"publish","type":"page","link":"https:\/\/beethoven.org.pl\/recenzje\/mistrz-jurowski-i-jego-beethoven\/","title":{"rendered":"Mistrz Jurowski i jego Beethoven"},"content":{"rendered":"<p><img loading=\"lazy\" decoding=\"async\" class=\"size-medium wp-image-516 aligncenter\" src=\"http:\/\/beethoven.org.pl\/recenzje\/wp-content\/uploads\/sites\/9\/2017\/04\/BF170412_4868-300x200.jpg\" alt=\"BF170412_4868\" width=\"300\" height=\"200\" srcset=\"https:\/\/beethoven.org.pl\/recenzje\/wp-content\/uploads\/sites\/9\/2017\/04\/BF170412_4868-300x200.jpg 300w, https:\/\/beethoven.org.pl\/recenzje\/wp-content\/uploads\/sites\/9\/2017\/04\/BF170412_4868-768x512.jpg 768w, https:\/\/beethoven.org.pl\/recenzje\/wp-content\/uploads\/sites\/9\/2017\/04\/BF170412_4868-1024x682.jpg 1024w, https:\/\/beethoven.org.pl\/recenzje\/wp-content\/uploads\/sites\/9\/2017\/04\/BF170412_4868.jpg 1180w\" sizes=\"auto, (max-width: 300px) 100vw, 300px\" \/><\/p>\n<p>Program tego koncertu kry\u0142 w sobie ciekawostk\u0119: <i>Koncert fortepianowy Es-dur <\/i>skomponowany przez 14-letniego Ludwiga van Beethovena. Jest to prawdopodobnie jego pierwsza kompozycja z udzia\u0142em orkiestry \u2013 niewielkiej, bo tylko smyczki, flety i rogi. Do koncertowego \u017cycia przywr\u00f3ci\u0142a go niedawno ameryka\u0144ska pianista rosyjskiego pochodzenia Julia Zilberquit\u00a0 i w\u0142a\u015bnie to ona zaprezentowa\u0142a <i>Koncert fortepianowy Es-dur <\/i>na 21. Wielkanocnym Festiwalu Ludwiga van Beethovena w Warszawie z towarzyszeniem Polskiej Orkiestry Sinfonia Iuventus. Kto si\u0119 spodziewa\u0142 Beethovena w Beethovenie, m\u00f3g\u0142 by\u0107 zawiedziony. Jest to utw\u00f3r czysto klasycystyczny, z ducha Haydna i Mozarta, napisany przez genialne dziecko, kt\u00f3re nie mia\u0142o jeszcze ambicji rozsadzenia klasycznej struktury, by\u0142o po prostu na s\u0142u\u017cbie u ksi\u0119cia elektora na dworze w Mannheim i komponowa\u0142o muzyk\u0119 dla swego pana.<\/p>\n<p>&nbsp;<\/p>\n<p><img loading=\"lazy\" decoding=\"async\" class=\"size-medium wp-image-517 aligncenter\" src=\"http:\/\/beethoven.org.pl\/recenzje\/wp-content\/uploads\/sites\/9\/2017\/04\/BF170412_4960-200x300.jpg\" alt=\"BF170412_4960\" width=\"200\" height=\"300\" srcset=\"https:\/\/beethoven.org.pl\/recenzje\/wp-content\/uploads\/sites\/9\/2017\/04\/BF170412_4960-200x300.jpg 200w, https:\/\/beethoven.org.pl\/recenzje\/wp-content\/uploads\/sites\/9\/2017\/04\/BF170412_4960-768x1153.jpg 768w, https:\/\/beethoven.org.pl\/recenzje\/wp-content\/uploads\/sites\/9\/2017\/04\/BF170412_4960-682x1024.jpg 682w, https:\/\/beethoven.org.pl\/recenzje\/wp-content\/uploads\/sites\/9\/2017\/04\/BF170412_4960.jpg 786w\" sizes=\"auto, (max-width: 200px) 100vw, 200px\" \/>Julia Zilberquit wykona\u0142a \u00f3w koncert w manierze bardzo romantycznej, mi\u0119kk\u0105 artykulacj\u0105, permanentnym legato, zaznaczanym peda\u0142em. Wykonanie solidne i \u0142adne, zw\u0142aszcza w drugiej cz\u0119\u015bci <i>Larghetto<\/i>, kt\u00f3ra emanuje spokojn\u0105 atmosfer\u0105. Musz\u0119 jednak przyzna\u0107, \u017ce akurat to dzie\u0142o wola\u0142abym us\u0142ysze\u0107 na fortepianie historycznym. Pianistka wykona\u0142a jeden bis: nastrojowe <i>Adagio<\/i> z <i>Koncertu obojowego d-moll <\/i>Alessandro Marcello w opracowaniu Jana Sebastiana Bacha.<\/p>\n<p>Reszta koncertu, z\u0142o\u017conego zreszt\u0105 wy\u0142\u0105cznie z dzie\u0142 Beethovena, nale\u017ca\u0142a do Polskiej Orkiestry Sinfonia Iuventus, kt\u00f3ra wyst\u0105pi\u0142a pod batut\u0105 swojego pierwszego go\u015bcinnego dyrygenta, Michai\u0142a Jurowskiego. Jest to posta\u0107 wci\u0105\u017c ma\u0142o znana w Polsce, dyrygent rosyjski, kt\u00f3ry w 1989 roku osiad\u0142 wraz z rodzin\u0105 w Niemczech, by rozpocz\u0105\u0107 tam powa\u017cn\u0105 karier\u0119, jako szef i dyrygent go\u015bcinny takich instytucji muzycznych, jak Opera w Lipsku, Deutsche Oper w Berlinie, Orkiestry Radia WDR w Kolonii i berli\u0144skiej Rundfunk-Sinfonieorchester. Na p\u0142ytach Mie\u0142odii, CPO i Capriccia zarejestrowa\u0142 ponad 60 nagra\u0144, g\u0142\u00f3wnie muzyki rosyjskiej. W pa\u017adzierniku tego roku z Sinfoni\u0105 Iuventus dokona w Warszawie \u015bwiatowego prawykonania opery religijnej <i>Moj\u017cesz <\/i>Antona Rubinsteina (1893), kt\u00f3rej partytur\u0119 odkry\u0142 u jednego z niemieckich wydawc\u00f3w nutowych.<\/p>\n<p><img loading=\"lazy\" decoding=\"async\" class=\"size-medium wp-image-518 aligncenter\" src=\"http:\/\/beethoven.org.pl\/recenzje\/wp-content\/uploads\/sites\/9\/2017\/04\/BF170412_4872-300x200.jpg\" alt=\"BF170412_4872\" width=\"300\" height=\"200\" srcset=\"https:\/\/beethoven.org.pl\/recenzje\/wp-content\/uploads\/sites\/9\/2017\/04\/BF170412_4872-300x200.jpg 300w, https:\/\/beethoven.org.pl\/recenzje\/wp-content\/uploads\/sites\/9\/2017\/04\/BF170412_4872-768x512.jpg 768w, https:\/\/beethoven.org.pl\/recenzje\/wp-content\/uploads\/sites\/9\/2017\/04\/BF170412_4872-1024x682.jpg 1024w, https:\/\/beethoven.org.pl\/recenzje\/wp-content\/uploads\/sites\/9\/2017\/04\/BF170412_4872.jpg 1180w\" sizes=\"auto, (max-width: 300px) 100vw, 300px\" \/><\/p>\n<p>W \u015brod\u0119 zadyrygowa\u0142 uwertur\u0105 <i>Coriolan <\/i>op. 62 i <i>VI Symfoni\u0105 \u201ePastoraln\u0105\u201d <\/i>op. 68. Ma \u015bwietn\u0105 r\u0119k\u0119, czytelny gest. Nie potrzebuje nadmiernej ekspresji, wystarczy lekki gest, aby wyegzekwowa\u0107 ustalenia z pr\u00f3b. Nawet je\u015bli nie wszystkie akordy otwieraj\u0105ce <i>Coriolana <\/i>brzmia\u0142y pewnie, to w ca\u0142ej uwerturze wyra\u017anie by\u0142o s\u0142ycha\u0107 zamys\u0142 interpretacyjny i konstrukcyjny dyrygenta. Silne skontrastowanie temat\u00f3w (mrocznego, wyra\u017caj\u0105cego pragnienie zemsty i \u015bpiewny, oddaj\u0105cy g\u0142os sumienia), silne kontrasty dynamiczne, wybuchy nami\u0119tno\u015bci, poprzedzane \u201eskradaj\u0105cym\u201d si\u0119, opartym na wznosz\u0105cej si\u0119 progresji ruchem smyczk\u00f3w.\u00a0Zachwyci\u0142a mnie zw\u0142aszcza pierwsza cz\u0119\u015b\u0107 <i>VI Symfonii<\/i>, w kt\u00f3rej Jurowski pokaza\u0142 wspania\u0142\u0105 ekonomi\u0119 prowadzenia narracji muzycznej opartej na pracy motywicznej, na ci\u0105g\u0142ym, formotw\u00f3rczym przetwarzaniu motyw\u00f3w, ich komplikowaniu i upraszczaniu. Muzycy Sinfonii Iuventus, kt\u00f3rzy mieli bardzo dobrze opanowane swoje partie, z wyra\u017an\u0105 przyjemno\u015bci\u0105 \u201eodgrywali\u201d swoje role, sk\u0142adaj\u0105ce si\u0119 na wielowarstwow\u0105, zbudowan\u0105 z kilku plan\u00f3w brzmieniowych narracj\u0119. Pastoralny charakter ca\u0142ej symfonii Jurowski \u201eodmalowywa\u0142\u201d mi\u0119kkimi liniami, jak gdyby delikatnymi, ale stanowczymi dotkni\u0119ciami p\u0119dzla. Tak si\u0119 ju\u017c dzi\u015b gra Beethovena niezmiernie rzadko \u2013 nie\u015bpiesznie, wchodz\u0105c w g\u0142\u0105b struktury utworu, ukazuj\u0105c przyp\u0142ywy i odp\u0142ywy, narastanie napi\u0119cia i odpr\u0119\u017cenie, ca\u0142\u0105 t\u0119 dramaturgi\u0119, kt\u00f3ra tworzy dzie\u0142o muzyczne. Bardzo tre\u015bciwe dyrygowanie.<\/p>\n<p><b>Anna S. D\u0119bowska<\/b><\/p>\n<p><i>\u015aroda, 12 kwietnia, godz. 19.30, Filharmonia Narodowa<\/i><\/p>\n<p>Wiejce zdj\u0119\u0107: <a href=\"http:\/\/brunofidrych.com\/21beethoven\/12.04.2017\/content\/BF170412_4960_large.html\">TUTAJ <\/a><br \/>\n(Fot. Bruno Fidrych \/ Studio fotograficzne Plasterstudio)<\/p>","protected":false},"excerpt":{"rendered":"<p>Program tego koncertu kry\u0142 w sobie ciekawostk\u0119: Koncert fortepianowy Es-dur skomponowany przez 14-letniego Ludwiga van Beethovena. Jest to prawdopodobnie jego pierwsza kompozycja z udzia\u0142em orkiestry \u2013 niewielkiej, bo tylko smyczki, flety i rogi. Do koncertowego \u017cycia przywr\u00f3ci\u0142a go niedawno ameryka\u0144ska pianista rosyjskiego pochodzenia Julia Zilberquit\u00a0 i w\u0142a\u015bnie to ona zaprezentowa\u0142a Koncert fortepianowy Es-dur na 21. [&hellip;]<\/p>\n","protected":false},"author":8,"featured_media":0,"parent":0,"menu_order":0,"comment_status":"closed","ping_status":"closed","template":"","meta":{"footnotes":""},"class_list":["post-510","page","type-page","status-publish","hentry"],"_links":{"self":[{"href":"https:\/\/beethoven.org.pl\/recenzje\/wp-json\/wp\/v2\/pages\/510","targetHints":{"allow":["GET"]}}],"collection":[{"href":"https:\/\/beethoven.org.pl\/recenzje\/wp-json\/wp\/v2\/pages"}],"about":[{"href":"https:\/\/beethoven.org.pl\/recenzje\/wp-json\/wp\/v2\/types\/page"}],"author":[{"embeddable":true,"href":"https:\/\/beethoven.org.pl\/recenzje\/wp-json\/wp\/v2\/users\/8"}],"replies":[{"embeddable":true,"href":"https:\/\/beethoven.org.pl\/recenzje\/wp-json\/wp\/v2\/comments?post=510"}],"version-history":[{"count":3,"href":"https:\/\/beethoven.org.pl\/recenzje\/wp-json\/wp\/v2\/pages\/510\/revisions"}],"predecessor-version":[{"id":542,"href":"https:\/\/beethoven.org.pl\/recenzje\/wp-json\/wp\/v2\/pages\/510\/revisions\/542"}],"wp:attachment":[{"href":"https:\/\/beethoven.org.pl\/recenzje\/wp-json\/wp\/v2\/media?parent=510"}],"curies":[{"name":"wp","href":"https:\/\/api.w.org\/{rel}","templated":true}]}}

<p><img loading="lazy" decoding="async" class="size-medium wp-image-516 aligncenter" src="http://beethoven.org.pl/recenzje/wp-content/uploads/sites/9/2017/04/BF170412_4868-300x200.jpg" alt="BF170412_4868" width="300" height="200" srcset="https://beethoven.org.pl/recenzje/wp-content/uploads/sites/9/2017/04/BF170412_4868-300x200.jpg 300w, https://beethoven.org.pl/recenzje/wp-content/uploads/sites/9/2017/04/BF170412_4868-768x512.jpg 768w, https://beethoven.org.pl/recenzje/wp-content/uploads/sites/9/2017/04/BF170412_4868-1024x682.jpg 1024w, https://beethoven.org.pl/recenzje/wp-content/uploads/sites/9/2017/04/BF170412_4868.jpg 1180w" sizes="auto, (max-width: 300px) 100vw, 300px" /></p>
<p>Program tego koncertu krył w sobie ciekawostkę: <i>Koncert fortepianowy Es-dur </i>skomponowany przez 14-letniego Ludwiga van Beethovena. Jest to prawdopodobnie jego pierwsza kompozycja z udziałem orkiestry – niewielkiej, bo tylko smyczki, flety i rogi. Do koncertowego życia przywróciła go niedawno amerykańska pianista rosyjskiego pochodzenia Julia Zilberquit  i właśnie to ona zaprezentowała <i>Koncert fortepianowy Es-dur </i>na 21. Wielkanocnym Festiwalu Ludwiga van Beethovena w Warszawie z towarzyszeniem Polskiej Orkiestry Sinfonia Iuventus. Kto się spodziewał Beethovena w Beethovenie, mógł być zawiedziony. Jest to utwór czysto klasycystyczny, z ducha Haydna i Mozarta, napisany przez genialne dziecko, które nie miało jeszcze ambicji rozsadzenia klasycznej struktury, było po prostu na służbie u księcia elektora na dworze w Mannheim i komponowało muzykę dla swego pana.</p>
<p>&nbsp;</p>
<p><img loading="lazy" decoding="async" class="size-medium wp-image-517 aligncenter" src="http://beethoven.org.pl/recenzje/wp-content/uploads/sites/9/2017/04/BF170412_4960-200x300.jpg" alt="BF170412_4960" width="200" height="300" srcset="https://beethoven.org.pl/recenzje/wp-content/uploads/sites/9/2017/04/BF170412_4960-200x300.jpg 200w, https://beethoven.org.pl/recenzje/wp-content/uploads/sites/9/2017/04/BF170412_4960-768x1153.jpg 768w, https://beethoven.org.pl/recenzje/wp-content/uploads/sites/9/2017/04/BF170412_4960-682x1024.jpg 682w, https://beethoven.org.pl/recenzje/wp-content/uploads/sites/9/2017/04/BF170412_4960.jpg 786w" sizes="auto, (max-width: 200px) 100vw, 200px" />Julia Zilberquit wykonała ów koncert w manierze bardzo romantycznej, miękką artykulacją, permanentnym legato, zaznaczanym pedałem. Wykonanie solidne i ładne, zwłaszcza w drugiej części <i>Larghetto</i>, która emanuje spokojną atmosferą. Muszę jednak przyznać, że akurat to dzieło wolałabym usłyszeć na fortepianie historycznym. Pianistka wykonała jeden bis: nastrojowe <i>Adagio</i> z <i>Koncertu obojowego d-moll </i>Alessandro Marcello w opracowaniu Jana Sebastiana Bacha.</p>
<p>Reszta koncertu, złożonego zresztą wyłącznie z dzieł Beethovena, należała do Polskiej Orkiestry Sinfonia Iuventus, która wystąpiła pod batutą swojego pierwszego gościnnego dyrygenta, Michaiła Jurowskiego. Jest to postać wciąż mało znana w Polsce, dyrygent rosyjski, który w 1989 roku osiadł wraz z rodziną w Niemczech, by rozpocząć tam poważną karierę, jako szef i dyrygent gościnny takich instytucji muzycznych, jak Opera w Lipsku, Deutsche Oper w Berlinie, Orkiestry Radia WDR w Kolonii i berlińskiej Rundfunk-Sinfonieorchester. Na płytach Miełodii, CPO i Capriccia zarejestrował ponad 60 nagrań, głównie muzyki rosyjskiej. W październiku tego roku z Sinfonią Iuventus dokona w Warszawie światowego prawykonania opery religijnej <i>Mojżesz </i>Antona Rubinsteina (1893), której partyturę odkrył u jednego z niemieckich wydawców nutowych.</p>
<p><img loading="lazy" decoding="async" class="size-medium wp-image-518 aligncenter" src="http://beethoven.org.pl/recenzje/wp-content/uploads/sites/9/2017/04/BF170412_4872-300x200.jpg" alt="BF170412_4872" width="300" height="200" srcset="https://beethoven.org.pl/recenzje/wp-content/uploads/sites/9/2017/04/BF170412_4872-300x200.jpg 300w, https://beethoven.org.pl/recenzje/wp-content/uploads/sites/9/2017/04/BF170412_4872-768x512.jpg 768w, https://beethoven.org.pl/recenzje/wp-content/uploads/sites/9/2017/04/BF170412_4872-1024x682.jpg 1024w, https://beethoven.org.pl/recenzje/wp-content/uploads/sites/9/2017/04/BF170412_4872.jpg 1180w" sizes="auto, (max-width: 300px) 100vw, 300px" /></p>
<p>W środę zadyrygował uwerturą <i>Coriolan </i>op. 62 i <i>VI Symfonią „Pastoralną” </i>op. 68. Ma świetną rękę, czytelny gest. Nie potrzebuje nadmiernej ekspresji, wystarczy lekki gest, aby wyegzekwować ustalenia z prób. Nawet jeśli nie wszystkie akordy otwierające <i>Coriolana </i>brzmiały pewnie, to w całej uwerturze wyraźnie było słychać zamysł interpretacyjny i konstrukcyjny dyrygenta. Silne skontrastowanie tematów (mrocznego, wyrażającego pragnienie zemsty i śpiewny, oddający głos sumienia), silne kontrasty dynamiczne, wybuchy namiętności, poprzedzane „skradającym” się, opartym na wznoszącej się progresji ruchem smyczków. Zachwyciła mnie zwłaszcza pierwsza część <i>VI Symfonii</i>, w której Jurowski pokazał wspaniałą ekonomię prowadzenia narracji muzycznej opartej na pracy motywicznej, na ciągłym, formotwórczym przetwarzaniu motywów, ich komplikowaniu i upraszczaniu. Muzycy Sinfonii Iuventus, którzy mieli bardzo dobrze opanowane swoje partie, z wyraźną przyjemnością „odgrywali” swoje role, składające się na wielowarstwową, zbudowaną z kilku planów brzmieniowych narrację. Pastoralny charakter całej symfonii Jurowski „odmalowywał” miękkimi liniami, jak gdyby delikatnymi, ale stanowczymi dotknięciami pędzla. Tak się już dziś gra Beethovena niezmiernie rzadko – nieśpiesznie, wchodząc w głąb struktury utworu, ukazując przypływy i odpływy, narastanie napięcia i odprężenie, całą tę dramaturgię, która tworzy dzieło muzyczne. Bardzo treściwe dyrygowanie.</p>
<p><b>Anna S. Dębowska</b></p>
<p><i>Środa, 12 kwietnia, godz. 19.30, Filharmonia Narodowa</i></p>
<p>Wiejce zdjęć: <a href="http://brunofidrych.com/21beethoven/12.04.2017/content/BF170412_4960_large.html">TUTAJ </a><br />
(Fot. Bruno Fidrych / Studio fotograficzne Plasterstudio)</p>

<p>Program tego koncertu krył w sobie ciekawostkę: Koncert fortepianowy Es-dur skomponowany przez 14-letniego Ludwiga van Beethovena. Jest to prawdopodobnie jego pierwsza kompozycja z udziałem orkiestry – niewielkiej, bo tylko smyczki, flety i rogi. Do koncertowego życia przywróciła go niedawno amerykańska pianista rosyjskiego pochodzenia Julia Zilberquit  i właśnie to ona zaprezentowała Koncert fortepianowy Es-dur na 21. [&hellip;]</p>
