{"id":51,"date":"2016-03-17T10:26:07","date_gmt":"2016-03-17T09:26:07","guid":{"rendered":"http:\/\/dev.yoho.pl\/beethoven\/recenzje\/?page_id=51"},"modified":"2016-11-30T10:39:59","modified_gmt":"2016-11-30T09:39:59","slug":"buchbinder-koncertowo","status":"publish","type":"page","link":"https:\/\/beethoven.org.pl\/recenzje\/buchbinder-koncertowo\/","title":{"rendered":"Buchbinder koncertowo"},"content":{"rendered":"<p>Je\u015bli wybra\u0107 by jeden instrument, kt\u00f3ry sta\u0142 si\u0119 dla Beethovena najwa\u017cniejszym no\u015bnikiem ekspresji, to by\u0142by to niew\u0105tpliwie fortepian. Rozw\u00f3j jego partii w utworach koncertuj\u0105cych, kt\u00f3ra, por\u00f3wnuj\u0105c do tw\u00f3rczo\u015bci Beethovenowi wsp\u00f3\u0142czesnych, jest coraz bardziej wirtuozowska i indywidualna, idzie w parze z rol\u0105, jak\u0105 kompozytor powierza orkiestrze \u2013 o powi\u0119kszonym sk\u0142adzie i coraz wi\u0119kszym znaczeniu dramatycznym, nie ograniczaj\u0105cym si\u0119 jedynie do akompaniowania soli\u015bcie. Nie bez znaczenia jest te\u017c to, \u017ce kompozytor wyst\u0119powa\u0142 jako pianista. Koncerty fortepianowe Mistrza z Bonn, a napisa\u0142 ich pi\u0119\u0107, s\u0105 nieod\u0142\u0105czn\u0105 cz\u0119\u015bci\u0105 repertuaru ka\u017cdego prawdziwego \u201econcert pianist\u201d: skupiaj\u0105 jak w soczewce wiele nie\u0142atwych do rozpl\u0105tania zawi\u0142o\u015bci, retoryk, problem\u00f3w interpretacyjno-wykonawczych, klasycystyczna jasno\u015b\u0107 i prostota musi spotka\u0107 nerw \u201eBurzy i naporu\u201d, intelektualn\u0105 g\u0142\u0119bi\u0119 oddaj\u0105c\u0105 si\u0119 \u201eczuciu i wierze\u201d oraz czystej emocji. Co wi\u0119cej, utwory te wymagaj\u0105 dobrej wsp\u00f3\u0142pracy pianisty z orkiestr\u0105 (wed\u0142ug praktyki historycznie poinformowanej, solista kieruje zespo\u0142em od klawiszy). Beethovenowskie dzie\u0142a okaza\u0142y si\u0119 wspania\u0142\u0105 muzyczn\u0105 wizyt\u00f3wk\u0105 Rudolfa Buchbindera, wybitnego pianisty (sko\u0144czy w tym roku siedemdziesi\u0105t lat), kt\u00f3ry graj\u0105c z towarzyszeniem Sinfonietty Cracovii u\u015bwietni\u0142 Festiwal im. Beethovena wyst\u0119pem na estradzie Filharmonii Narodowej.<br \/>\nUs\u0142yszeli\u015bmy kolejno Beethovenowski \u201eI Koncert fortepianowy C-dur\u201d op. 15, \u201eIV G-dur\u201d op. 58 i \u201eIII c-moll\u201d op. 37. Austriak, kt\u00f3ry ma na swoim koncie kilka p\u0142yt z \u201eKoncertami\u201d Klasyka Wiede\u0144skiego, nie by\u0142 mo\u017ce muzycznym historykiem i intelektualnym erudyt\u0105 jak Leif Ove Andsnes ani wsp\u00f3\u0142czesnym wra\u017cliwcem przenosz\u0105cym preromantyka w czasu postwagnerowskie podobnym Alfredowi Brendelowi. Interpretacj\u0119 Buchbindera mo\u017cna usytuowa\u0107 gdzie\u015b po \u015brodku. By\u0142 to Beethoven bardzo dojrza\u0142y, nie sil\u0105cy si\u0119 niepotrzebnie na \u201ekult nowego\u201d, przemy\u015blany, lecz z nut\u0105 fantazji. Zupe\u0142nie w\u0142asny. Tak bliski wykonawcy, \u017ce niekt\u00f3re fragmenty brzmia\u0142y tak, jakby improwizowa\u0142. Wspaniale by\u0142o obserwowa\u0107 pianist\u0119 we wsp\u00f3\u0142pracy z krakowskim zespo\u0142em specjalizuj\u0105cym si\u0119 szczeg\u00f3lnie w utworach doby klasyczno-romantycznej, czu\u0107 by\u0142o mi\u0119dzy nimi chemi\u0119. \u201eI Koncert\u201d to jeszcze Beethoven oddany spu\u015bci\u017anie Haydna i Mozarta (numeracja mo\u017ce myli\u0107 \u2013 \u201ePierwszy\u201d zosta\u0142 skomponowany jako drugi, tyle \u017ce zosta\u0142 wcze\u015bniej opublikowany); zabrzmia\u0142 wiotko, z klas\u0105, ale z wi\u0119ksz\u0105 swobod\u0105 ju\u017c w \u201eCzwartym\u201d. W otwieraj\u0105cym \u201eAllegro moderato\u201d us\u0142yszeli\u015bmy ciekawe dialogi z orkiestr\u0105, podkre\u015blanie kontrast\u00f3w \u2013 tak jak si\u0119 nale\u017cy w formie concertante wychodz\u0105cej w stron\u0119 symfonizacji. W \u015brodkowej cz\u0119\u015bci \u201eAndante con moto\u201d spod palc\u00f3w pianisty wydobywa\u0142y si\u0119 d\u017awi\u0119ki delikatne niczym z Chopina. \u0141agodne pejza\u017ce, kt\u00f3re ujrzeli\u015bmy w tej muzyce, uwiarygadnia\u0142y, \u017ce mamy od czynienia z \u201eKoncertem\u201d, tak jak go nazwano, \u201eSkowronkowym\u201d (\u201eLerchenkonzert\u201d).<br \/>\nPodobnie uroczo wypad\u0142a malowana szerokim gestem wolna cz\u0119\u015b\u0107 \u201eIII Koncertu\u201d, wykonanego po przerwie. Ca\u0142o\u015b\u0107 utworu rozpocz\u0119\u0142y frazy trzymaj\u0105ce w napi\u0119ciu, zbudowane przez orkiestr\u0119 energi\u0105 kontrast\u00f3w dynamicznych, kt\u00f3re kontynuowa\u0142 w swej partii solista. Dzie\u0142o zamkn\u0119\u0142o si\u0119 jak klamr\u0105. Mieli\u015bmy w grze Buchbindera przejmuj\u0105ce wirtuozowskie pasa\u017ce, d\u017awi\u0119ki zawsze bezb\u0142\u0119dne, nietuzinkowe artykulacje i ciekawe wymiany poszczeg\u00f3lnych partii orkiestry, kt\u00f3ra dobrze pod\u0105\u017ca\u0142a za zmys\u0142em pianisty. Prawdziwego specjalisty od \u201eKoncert\u00f3w\u201d Beethovena.<br \/>\nMarta Januszkiewicz<\/p>","protected":false},"excerpt":{"rendered":"<p>Je\u015bli wybra\u0107 by jeden instrument, kt\u00f3ry sta\u0142 si\u0119 dla Beethovena najwa\u017cniejszym no\u015bnikiem ekspresji, to by\u0142by to niew\u0105tpliwie fortepian. Rozw\u00f3j jego partii w utworach koncertuj\u0105cych, kt\u00f3ra, por\u00f3wnuj\u0105c do tw\u00f3rczo\u015bci Beethovenowi wsp\u00f3\u0142czesnych, jest coraz bardziej wirtuozowska i indywidualna, idzie w parze z rol\u0105, jak\u0105 kompozytor powierza orkiestrze \u2013 o powi\u0119kszonym sk\u0142adzie i coraz wi\u0119kszym znaczeniu dramatycznym, nie [&hellip;]<\/p>\n","protected":false},"author":2,"featured_media":0,"parent":0,"menu_order":0,"comment_status":"closed","ping_status":"closed","template":"","meta":{"footnotes":""},"class_list":["post-51","page","type-page","status-publish","hentry"],"_links":{"self":[{"href":"https:\/\/beethoven.org.pl\/recenzje\/wp-json\/wp\/v2\/pages\/51","targetHints":{"allow":["GET"]}}],"collection":[{"href":"https:\/\/beethoven.org.pl\/recenzje\/wp-json\/wp\/v2\/pages"}],"about":[{"href":"https:\/\/beethoven.org.pl\/recenzje\/wp-json\/wp\/v2\/types\/page"}],"author":[{"embeddable":true,"href":"https:\/\/beethoven.org.pl\/recenzje\/wp-json\/wp\/v2\/users\/2"}],"replies":[{"embeddable":true,"href":"https:\/\/beethoven.org.pl\/recenzje\/wp-json\/wp\/v2\/comments?post=51"}],"version-history":[{"count":1,"href":"https:\/\/beethoven.org.pl\/recenzje\/wp-json\/wp\/v2\/pages\/51\/revisions"}],"predecessor-version":[{"id":52,"href":"https:\/\/beethoven.org.pl\/recenzje\/wp-json\/wp\/v2\/pages\/51\/revisions\/52"}],"wp:attachment":[{"href":"https:\/\/beethoven.org.pl\/recenzje\/wp-json\/wp\/v2\/media?parent=51"}],"curies":[{"name":"wp","href":"https:\/\/api.w.org\/{rel}","templated":true}]}}