{"id":504,"date":"2017-04-12T13:22:41","date_gmt":"2017-04-12T11:22:41","guid":{"rendered":"http:\/\/beethoven.org.pl\/recenzje\/?page_id=504"},"modified":"2017-05-24T10:17:38","modified_gmt":"2017-05-24T08:17:38","slug":"muzyczna-mlodziez-z-armenii","status":"publish","type":"page","link":"https:\/\/beethoven.org.pl\/recenzje\/muzyczna-mlodziez-z-armenii\/","title":{"rendered":"Muzyczna m\u0142odzie\u017c z Armenii"},"content":{"rendered":"<p><img loading=\"lazy\" decoding=\"async\" class=\"alignnone size-medium wp-image-506 aligncenter\" src=\"http:\/\/beethoven.org.pl\/recenzje\/wp-content\/uploads\/sites\/9\/2017\/04\/BF170411_4438-200x300.jpg\" alt=\"BF170411_4438\" width=\"200\" height=\"300\" srcset=\"https:\/\/beethoven.org.pl\/recenzje\/wp-content\/uploads\/sites\/9\/2017\/04\/BF170411_4438-200x300.jpg 200w, https:\/\/beethoven.org.pl\/recenzje\/wp-content\/uploads\/sites\/9\/2017\/04\/BF170411_4438-768x1153.jpg 768w, https:\/\/beethoven.org.pl\/recenzje\/wp-content\/uploads\/sites\/9\/2017\/04\/BF170411_4438-682x1024.jpg 682w, https:\/\/beethoven.org.pl\/recenzje\/wp-content\/uploads\/sites\/9\/2017\/04\/BF170411_4438.jpg 786w\" sizes=\"auto, (max-width: 200px) 100vw, 200px\" \/><\/p>\n<p>25 lat stosunk\u00f3w dyplomatycznych mi\u0119dzy Armeni\u0105 a Polsk\u0105 sta\u0142o si\u0119 pretekstem do zaproszenia na Wielkanocny Festiwal Ludwiga van Beethovena m\u0142odzie\u017cowej orkiestry State Youth Orchestra of Armenia, kt\u00f3rej dyrektorem artystycznym i pierwszym dyrygentem jest Sergey Smbatyan. W organizacj\u0119 koncertu w Warszawie w\u0142\u0105czy\u0142a si\u0119 sama pierwsza dama Armenii, prezydentowa Rita Sarkisyan. Warto te\u017c przypomnie\u0107, \u017ce El\u017cbieta Penderecka, dyrektor Wielkanocnego Festiwalu, otrzyma\u0142a w ubieg\u0142ym roku z\u0142oty medal przyznany jej przez ministerstwo kultury Armenii za zas\u0142ugi dla promocji muzyki tego kraju na \u015bwiecie. Na festiwalu w latach ubieg\u0142ych wyst\u0105pili ju\u017c zar\u00f3wno dyrygent Sergey Smbatyan, jak i wybitny solista wtorkowego koncertu, Narek Hakhnazaryan.<\/p>\n<p>Ju\u017c w pierwszym utworze, <i>Obrazach symfonicznych<\/i> Ghazarosa Saryana (1956), jednego z najwybitniejszych kompozytor\u00f3w ormia\u0144skich II po\u0142. XX wieku, State Youth Orchestra of Armenia pokaza\u0142a swoje nieprzeci\u0119tne umiej\u0119tno\u015bci. Pi\u0119\u0107 utwor\u00f3w, kt\u00f3re sk\u0142adaj\u0105 si\u0119 na cykl inspirowany obrazami ojca kompozytora, tworz\u0105 istn\u0105 feeri\u0119 barw orkiestrowych, r\u00f3\u017cnorodnych nastroj\u00f3w, temp, rodzaj\u00f3w instrumentacji, natomiast oryginalnym rysem tego dzie\u0142a s\u0105 nawi\u0105zania do ormia\u0144skich \u015bpiew\u00f3w i rytmiki ta\u0144c\u00f3w ludowych. Wszystko to orkiestra pod dyrekcj\u0105 Smbatyana zagra\u0142a z iskrz\u0105c\u0105 si\u0119 energi\u0105: czysto i precyzyjnie brzmia\u0142 kwintet smyczkowy, soczy\u015bcie blacha, a instrumenty d\u0119te drewniane cieszy\u0142y uszy zgrabnymi sol\u00f3wkami i \u0142adn\u0105 barw\u0105 ensemblu. Dla mnie jednak prawdziw\u0105 per\u0142\u0105 wieczoru by\u0142 Narek Hakhnazaryan, kt\u00f3ry w wieku 22 lat zdoby\u0142 pierwsz\u0105 nagrod\u0119 i z\u0142oty medal na XIV Mi\u0119dzynarodowym Konkursie im. Piotra Czajkowskiego (2011), a dzi\u015b wyst\u0119puje z najlepszymi \u015bwiatowymi orkiestrami. Wbrew uwadze, jak\u0105 obecnie przyk\u0142adamy do tego, na jakim instrumencie gra dany solista, a taka informacja jest zawsze podana w programach, uwa\u017cam, \u017ce to nie instrument czyni muzyka, ale to muzyk decyduje o tym, jak brzmi instrument. Hakhnazaryan ma do dyspozycji szlachetnie brzmi\u0105c\u0105 wiolonczel\u0119 Josepha Guarneriego z 1707 roku, ale nawet gdyby by\u0142 to instrument po\u015bledniejszej klasy, ormia\u0144ski wiolonczelista na pewno i tak oczarowa\u0142by s\u0142uchaczy swoj\u0105 muzykalno\u015bci\u0105 i wra\u017cliwo\u015bci\u0105 na barw\u0119 wiolonczeli. We wtorek wykona\u0142 dedykowany M\u015bcis\u0142awowi Rostropowiczowi <i>Koncert-rapsodi\u0119<\/i> na wiolonczel\u0119 z orkiestr\u0105 Arama Chaczaturiana (1963). Po burzliwym wst\u0119pie orkiestry pojawia si\u0119 w nim d\u0142ugie solo wiolonczeli. Hakhnazaryan \u015bwietnie uchwyci\u0142 jego rapsodyczny charakter: zmienia\u0142 ton i nasycenie d\u017awi\u0119ku, operowa\u0142 kr\u0105g\u0142\u0105, szerok\u0105 fraz\u0105, wpuszczaj\u0105c mi\u0119dzy d\u017awi\u0119ki du\u017co powietrza i przestrzeni. D\u017awi\u0119k, kt\u00f3ry ten muzyk wydobywa z wiolonczeli jest bardzo charakterystyczny: nosowy, ale g\u0142\u0119boko brzmi\u0105cy, wr\u0119cz rezonuj\u0105cy emocj\u0105. Liryczna kontemplacja, zmienna uczuciowo narracja, dialog lub konfrontacja z orkiestr\u0105, wreszcie wirtuozowskie popisy w ostatnim epizodzie koncertu \u2013 Hakhnazaryan gra\u0142 przekonuj\u0105co we wszystkich tych artystycznych \u201ewcieleniach\u201d. Zosta\u0142 wi\u0119c gor\u0105co przyj\u0119ty przez publiczno\u015b\u0107, dla kt\u00f3rej zagra\u0142 jeszcze ludow\u0105 melodi\u0119 katalo\u0144sk\u0105 <i>Pie\u015b\u0144 ptak\u00f3w<\/i>. Otwieraj\u0105cy i zamykaj\u0105cy t\u0119 miniatur\u0119 dwud\u017awi\u0119kowy tryl zabrzmia\u0142 delikatnie jak mgie\u0142ka, a sama pie\u015b\u0144 zosta\u0142a wykonana z niezwyk\u0142a subtelno\u015bci\u0105 i plastyczno\u015bci\u0105.<\/p>\n<p><img loading=\"lazy\" decoding=\"async\" class=\"size-medium wp-image-507 aligncenter\" src=\"http:\/\/beethoven.org.pl\/recenzje\/wp-content\/uploads\/sites\/9\/2017\/04\/BF170411_4525-300x200.jpg\" alt=\"BF170411_4525\" width=\"300\" height=\"200\" srcset=\"https:\/\/beethoven.org.pl\/recenzje\/wp-content\/uploads\/sites\/9\/2017\/04\/BF170411_4525-300x200.jpg 300w, https:\/\/beethoven.org.pl\/recenzje\/wp-content\/uploads\/sites\/9\/2017\/04\/BF170411_4525-768x512.jpg 768w, https:\/\/beethoven.org.pl\/recenzje\/wp-content\/uploads\/sites\/9\/2017\/04\/BF170411_4525-1024x682.jpg 1024w, https:\/\/beethoven.org.pl\/recenzje\/wp-content\/uploads\/sites\/9\/2017\/04\/BF170411_4525.jpg 1180w\" sizes=\"auto, (max-width: 300px) 100vw, 300px\" \/><\/p>\n<p>Na koncercie m\u0142odzie\u017cowej orkiestry ormia\u0144skiej nie mog\u0142o zabrakn\u0105\u0107 egzotycznego akcentu. Suita symfoniczna <i>Szeherezada<\/i> op. 38<i> <\/i>Niko\u0142aja Rimskiego-Korsakowa (1888) w genialny spos\u00f3b pokazuje ten w\u0142a\u015bnie orientalny koloryt, efekt reakcji mistrza orkiestracji, jakim by\u0142 Rimski-Korsakow, na staroperskie ba\u015bnie zawarte w <i>Ksi\u0119dze tysi\u0105ca i jednej nocy<\/i>. A dzisiejsza Armenia \u2013 przypomnijmy na marginesie \u2013 wchodzi\u0142a w sk\u0142ad pa\u0144stwa perskiego.\u00a0Dyrygent Sergey Smbatyan z lekko\u015bci\u0105 i swad\u0105 poprowadzi\u0142 to barwne arcydzie\u0142o, w\u0142a\u015bciwie kilkucz\u0119\u015bciowy poemat symfoniczny, \u015bwietnie eksponuj\u0105c dwa kontrastuj\u0105ce tematy cykliczne, na kt\u00f3rych osadzona jest narracja utworu: eksponowany przez puzony, tub\u0119 i smyczki gro\u017any temat su\u0142tana Szahiara i temat Szeherezady, prezentowany przez solowe skrzypce. Solist\u0105 by\u0142 go\u015bcinnie wybitny polski skrzypek Jaros\u0142aw Nadrzycki, pierwszy skrzypek Meccore String Quartet, kt\u00f3ry jako solista parokrotnie wyst\u0119powa\u0142 ju\u017c ze State Youth Orchestra of Armenia \u2013 ta partia zabrzmia\u0142a w jego wykonaniu wdzi\u0119cznie i tkliwie, zagrana ciep\u0142ym, kr\u0105g\u0142ym d\u017awi\u0119kiem.\u00a0<i>Szeherezada <\/i>w wykonaniu oddanych muzyce Ormian tak bardzo spodoba\u0142a si\u0119 publiczno\u015bci, \u017ce orkiestra musia\u0142a dwukrotnie bisowa\u0107. Pierwszym utworem na bis by\u0142a z temperamentem wykonana <i>Lezginka<\/i> z baletu <i>Gajane <\/i>Arama Chaczaturiana \u2013 w tym utworze Smbatyan nie dyrygowa\u0142, ustawi\u0142 si\u0119 z boku estrady, z dum\u0105 obserwuj\u0105c jak za\u0142o\u017cona i prowadzona przez niego orkiestra daje sobie rad\u0119 bez dyrygenta. Drugim bisem by\u0142 tak\u017ce utw\u00f3r Chaczaturiana \u2013 od serca zagrany <i>Walc<\/i> z <i>Maskarady<\/i>.<\/p>\n<p><b>Anna S. D\u0119bowska<\/b><\/p>\n<p><i>Wtorek, 12 kwietnia, godz. 19.30, Filharmonia Narodowa<br \/>\n<\/i><\/p>\n<p>Wiejce zdj\u0119\u0107: <a href=\"http:\/\/brunofidrych.com\/21beethoven\/11.04.2017\/index.html\">TUTAJ <\/a><br \/>\n(Fot. Bruno Fidrych \/ Studio fotograficzne Plasterstudio)<\/p>","protected":false},"excerpt":{"rendered":"<p>25 lat stosunk\u00f3w dyplomatycznych mi\u0119dzy Armeni\u0105 a Polsk\u0105 sta\u0142o si\u0119 pretekstem do zaproszenia na Wielkanocny Festiwal Ludwiga van Beethovena m\u0142odzie\u017cowej orkiestry State Youth Orchestra of Armenia, kt\u00f3rej dyrektorem artystycznym i pierwszym dyrygentem jest Sergey Smbatyan. W organizacj\u0119 koncertu w Warszawie w\u0142\u0105czy\u0142a si\u0119 sama pierwsza dama Armenii, prezydentowa Rita Sarkisyan. Warto te\u017c przypomnie\u0107, \u017ce El\u017cbieta Penderecka, [&hellip;]<\/p>\n","protected":false},"author":8,"featured_media":0,"parent":0,"menu_order":0,"comment_status":"closed","ping_status":"closed","template":"","meta":{"footnotes":""},"class_list":["post-504","page","type-page","status-publish","hentry"],"_links":{"self":[{"href":"https:\/\/beethoven.org.pl\/recenzje\/wp-json\/wp\/v2\/pages\/504","targetHints":{"allow":["GET"]}}],"collection":[{"href":"https:\/\/beethoven.org.pl\/recenzje\/wp-json\/wp\/v2\/pages"}],"about":[{"href":"https:\/\/beethoven.org.pl\/recenzje\/wp-json\/wp\/v2\/types\/page"}],"author":[{"embeddable":true,"href":"https:\/\/beethoven.org.pl\/recenzje\/wp-json\/wp\/v2\/users\/8"}],"replies":[{"embeddable":true,"href":"https:\/\/beethoven.org.pl\/recenzje\/wp-json\/wp\/v2\/comments?post=504"}],"version-history":[{"count":3,"href":"https:\/\/beethoven.org.pl\/recenzje\/wp-json\/wp\/v2\/pages\/504\/revisions"}],"predecessor-version":[{"id":541,"href":"https:\/\/beethoven.org.pl\/recenzje\/wp-json\/wp\/v2\/pages\/504\/revisions\/541"}],"wp:attachment":[{"href":"https:\/\/beethoven.org.pl\/recenzje\/wp-json\/wp\/v2\/media?parent=504"}],"curies":[{"name":"wp","href":"https:\/\/api.w.org\/{rel}","templated":true}]}}

Muzyczna młodzież z Armenii

<p><img loading="lazy" decoding="async" class="alignnone size-medium wp-image-506 aligncenter" src="http://beethoven.org.pl/recenzje/wp-content/uploads/sites/9/2017/04/BF170411_4438-200x300.jpg" alt="BF170411_4438" width="200" height="300" srcset="https://beethoven.org.pl/recenzje/wp-content/uploads/sites/9/2017/04/BF170411_4438-200x300.jpg 200w, https://beethoven.org.pl/recenzje/wp-content/uploads/sites/9/2017/04/BF170411_4438-768x1153.jpg 768w, https://beethoven.org.pl/recenzje/wp-content/uploads/sites/9/2017/04/BF170411_4438-682x1024.jpg 682w, https://beethoven.org.pl/recenzje/wp-content/uploads/sites/9/2017/04/BF170411_4438.jpg 786w" sizes="auto, (max-width: 200px) 100vw, 200px" /></p>
<p>25 lat stosunków dyplomatycznych między Armenią a Polską stało się pretekstem do zaproszenia na Wielkanocny Festiwal Ludwiga van Beethovena młodzieżowej orkiestry State Youth Orchestra of Armenia, której dyrektorem artystycznym i pierwszym dyrygentem jest Sergey Smbatyan. W organizację koncertu w Warszawie włączyła się sama pierwsza dama Armenii, prezydentowa Rita Sarkisyan. Warto też przypomnieć, że Elżbieta Penderecka, dyrektor Wielkanocnego Festiwalu, otrzymała w ubiegłym roku złoty medal przyznany jej przez ministerstwo kultury Armenii za zasługi dla promocji muzyki tego kraju na świecie. Na festiwalu w latach ubiegłych wystąpili już zarówno dyrygent Sergey Smbatyan, jak i wybitny solista wtorkowego koncertu, Narek Hakhnazaryan.</p>
<p>Już w pierwszym utworze, <i>Obrazach symfonicznych</i> Ghazarosa Saryana (1956), jednego z najwybitniejszych kompozytorów ormiańskich II poł. XX wieku, State Youth Orchestra of Armenia pokazała swoje nieprzeciętne umiejętności. Pięć utworów, które składają się na cykl inspirowany obrazami ojca kompozytora, tworzą istną feerię barw orkiestrowych, różnorodnych nastrojów, temp, rodzajów instrumentacji, natomiast oryginalnym rysem tego dzieła są nawiązania do ormiańskich śpiewów i rytmiki tańców ludowych. Wszystko to orkiestra pod dyrekcją Smbatyana zagrała z iskrzącą się energią: czysto i precyzyjnie brzmiał kwintet smyczkowy, soczyście blacha, a instrumenty dęte drewniane cieszyły uszy zgrabnymi solówkami i ładną barwą ensemblu. Dla mnie jednak prawdziwą perłą wieczoru był Narek Hakhnazaryan, który w wieku 22 lat zdobył pierwszą nagrodę i złoty medal na XIV Międzynarodowym Konkursie im. Piotra Czajkowskiego (2011), a dziś występuje z najlepszymi światowymi orkiestrami. Wbrew uwadze, jaką obecnie przykładamy do tego, na jakim instrumencie gra dany solista, a taka informacja jest zawsze podana w programach, uważam, że to nie instrument czyni muzyka, ale to muzyk decyduje o tym, jak brzmi instrument. Hakhnazaryan ma do dyspozycji szlachetnie brzmiącą wiolonczelę Josepha Guarneriego z 1707 roku, ale nawet gdyby był to instrument pośledniejszej klasy, ormiański wiolonczelista na pewno i tak oczarowałby słuchaczy swoją muzykalnością i wrażliwością na barwę wiolonczeli. We wtorek wykonał dedykowany Mścisławowi Rostropowiczowi <i>Koncert-rapsodię</i> na wiolonczelę z orkiestrą Arama Chaczaturiana (1963). Po burzliwym wstępie orkiestry pojawia się w nim długie solo wiolonczeli. Hakhnazaryan świetnie uchwycił jego rapsodyczny charakter: zmieniał ton i nasycenie dźwięku, operował krągłą, szeroką frazą, wpuszczając między dźwięki dużo powietrza i przestrzeni. Dźwięk, który ten muzyk wydobywa z wiolonczeli jest bardzo charakterystyczny: nosowy, ale głęboko brzmiący, wręcz rezonujący emocją. Liryczna kontemplacja, zmienna uczuciowo narracja, dialog lub konfrontacja z orkiestrą, wreszcie wirtuozowskie popisy w ostatnim epizodzie koncertu – Hakhnazaryan grał przekonująco we wszystkich tych artystycznych „wcieleniach”. Został więc gorąco przyjęty przez publiczność, dla której zagrał jeszcze ludową melodię katalońską <i>Pieśń ptaków</i>. Otwierający i zamykający tę miniaturę dwudźwiękowy tryl zabrzmiał delikatnie jak mgiełka, a sama pieśń została wykonana z niezwykła subtelnością i plastycznością.</p>
<p><img loading="lazy" decoding="async" class="size-medium wp-image-507 aligncenter" src="http://beethoven.org.pl/recenzje/wp-content/uploads/sites/9/2017/04/BF170411_4525-300x200.jpg" alt="BF170411_4525" width="300" height="200" srcset="https://beethoven.org.pl/recenzje/wp-content/uploads/sites/9/2017/04/BF170411_4525-300x200.jpg 300w, https://beethoven.org.pl/recenzje/wp-content/uploads/sites/9/2017/04/BF170411_4525-768x512.jpg 768w, https://beethoven.org.pl/recenzje/wp-content/uploads/sites/9/2017/04/BF170411_4525-1024x682.jpg 1024w, https://beethoven.org.pl/recenzje/wp-content/uploads/sites/9/2017/04/BF170411_4525.jpg 1180w" sizes="auto, (max-width: 300px) 100vw, 300px" /></p>
<p>Na koncercie młodzieżowej orkiestry ormiańskiej nie mogło zabraknąć egzotycznego akcentu. Suita symfoniczna <i>Szeherezada</i> op. 38<i> </i>Nikołaja Rimskiego-Korsakowa (1888) w genialny sposób pokazuje ten właśnie orientalny koloryt, efekt reakcji mistrza orkiestracji, jakim był Rimski-Korsakow, na staroperskie baśnie zawarte w <i>Księdze tysiąca i jednej nocy</i>. A dzisiejsza Armenia – przypomnijmy na marginesie – wchodziła w skład państwa perskiego. Dyrygent Sergey Smbatyan z lekkością i swadą poprowadził to barwne arcydzieło, właściwie kilkuczęściowy poemat symfoniczny, świetnie eksponując dwa kontrastujące tematy cykliczne, na których osadzona jest narracja utworu: eksponowany przez puzony, tubę i smyczki groźny temat sułtana Szahiara i temat Szeherezady, prezentowany przez solowe skrzypce. Solistą był gościnnie wybitny polski skrzypek Jarosław Nadrzycki, pierwszy skrzypek Meccore String Quartet, który jako solista parokrotnie występował już ze State Youth Orchestra of Armenia – ta partia zabrzmiała w jego wykonaniu wdzięcznie i tkliwie, zagrana ciepłym, krągłym dźwiękiem. <i>Szeherezada </i>w wykonaniu oddanych muzyce Ormian tak bardzo spodobała się publiczności, że orkiestra musiała dwukrotnie bisować. Pierwszym utworem na bis była z temperamentem wykonana <i>Lezginka</i> z baletu <i>Gajane </i>Arama Chaczaturiana – w tym utworze Smbatyan nie dyrygował, ustawił się z boku estrady, z dumą obserwując jak założona i prowadzona przez niego orkiestra daje sobie radę bez dyrygenta. Drugim bisem był także utwór Chaczaturiana – od serca zagrany <i>Walc</i> z <i>Maskarady</i>.</p>
<p><b>Anna S. Dębowska</b></p>
<p><i>Wtorek, 12 kwietnia, godz. 19.30, Filharmonia Narodowa<br />
</i></p>
<p>Wiejce zdjęć: <a href="http://brunofidrych.com/21beethoven/11.04.2017/index.html">TUTAJ </a><br />
(Fot. Bruno Fidrych / Studio fotograficzne Plasterstudio)</p>

<p>25 lat stosunków dyplomatycznych między Armenią a Polską stało się pretekstem do zaproszenia na Wielkanocny Festiwal Ludwiga van Beethovena młodzieżowej orkiestry State Youth Orchestra of Armenia, której dyrektorem artystycznym i pierwszym dyrygentem jest Sergey Smbatyan. W organizację koncertu w Warszawie włączyła się sama pierwsza dama Armenii, prezydentowa Rita Sarkisyan. Warto też przypomnieć, że Elżbieta Penderecka, [&hellip;]</p>
