{"id":471,"date":"2017-04-10T14:04:19","date_gmt":"2017-04-10T12:04:19","guid":{"rendered":"http:\/\/beethoven.org.pl\/recenzje\/?page_id=471"},"modified":"2017-05-15T11:33:54","modified_gmt":"2017-05-15T09:33:54","slug":"frankfurt-radio-symphony-koncert-drugi","status":"publish","type":"page","link":"https:\/\/beethoven.org.pl\/recenzje\/frankfurt-radio-symphony-koncert-drugi\/","title":{"rendered":"Frankfurt Radio Symphony, koncert drugi"},"content":{"rendered":"<p><img loading=\"lazy\" decoding=\"async\" class=\"alignnone size-medium wp-image-478 aligncenter\" src=\"http:\/\/beethoven.org.pl\/recenzje\/wp-content\/uploads\/sites\/9\/2017\/04\/BF170409_3773-300x200.jpg\" alt=\"BF170409_3773\" width=\"300\" height=\"200\" srcset=\"https:\/\/beethoven.org.pl\/recenzje\/wp-content\/uploads\/sites\/9\/2017\/04\/BF170409_3773-300x200.jpg 300w, https:\/\/beethoven.org.pl\/recenzje\/wp-content\/uploads\/sites\/9\/2017\/04\/BF170409_3773-768x512.jpg 768w, https:\/\/beethoven.org.pl\/recenzje\/wp-content\/uploads\/sites\/9\/2017\/04\/BF170409_3773-1024x682.jpg 1024w, https:\/\/beethoven.org.pl\/recenzje\/wp-content\/uploads\/sites\/9\/2017\/04\/BF170409_3773.jpg 1180w\" sizes=\"auto, (max-width: 300px) 100vw, 300px\" \/><\/p>\n<p>Po znakomitym sobotnim wykonaniu <i>V Symfonii cis-moll<\/i> Gustava Mahlera, czeka\u0142am z niecierpliwo\u015bci\u0105 na drugi wyst\u0119p Frankfurt Radio Symphony pod dyrekcj\u0105 Andr\u00e9sa Orozco-Estrady, Kolumbijczyka wykszta\u0142conego w Wiedniu. W jego przypadku mog\u0119 uwierzy\u0107 marketingowym zapewnieniom w jego biogramie, \u017ce \u201ejest jednym z najbardziej poszukiwanych dyrygent\u00f3w \u015bredniego pokolenia\u201d.<\/p>\n<p>Niedzielny koncert pod jego batut\u0105 rozpocz\u0105\u0142 si\u0119 uwertur\u0105 <i>Egmont<\/i> op. 84 Ludwiga van Beethovena. Jeszcze mia\u0142am w uszach porywaj\u0105c\u0105 interpretacj\u0119 tego utworu, przedstawion\u0105 we wtorek przez Wiener Akademie, orkiestr\u0119 graj\u0105ca na instrumentach historycznych \u2013 propozycja frankfurckiej radi\u00f3wki, cho\u0107 bardzo dobra, mniej mnie przekona\u0142a, by\u0142a zbyt ci\u0119\u017cka i monumentalna. Nic dziwnego, skoro gra\u0142 j\u0105 sk\u0142ad wielkiej orkiestry symfonicznej. To raczej kwestia upodoba\u0144 estetycznych i interpretacyjnych oczekiwa\u0144 (wi\u0119cej nerwy i rewolucyjnego tonu!), ni\u017c zarzut w stosunku do umiej\u0119tno\u015bci tego zespo\u0142u. Klas\u0119 orkiestry i dyrygenta poznaje si\u0119 przecie\u017c tak\u017ce po tym, jak partneruje soli\u015bcie \u2013 a w <i>IV Koncercie fortepianowym g-moll<\/i> op. 40 Sergiusza Rachmaninowa, w kt\u00f3rym partie solow\u0105 gra\u0142 macedo\u0144ski pianista Simon Trp\u010deski, orkiestra robi\u0142a to wzorowo. W <i>IV Koncercie<\/i> odzywaj\u0105 si\u0119 echa <i>II<\/i> i <i>III Koncertu fortepianowego <\/i>Rachmaninowa, nie ma w nim jednak tego powabu i melodyjno\u015bci, kt\u00f3ra zapewni\u0142a tamtym dzie\u0142om tak wielk\u0105 popularno\u015b\u0107. Jest to w istocie rodzaj symfonii koncertuj\u0105cej, a w ka\u017cdym razie tak\u0105 interpretacj\u0119 tego dzie\u0142a przedstawili nam wykonawcy, przy czym ciekawiej i wielobarwniej brzmia\u0142a orkiestra ni\u017c fortepian pod palcami Trp\u010deskiego, kt\u00f3ry jest oczywi\u015bcie bardzo dobrym pianist\u0105, mo\u017ce jednak troch\u0119 zbyt powierzchownym i nastawionym na efekt. Nieprzekonanych do <i>IV Koncertu<\/i>, bardzo rzadko wykonywanego, to wykonanie chyba nie przekona\u0142o.<\/p>\n<p><img loading=\"lazy\" decoding=\"async\" class=\"alignnone size-medium wp-image-479 aligncenter\" src=\"http:\/\/beethoven.org.pl\/recenzje\/wp-content\/uploads\/sites\/9\/2017\/04\/BF170409_3631-300x200.jpg\" alt=\"BF170409_3631\" width=\"300\" height=\"200\" srcset=\"https:\/\/beethoven.org.pl\/recenzje\/wp-content\/uploads\/sites\/9\/2017\/04\/BF170409_3631-300x200.jpg 300w, https:\/\/beethoven.org.pl\/recenzje\/wp-content\/uploads\/sites\/9\/2017\/04\/BF170409_3631-768x512.jpg 768w, https:\/\/beethoven.org.pl\/recenzje\/wp-content\/uploads\/sites\/9\/2017\/04\/BF170409_3631-1024x682.jpg 1024w, https:\/\/beethoven.org.pl\/recenzje\/wp-content\/uploads\/sites\/9\/2017\/04\/BF170409_3631.jpg 1180w\" sizes=\"auto, (max-width: 300px) 100vw, 300px\" \/><\/p>\n<p>I wreszcie \u2013 <i>Symfonia fantastyczna<\/i> Hectora Berlioza, wspania\u0142y fresk orkiestrowy, wielki dramat instrumentalny, w kt\u00f3rym kompozytor podporz\u0105dkowa\u0142 sobie form\u0119 symfoniczn\u0105 i materi\u0119 brzmieniow\u0105 orkiestry, aby stworzy\u0107 fantasmagoryczn\u0105 wizj\u0119 poetyck\u0105 z artyst\u0105, swoim <em>porte parole<\/em>, w roli g\u0142\u00f3wnej. Do dzi\u015b podziw budzi pomys\u0142owo\u015b\u0107 kolorystyczna francuskiego kompozytora, zaskakuj\u0105ce po\u0142\u0105czenia barw instrument\u00f3w i efekty d\u017awi\u0119kowe (\u0142\u0105cznie z perkusyjnie brzmi\u0105cym <i>col legno<\/i>, rykoszetem drzewca smyczka po strunach skrzypiec), dzi\u0119ki kt\u00f3rym ukaza\u0142 si\u0142\u0119 swojej wyobra\u017ani. W swoich pami\u0119tnikach kompozytor pisa\u0142 o prawykonaniu w grudniu 1830 roku w Pary\u017cu: \u201eTrzy cz\u0119\u015bci <i>Symfonii<\/i>: <i>Bal<\/i>, <i>Marsz na stracenie<\/i> i <i>Sabat <\/i>wywar\u0142y wielkie wra\u017cenie. Zw\u0142aszcza <i>Marsz na stracenie <\/i>poruszy\u0142 sal\u0119. <i>Scena na wsi<\/i> nie zrobi\u0142a \u017cadnego wra\u017cenia\u201d. Niemal identycznie by\u0142o w niedziel\u0119 pod batut\u0105 Orozco-Estrady. Cz\u0119\u015b\u0107 pierwsza <i>Sny. Nami\u0119tno\u015bci <\/i>zosta\u0142a znakomicie rozegrana dramaturgicznie, zw\u0142aszcza owe nagle pojawiaj\u0105ce si\u0119 przyp\u0142ywy, kulminacje i odp\u0142ywy nami\u0119tnych uczu\u0107, wyra\u017cane w intryguj\u0105cych modulacjach harmonicznych \u2013 tu wyr\u00f3\u017cnia\u0142y si\u0119 zw\u0142aszcza I i II skrzypce: spoisto\u015bci\u0105 i klarowno\u015bci\u0105 brzmienia oraz aktywnym muzykowaniem, anga\u017cowanie swojej muzykalno\u015bci w prowadzeniu g\u0142\u00f3wnego g\u0142osu.<\/p>\n<p><i>Bal <\/i>i <i>Scena na wsi <\/i>zrobi\u0142y na mnie mniejsze wra\u017cenie, ale przecie\u017c nie mog\u0119 zapomnie\u0107 o pi\u0119knych solowych wyst\u0105pieniach instrument\u00f3w d\u0119tych drewnianych, zw\u0142aszcza ro\u017cka angielskiego. D\u0119te drewniane s\u0105 w tej orkiestrze znakomite, zn\u00f3w ze wzgl\u0119du na doskona\u0142\u0105 spoisto\u015b\u0107 brzmienia i pi\u0119kn\u0105 barw\u0119, kt\u00f3r\u0105 dzi\u0119ki temu tworz\u0105, ale przecie\u017c r\u00f3wnie znakomity jest w tym zespole kwintet smyczkowy i blacha. Ona w\u0142a\u015bnie \u2013 pot\u0119\u017cnie i czysto brzmi\u0105ce waltornie, tr\u0105bki, puzony \u2013 zab\u0142ys\u0142a w IV i V cz\u0119\u015bci symfonii, w kt\u00f3rych przed naszymi uszami otworzy\u0142 si\u0119 ol\u015bniewaj\u0105cy teatr muzyczny, rozgrywaj\u0105cy si\u0119 na wielu planach, zw\u0142aszcza w cz\u0119\u015bci IV (<i>Marsz na miejsce strace\u0144<\/i>). By\u0142 to jaki\u015b makabryczny ceremonia\u0142, kt\u00f3rego przestrze\u0144 tworzy\u0142a podw\u00f3jna obsada kot\u0142\u00f3w, wielki b\u0119ben, blacha i gniewne pomruki bas\u00f3w (c\u00f3\u017c za \u00a0spr\u0119\u017cysto\u015b\u0107 rytmiczna!). Napi\u0119cie nie s\u0142ab\u0142o ani na moment, a potem przesz\u0142o w cz\u0119\u015b\u0107 ostatni\u0105, <i>Sabat<\/i>, w kt\u00f3rym na tle dzwon\u00f3w orkiestrowych rozbrzmiewa gro\u017any ton \u015bredniowiecznej sekwencji <i>Dies irae. <\/i>Orozco-Estrada przedstawi\u0142 t\u0119 kompozytorsk\u0105 wizj\u0119, obraz szalonej wyobra\u017ani m\u0142odego Berlioza, jak dla mnie \u2013 niezwykle sugestywnie: przed oczami mia\u0142am parysk\u0105 katedr\u0119 Notre-Dame z powie\u015bci Victora Hugo, kt\u00f3ra \u2013 nota bene \u2013 ukaza\u0142a si\u0119 zaledwie w rok po prawykonaniu <i>Fantastycznej<\/i>, w 1831 roku. \u015awiat wykreowany przez romantyk\u00f3w wci\u0105\u017c robi na nas wra\u017cenie, zw\u0142aszcza gdy znajdzie godnych siebie wykonawc\u00f3w \u2013 publiczno\u015b\u0107 po ostatnim akordzie zerwa\u0142a si\u0119 z miejsc. Dyrygent odm\u00f3wi\u0142 bisu \u2013 po takim wykonaniu nie by\u0142o ju\u017c nic do dodania.<\/p>\n<p><b>Anna S. D\u0119bowska<\/b><\/p>\n<p><i>Niedziela, 9 kwietnia, godz. 19.30, Filharmonia Narodowa<\/i><\/p>\n<p>Wiejce zdj\u0119\u0107: <a href=\"http:\/\/brunofidrych.com\/21beethoven\/09.04.2017\/koncert19\/index.html\">TUTAJ<\/a><br \/>\n(Fot. Bruno Fidrych \/ Studio fotograficzne Plasterstudio)<\/p>","protected":false},"excerpt":{"rendered":"<p>Po znakomitym sobotnim wykonaniu V Symfonii cis-moll Gustava Mahlera, czeka\u0142am z niecierpliwo\u015bci\u0105 na drugi wyst\u0119p Frankfurt Radio Symphony pod dyrekcj\u0105 Andr\u00e9sa Orozco-Estrady, Kolumbijczyka wykszta\u0142conego w Wiedniu. W jego przypadku mog\u0119 uwierzy\u0107 marketingowym zapewnieniom w jego biogramie, \u017ce \u201ejest jednym z najbardziej poszukiwanych dyrygent\u00f3w \u015bredniego pokolenia\u201d. Niedzielny koncert pod jego batut\u0105 rozpocz\u0105\u0142 si\u0119 uwertur\u0105 Egmont op. [&hellip;]<\/p>\n","protected":false},"author":8,"featured_media":0,"parent":0,"menu_order":0,"comment_status":"closed","ping_status":"closed","template":"","meta":{"footnotes":""},"class_list":["post-471","page","type-page","status-publish","hentry"],"_links":{"self":[{"href":"https:\/\/beethoven.org.pl\/recenzje\/wp-json\/wp\/v2\/pages\/471","targetHints":{"allow":["GET"]}}],"collection":[{"href":"https:\/\/beethoven.org.pl\/recenzje\/wp-json\/wp\/v2\/pages"}],"about":[{"href":"https:\/\/beethoven.org.pl\/recenzje\/wp-json\/wp\/v2\/types\/page"}],"author":[{"embeddable":true,"href":"https:\/\/beethoven.org.pl\/recenzje\/wp-json\/wp\/v2\/users\/8"}],"replies":[{"embeddable":true,"href":"https:\/\/beethoven.org.pl\/recenzje\/wp-json\/wp\/v2\/comments?post=471"}],"version-history":[{"count":5,"href":"https:\/\/beethoven.org.pl\/recenzje\/wp-json\/wp\/v2\/pages\/471\/revisions"}],"predecessor-version":[{"id":539,"href":"https:\/\/beethoven.org.pl\/recenzje\/wp-json\/wp\/v2\/pages\/471\/revisions\/539"}],"wp:attachment":[{"href":"https:\/\/beethoven.org.pl\/recenzje\/wp-json\/wp\/v2\/media?parent=471"}],"curies":[{"name":"wp","href":"https:\/\/api.w.org\/{rel}","templated":true}]}}

<p><img loading="lazy" decoding="async" class="alignnone size-medium wp-image-478 aligncenter" src="http://beethoven.org.pl/recenzje/wp-content/uploads/sites/9/2017/04/BF170409_3773-300x200.jpg" alt="BF170409_3773" width="300" height="200" srcset="https://beethoven.org.pl/recenzje/wp-content/uploads/sites/9/2017/04/BF170409_3773-300x200.jpg 300w, https://beethoven.org.pl/recenzje/wp-content/uploads/sites/9/2017/04/BF170409_3773-768x512.jpg 768w, https://beethoven.org.pl/recenzje/wp-content/uploads/sites/9/2017/04/BF170409_3773-1024x682.jpg 1024w, https://beethoven.org.pl/recenzje/wp-content/uploads/sites/9/2017/04/BF170409_3773.jpg 1180w" sizes="auto, (max-width: 300px) 100vw, 300px" /></p>
<p>Po znakomitym sobotnim wykonaniu <i>V Symfonii cis-moll</i> Gustava Mahlera, czekałam z niecierpliwością na drugi występ Frankfurt Radio Symphony pod dyrekcją Andrésa Orozco-Estrady, Kolumbijczyka wykształconego w Wiedniu. W jego przypadku mogę uwierzyć marketingowym zapewnieniom w jego biogramie, że „jest jednym z najbardziej poszukiwanych dyrygentów średniego pokolenia”.</p>
<p>Niedzielny koncert pod jego batutą rozpoczął się uwerturą <i>Egmont</i> op. 84 Ludwiga van Beethovena. Jeszcze miałam w uszach porywającą interpretację tego utworu, przedstawioną we wtorek przez Wiener Akademie, orkiestrę grająca na instrumentach historycznych – propozycja frankfurckiej radiówki, choć bardzo dobra, mniej mnie przekonała, była zbyt ciężka i monumentalna. Nic dziwnego, skoro grał ją skład wielkiej orkiestry symfonicznej. To raczej kwestia upodobań estetycznych i interpretacyjnych oczekiwań (więcej nerwy i rewolucyjnego tonu!), niż zarzut w stosunku do umiejętności tego zespołu. Klasę orkiestry i dyrygenta poznaje się przecież także po tym, jak partneruje soliście – a w <i>IV Koncercie fortepianowym g-moll</i> op. 40 Sergiusza Rachmaninowa, w którym partie solową grał macedoński pianista Simon Trpčeski, orkiestra robiła to wzorowo. W <i>IV Koncercie</i> odzywają się echa <i>II</i> i <i>III Koncertu fortepianowego </i>Rachmaninowa, nie ma w nim jednak tego powabu i melodyjności, która zapewniła tamtym dziełom tak wielką popularność. Jest to w istocie rodzaj symfonii koncertującej, a w każdym razie taką interpretację tego dzieła przedstawili nam wykonawcy, przy czym ciekawiej i wielobarwniej brzmiała orkiestra niż fortepian pod palcami Trpčeskiego, który jest oczywiście bardzo dobrym pianistą, może jednak trochę zbyt powierzchownym i nastawionym na efekt. Nieprzekonanych do <i>IV Koncertu</i>, bardzo rzadko wykonywanego, to wykonanie chyba nie przekonało.</p>
<p><img loading="lazy" decoding="async" class="alignnone size-medium wp-image-479 aligncenter" src="http://beethoven.org.pl/recenzje/wp-content/uploads/sites/9/2017/04/BF170409_3631-300x200.jpg" alt="BF170409_3631" width="300" height="200" srcset="https://beethoven.org.pl/recenzje/wp-content/uploads/sites/9/2017/04/BF170409_3631-300x200.jpg 300w, https://beethoven.org.pl/recenzje/wp-content/uploads/sites/9/2017/04/BF170409_3631-768x512.jpg 768w, https://beethoven.org.pl/recenzje/wp-content/uploads/sites/9/2017/04/BF170409_3631-1024x682.jpg 1024w, https://beethoven.org.pl/recenzje/wp-content/uploads/sites/9/2017/04/BF170409_3631.jpg 1180w" sizes="auto, (max-width: 300px) 100vw, 300px" /></p>
<p>I wreszcie – <i>Symfonia fantastyczna</i> Hectora Berlioza, wspaniały fresk orkiestrowy, wielki dramat instrumentalny, w którym kompozytor podporządkował sobie formę symfoniczną i materię brzmieniową orkiestry, aby stworzyć fantasmagoryczną wizję poetycką z artystą, swoim <em>porte parole</em>, w roli głównej. Do dziś podziw budzi pomysłowość kolorystyczna francuskiego kompozytora, zaskakujące połączenia barw instrumentów i efekty dźwiękowe (łącznie z perkusyjnie brzmiącym <i>col legno</i>, rykoszetem drzewca smyczka po strunach skrzypiec), dzięki którym ukazał siłę swojej wyobraźni. W swoich pamiętnikach kompozytor pisał o prawykonaniu w grudniu 1830 roku w Paryżu: „Trzy części <i>Symfonii</i>: <i>Bal</i>, <i>Marsz na stracenie</i> i <i>Sabat </i>wywarły wielkie wrażenie. Zwłaszcza <i>Marsz na stracenie </i>poruszył salę. <i>Scena na wsi</i> nie zrobiła żadnego wrażenia”. Niemal identycznie było w niedzielę pod batutą Orozco-Estrady. Część pierwsza <i>Sny. Namiętności </i>została znakomicie rozegrana dramaturgicznie, zwłaszcza owe nagle pojawiające się przypływy, kulminacje i odpływy namiętnych uczuć, wyrażane w intrygujących modulacjach harmonicznych – tu wyróżniały się zwłaszcza I i II skrzypce: spoistością i klarownością brzmienia oraz aktywnym muzykowaniem, angażowanie swojej muzykalności w prowadzeniu głównego głosu.</p>
<p><i>Bal </i>i <i>Scena na wsi </i>zrobiły na mnie mniejsze wrażenie, ale przecież nie mogę zapomnieć o pięknych solowych wystąpieniach instrumentów dętych drewnianych, zwłaszcza rożka angielskiego. Dęte drewniane są w tej orkiestrze znakomite, znów ze względu na doskonałą spoistość brzmienia i piękną barwę, którą dzięki temu tworzą, ale przecież równie znakomity jest w tym zespole kwintet smyczkowy i blacha. Ona właśnie – potężnie i czysto brzmiące waltornie, trąbki, puzony – zabłysła w IV i V części symfonii, w których przed naszymi uszami otworzył się olśniewający teatr muzyczny, rozgrywający się na wielu planach, zwłaszcza w części IV (<i>Marsz na miejsce straceń</i>). Był to jakiś makabryczny ceremoniał, którego przestrzeń tworzyła podwójna obsada kotłów, wielki bęben, blacha i gniewne pomruki basów (cóż za  sprężystość rytmiczna!). Napięcie nie słabło ani na moment, a potem przeszło w część ostatnią, <i>Sabat</i>, w którym na tle dzwonów orkiestrowych rozbrzmiewa groźny ton średniowiecznej sekwencji <i>Dies irae. </i>Orozco-Estrada przedstawił tę kompozytorską wizję, obraz szalonej wyobraźni młodego Berlioza, jak dla mnie – niezwykle sugestywnie: przed oczami miałam paryską katedrę Notre-Dame z powieści Victora Hugo, która – nota bene – ukazała się zaledwie w rok po prawykonaniu <i>Fantastycznej</i>, w 1831 roku. Świat wykreowany przez romantyków wciąż robi na nas wrażenie, zwłaszcza gdy znajdzie godnych siebie wykonawców – publiczność po ostatnim akordzie zerwała się z miejsc. Dyrygent odmówił bisu – po takim wykonaniu nie było już nic do dodania.</p>
<p><b>Anna S. Dębowska</b></p>
<p><i>Niedziela, 9 kwietnia, godz. 19.30, Filharmonia Narodowa</i></p>
<p>Wiejce zdjęć: <a href="http://brunofidrych.com/21beethoven/09.04.2017/koncert19/index.html">TUTAJ</a><br />
(Fot. Bruno Fidrych / Studio fotograficzne Plasterstudio)</p>

<p>Po znakomitym sobotnim wykonaniu V Symfonii cis-moll Gustava Mahlera, czekałam z niecierpliwością na drugi występ Frankfurt Radio Symphony pod dyrekcją Andrésa Orozco-Estrady, Kolumbijczyka wykształconego w Wiedniu. W jego przypadku mogę uwierzyć marketingowym zapewnieniom w jego biogramie, że „jest jednym z najbardziej poszukiwanych dyrygentów średniego pokolenia”. Niedzielny koncert pod jego batutą rozpoczął się uwerturą Egmont op. [&hellip;]</p>
