{"id":365,"date":"2017-01-04T13:27:19","date_gmt":"2017-01-04T12:27:19","guid":{"rendered":"http:\/\/dev.yoho.pl\/beethoven\/recenzje\/?page_id=365"},"modified":"2017-01-04T13:27:19","modified_gmt":"2017-01-04T12:27:19","slug":"temida-stankiewicz-podhorecka-nasz-dziennik-15-pazdziernika-2010","status":"publish","type":"page","link":"https:\/\/beethoven.org.pl\/recenzje\/temida-stankiewicz-podhorecka-nasz-dziennik-15-pazdziernika-2010\/","title":{"rendered":"Temida Stankiewicz-Podhorecka, Nasz Dziennik, 15 pa\u017adziernika 2010"},"content":{"rendered":"<p><strong>O niemieckiej ucieczce w niepami\u0119\u0107<br \/>\n<\/strong><em>&#8222;Pasa\u017cerka&#8221; jest dzie\u0142em pod ka\u017cdym wzgl\u0119dem udanym. Zar\u00f3wno muzycznie, wykonawczo, jak i inscenizacyjnie. (\u2026)\u015awietne s\u0105 solistyczne wykonania \u015bpiewak\u00f3w oraz brzmienie ch\u00f3ru pe\u0142ni\u0105cego tu funkcj\u0119 komentatora zdarze\u0144 na wz\u00f3r dramatu antycznego. Opera \u015bpiewana jest w wersji wieloj\u0119zycznej, wyst\u0119puj\u0105 w niej arty\u015bci r\u00f3\u017cnych narodowo\u015bci, co ma odzwierciedla\u0107 wielonarodowo\u015bciowo\u015b\u0107 wi\u0119\u017ani\u00f3w w Auschwitz.<br \/>\nNarracja prowadzona jest z punktu widzenia nie ofiary, lecz kata, czyli Lisy. Jej posta\u0107 \u015bwietnie oddaje Agnieszka Rehlis, znakomicie \u0142\u0105cz\u0105c stron\u0119 wokaln\u0105 z aktorsk\u0105. A to nie\u0142atwe zadanie, bo partytura jest do\u015b\u0107 skomplikowana, wymaga sporej koncentracji. Rehlis prowadzi posta\u0107 Lisy przez jej rozmaite stany psychiczne i emocjonalne. Kim innym jest w obozie jako nadzorczyni, a kim innym na statku.(&#8230;)<\/em><strong><\/p>\n<p><\/strong><\/p>","protected":false},"excerpt":{"rendered":"<p>O niemieckiej ucieczce w niepami\u0119\u0107 &#8222;Pasa\u017cerka&#8221; jest dzie\u0142em pod ka\u017cdym wzgl\u0119dem udanym. Zar\u00f3wno muzycznie, wykonawczo, jak i inscenizacyjnie. (\u2026)\u015awietne s\u0105 solistyczne wykonania \u015bpiewak\u00f3w oraz brzmienie ch\u00f3ru pe\u0142ni\u0105cego tu funkcj\u0119 komentatora zdarze\u0144 na wz\u00f3r dramatu antycznego. Opera \u015bpiewana jest w wersji wieloj\u0119zycznej, wyst\u0119puj\u0105 w niej arty\u015bci r\u00f3\u017cnych narodowo\u015bci, co ma odzwierciedla\u0107 wielonarodowo\u015bciowo\u015b\u0107 wi\u0119\u017ani\u00f3w w Auschwitz. Narracja [&hellip;]<\/p>\n","protected":false},"author":2,"featured_media":0,"parent":0,"menu_order":0,"comment_status":"closed","ping_status":"closed","template":"","meta":{"footnotes":""},"class_list":["post-365","page","type-page","status-publish","hentry"],"_links":{"self":[{"href":"https:\/\/beethoven.org.pl\/recenzje\/wp-json\/wp\/v2\/pages\/365","targetHints":{"allow":["GET"]}}],"collection":[{"href":"https:\/\/beethoven.org.pl\/recenzje\/wp-json\/wp\/v2\/pages"}],"about":[{"href":"https:\/\/beethoven.org.pl\/recenzje\/wp-json\/wp\/v2\/types\/page"}],"author":[{"embeddable":true,"href":"https:\/\/beethoven.org.pl\/recenzje\/wp-json\/wp\/v2\/users\/2"}],"replies":[{"embeddable":true,"href":"https:\/\/beethoven.org.pl\/recenzje\/wp-json\/wp\/v2\/comments?post=365"}],"version-history":[{"count":1,"href":"https:\/\/beethoven.org.pl\/recenzje\/wp-json\/wp\/v2\/pages\/365\/revisions"}],"predecessor-version":[{"id":366,"href":"https:\/\/beethoven.org.pl\/recenzje\/wp-json\/wp\/v2\/pages\/365\/revisions\/366"}],"wp:attachment":[{"href":"https:\/\/beethoven.org.pl\/recenzje\/wp-json\/wp\/v2\/media?parent=365"}],"curies":[{"name":"wp","href":"https:\/\/api.w.org\/{rel}","templated":true}]}}

Temida Stankiewicz-Podhorecka, Nasz Dziennik, 15 października 2010

<p><strong>O niemieckiej ucieczce w niepamięć<br />
</strong><em>&#8222;Pasażerka&#8221; jest dziełem pod każdym względem udanym. Zarówno muzycznie, wykonawczo, jak i inscenizacyjnie. (…)Świetne są solistyczne wykonania śpiewaków oraz brzmienie chóru pełniącego tu funkcję komentatora zdarzeń na wzór dramatu antycznego. Opera śpiewana jest w wersji wielojęzycznej, występują w niej artyści różnych narodowości, co ma odzwierciedlać wielonarodowościowość więźniów w Auschwitz.<br />
Narracja prowadzona jest z punktu widzenia nie ofiary, lecz kata, czyli Lisy. Jej postać świetnie oddaje Agnieszka Rehlis, znakomicie łącząc stronę wokalną z aktorską. A to niełatwe zadanie, bo partytura jest dość skomplikowana, wymaga sporej koncentracji. Rehlis prowadzi postać Lisy przez jej rozmaite stany psychiczne i emocjonalne. Kim innym jest w obozie jako nadzorczyni, a kim innym na statku.(&#8230;)</em><strong></p>
<p></strong></p>

<p>O niemieckiej ucieczce w niepamięć &#8222;Pasażerka&#8221; jest dziełem pod każdym względem udanym. Zarówno muzycznie, wykonawczo, jak i inscenizacyjnie. (…)Świetne są solistyczne wykonania śpiewaków oraz brzmienie chóru pełniącego tu funkcję komentatora zdarzeń na wzór dramatu antycznego. Opera śpiewana jest w wersji wielojęzycznej, występują w niej artyści różnych narodowości, co ma odzwierciedlać wielonarodowościowość więźniów w Auschwitz. Narracja [&hellip;]</p>
