{"id":363,"date":"2015-01-04T13:25:47","date_gmt":"2015-01-04T12:25:47","guid":{"rendered":"http:\/\/dev.yoho.pl\/beethoven\/recenzje\/?page_id=363"},"modified":"2017-01-04T13:26:29","modified_gmt":"2017-01-04T12:26:29","slug":"anna-al-araj-polskamuza-eu-27-lutego-2011","status":"publish","type":"page","link":"https:\/\/beethoven.org.pl\/recenzje\/anna-al-araj-polskamuza-eu-27-lutego-2011\/","title":{"rendered":"Anna Al-Araj, \u201epolskamuza.eu\u201d, 27 lutego 2011"},"content":{"rendered":"<p><em>Agnieszka Rehlis zaprezentowa\u0142a si\u0119 krakowskiej publiczno\u015bci w przejmuj\u0105cej cz\u0119\u015bci VI. Barwa g\u0142osu \u015bpiewaczki idealnie wkomponowa\u0142a si\u0119 w nastr\u00f3j muzyki Prokofiewa, interpretatorka potraktowa\u0142a swoj\u0105 parti\u0119 z nale\u017cnym jej pietyzmem i ukierunkowaniem na detal.\u00a0<\/em><\/p>\n<p>http:\/\/www.polskamuza.eu\/wywiady.php?id=292<\/p>","protected":false},"excerpt":{"rendered":"<p>Agnieszka Rehlis zaprezentowa\u0142a si\u0119 krakowskiej publiczno\u015bci w przejmuj\u0105cej cz\u0119\u015bci VI. Barwa g\u0142osu \u015bpiewaczki idealnie wkomponowa\u0142a si\u0119 w nastr\u00f3j muzyki Prokofiewa, interpretatorka potraktowa\u0142a swoj\u0105 parti\u0119 z nale\u017cnym jej pietyzmem i ukierunkowaniem na detal.\u00a0 http:\/\/www.polskamuza.eu\/wywiady.php?id=292<\/p>\n","protected":false},"author":2,"featured_media":0,"parent":0,"menu_order":0,"comment_status":"closed","ping_status":"closed","template":"","meta":{"footnotes":""},"class_list":["post-363","page","type-page","status-publish","hentry"],"_links":{"self":[{"href":"https:\/\/beethoven.org.pl\/recenzje\/wp-json\/wp\/v2\/pages\/363","targetHints":{"allow":["GET"]}}],"collection":[{"href":"https:\/\/beethoven.org.pl\/recenzje\/wp-json\/wp\/v2\/pages"}],"about":[{"href":"https:\/\/beethoven.org.pl\/recenzje\/wp-json\/wp\/v2\/types\/page"}],"author":[{"embeddable":true,"href":"https:\/\/beethoven.org.pl\/recenzje\/wp-json\/wp\/v2\/users\/2"}],"replies":[{"embeddable":true,"href":"https:\/\/beethoven.org.pl\/recenzje\/wp-json\/wp\/v2\/comments?post=363"}],"version-history":[{"count":1,"href":"https:\/\/beethoven.org.pl\/recenzje\/wp-json\/wp\/v2\/pages\/363\/revisions"}],"predecessor-version":[{"id":364,"href":"https:\/\/beethoven.org.pl\/recenzje\/wp-json\/wp\/v2\/pages\/363\/revisions\/364"}],"wp:attachment":[{"href":"https:\/\/beethoven.org.pl\/recenzje\/wp-json\/wp\/v2\/media?parent=363"}],"curies":[{"name":"wp","href":"https:\/\/api.w.org\/{rel}","templated":true}]}}

<p><em>Agnieszka Rehlis zaprezentowała się krakowskiej publiczności w przejmującej części VI. Barwa głosu śpiewaczki idealnie wkomponowała się w nastrój muzyki Prokofiewa, interpretatorka potraktowała swoją partię z należnym jej pietyzmem i ukierunkowaniem na detal. </em></p>
<p>http://www.polskamuza.eu/wywiady.php?id=292</p>

<p>Agnieszka Rehlis zaprezentowała się krakowskiej publiczności w przejmującej części VI. Barwa głosu śpiewaczki idealnie wkomponowała się w nastrój muzyki Prokofiewa, interpretatorka potraktowała swoją partię z należnym jej pietyzmem i ukierunkowaniem na detal.  http://www.polskamuza.eu/wywiady.php?id=292</p>
