{"id":358,"date":"2016-01-04T13:18:23","date_gmt":"2016-01-04T12:18:23","guid":{"rendered":"http:\/\/dev.yoho.pl\/beethoven\/recenzje\/?page_id=358"},"modified":"2017-01-04T13:24:13","modified_gmt":"2017-01-04T12:24:13","slug":"ewa-szczecinska-polskie-radio","status":"publish","type":"page","link":"https:\/\/beethoven.org.pl\/recenzje\/ewa-szczecinska-polskie-radio\/","title":{"rendered":"Ewa Szczeci\u0144ska Polskie Radio"},"content":{"rendered":"<p><em>\u2013 Wyr\u00f3\u017cni\u0142abym dwie partie: kontratenorow\u0105 Micha\u0142a Wajdy Ch\u0142opickiego, kt\u00f3ry gra\u0142 Majtka, oraz bardzo liryczn\u0105 i pi\u0119knie wykonan\u0105 parti\u0119 Agnieszki Rehlis, matki Izmaela \u2013 wymienia\u0142a Ewa Szczeci\u0144ska.<\/em><\/p>\n<p>&nbsp;<\/p>\n<p><a href=\"http:\/\/www.polskieradio.pl\/8\/410\/Artykul\/1162622,Moby-Dick-%E2%80%93-chlod-i-tajemnica\">www.polskieradio.pl\/8\/410\/Artykul\/1162622,Moby-Dick-%E2%80%93-chlod-i-tajemnica<\/a><\/p>","protected":false},"excerpt":{"rendered":"<p>\u2013 Wyr\u00f3\u017cni\u0142abym dwie partie: kontratenorow\u0105 Micha\u0142a Wajdy Ch\u0142opickiego, kt\u00f3ry gra\u0142 Majtka, oraz bardzo liryczn\u0105 i pi\u0119knie wykonan\u0105 parti\u0119 Agnieszki Rehlis, matki Izmaela \u2013 wymienia\u0142a Ewa Szczeci\u0144ska. &nbsp; www.polskieradio.pl\/8\/410\/Artykul\/1162622,Moby-Dick-%E2%80%93-chlod-i-tajemnica<\/p>\n","protected":false},"author":2,"featured_media":0,"parent":0,"menu_order":0,"comment_status":"closed","ping_status":"closed","template":"","meta":{"footnotes":""},"class_list":["post-358","page","type-page","status-publish","hentry"],"_links":{"self":[{"href":"https:\/\/beethoven.org.pl\/recenzje\/wp-json\/wp\/v2\/pages\/358","targetHints":{"allow":["GET"]}}],"collection":[{"href":"https:\/\/beethoven.org.pl\/recenzje\/wp-json\/wp\/v2\/pages"}],"about":[{"href":"https:\/\/beethoven.org.pl\/recenzje\/wp-json\/wp\/v2\/types\/page"}],"author":[{"embeddable":true,"href":"https:\/\/beethoven.org.pl\/recenzje\/wp-json\/wp\/v2\/users\/2"}],"replies":[{"embeddable":true,"href":"https:\/\/beethoven.org.pl\/recenzje\/wp-json\/wp\/v2\/comments?post=358"}],"version-history":[{"count":1,"href":"https:\/\/beethoven.org.pl\/recenzje\/wp-json\/wp\/v2\/pages\/358\/revisions"}],"predecessor-version":[{"id":359,"href":"https:\/\/beethoven.org.pl\/recenzje\/wp-json\/wp\/v2\/pages\/358\/revisions\/359"}],"wp:attachment":[{"href":"https:\/\/beethoven.org.pl\/recenzje\/wp-json\/wp\/v2\/media?parent=358"}],"curies":[{"name":"wp","href":"https:\/\/api.w.org\/{rel}","templated":true}]}}

Ewa Szczecińska Polskie Radio

<p><em>– Wyróżniłabym dwie partie: kontratenorową Michała Wajdy Chłopickiego, który grał Majtka, oraz bardzo liryczną i pięknie wykonaną partię Agnieszki Rehlis, matki Izmaela – wymieniała Ewa Szczecińska.</em></p>
<p>&nbsp;</p>
<p><a href="http://www.polskieradio.pl/8/410/Artykul/1162622,Moby-Dick-%E2%80%93-chlod-i-tajemnica">www.polskieradio.pl/8/410/Artykul/1162622,Moby-Dick-%E2%80%93-chlod-i-tajemnica</a></p>

<p>– Wyróżniłabym dwie partie: kontratenorową Michała Wajdy Chłopickiego, który grał Majtka, oraz bardzo liryczną i pięknie wykonaną partię Agnieszki Rehlis, matki Izmaela – wymieniała Ewa Szczecińska. &nbsp; www.polskieradio.pl/8/410/Artykul/1162622,Moby-Dick-%E2%80%93-chlod-i-tajemnica</p>
