{"id":338,"date":"2009-04-07T18:13:23","date_gmt":"2009-04-07T16:13:23","guid":{"rendered":"http:\/\/dev.yoho.pl\/beethoven\/recenzje\/?page_id=338"},"modified":"2016-12-19T18:14:08","modified_gmt":"2016-12-19T17:14:08","slug":"wiener-kammerorchester","status":"publish","type":"page","link":"https:\/\/beethoven.org.pl\/recenzje\/wiener-kammerorchester\/","title":{"rendered":"Wiener KammerOrchester"},"content":{"rendered":"<p>Przeciwie\u0144stwa lubi\u0105 si\u0119 przyci\u0105ga\u0107 i uzupe\u0142nia\u0107. Efekty takiego oddzia\u0142ywania mog\u0105 by\u0107 r\u00f3\u017cne, a kluczowa jest kwestia proporcji. Kiedy przeciwstawne elementy s\u0105 dobrze wywa\u017cone \u2013 zyskujemy poczucie pe\u0142ni artystycznych do\u015bwiadcze\u0144; kiedy jednak jeden z biegun\u00f3w dominuje, proporcje ulegaj\u0105 wydatnemu zachwianiu. Owo uog\u00f3lnienie odnosz\u0119 do nienajlepszych niestety wra\u017ce\u0144 z koncertu Wiener KammerOrchester, wyst\u0119puj\u0105cej pod batut\u0105 polskiego kontrabasisty i dyrygenta \u2013 Jurka Dyba\u0142a.<\/p>\n<p>Po stronie aktyw\u00f3w zapisuj\u0119 trzy punkty. Po pierwsze \u015bwietnego solist\u0119: Xaviera de Maistre, na co dzie\u0144 harfist\u0119 Wiener Philharmoniker (w kt\u00f3rej zreszt\u0105 gra tak\u017ce Jerzy Dyba\u0142). Po drugie jego pe\u0142n\u0105 wirtuozowskiego zaci\u0119cia interpretacj\u0119 <i>Koncertu fortepianowego D-dur <\/i>J\u00f3zefa Haydna (we w\u0142asnej transkrypcji na harf\u0119). Po trzecie przypomnienie w programie <i>Uwertury g-moll <\/i>Franciszka Lessla, czyli jedynego \u015bladu jego symfonicznej tw\u00f3rczo\u015bci, kt\u00f3ry zachowa\u0142 si\u0119 do naszych czas\u00f3w. <i>Uwertura <\/i>jest w\u0142a\u015bciwie fina\u0142owym ogniwem utworu, kt\u00f3ry, jak wi\u0119kszo\u015b\u0107 dorobku ucznia J\u00f3zefa Haydna, najwytrawniejszego z polskich klasyk\u00f3w \u2013 przepad\u0142 w odm\u0119tach czasu i burzach dziejowych.<\/p>\n<p>Xavier de Maistre zas\u0142ugiwa\u0142 na najwi\u0119ksze uznanie i najbardziej rz\u0119siste oklaski i tak zreszt\u0105 przez publiczno\u015b\u0107 zosta\u0142a jego \u015bwietna gra uhonorowana. Zrewan\u017cowa\u0142 si\u0119 dwoma wirtuozowskimi bisami, a ja \u017ca\u0142owa\u0142em, \u017ce nie gra\u0142 tego wieczoru d\u0142u\u017cej.<\/p>\n<p>Niestety, szkoda mi by\u0142o i <i>Symfonii Es-dur \u201eMerkury\u201d<\/i> J\u00f3zefa Haydna i przede wszystkim <i>Symfonii C-dur \u201eJowiszowej\u201d<\/i> Wolfganga Amadeusza Mozarta \u2013 o ich wykonaniu chc\u0119 jak najszybciej zapomnie\u0107. Ani pomys\u0142 na ich interpretacj\u0119, ani spos\u00f3b realizacji tego pomys\u0142u nie by\u0142 zadowalaj\u0105cy. Z ca\u0142\u0105 pewno\u015bci\u0105 nie by\u0142 to wymarzony dzie\u0144 ani Wiener KammerOrchester, ani Jurka Dyba\u0142a. Zapewne bywa\u0142y lepsze, a w ca\u0142ym koncercie przeciwie\u0144stwa si\u0119 nie zr\u00f3wnowa\u017cy\u0142y.<\/p>\n<p>Marcin Majchrowski<br \/>\n(Polskie Radio)<\/p>","protected":false},"excerpt":{"rendered":"<p>Przeciwie\u0144stwa lubi\u0105 si\u0119 przyci\u0105ga\u0107 i uzupe\u0142nia\u0107. Efekty takiego oddzia\u0142ywania mog\u0105 by\u0107 r\u00f3\u017cne, a kluczowa jest kwestia proporcji. Kiedy przeciwstawne elementy s\u0105 dobrze wywa\u017cone \u2013 zyskujemy poczucie pe\u0142ni artystycznych do\u015bwiadcze\u0144; kiedy jednak jeden z biegun\u00f3w dominuje, proporcje ulegaj\u0105 wydatnemu zachwianiu. Owo uog\u00f3lnienie odnosz\u0119 do nienajlepszych niestety wra\u017ce\u0144 z koncertu Wiener KammerOrchester, wyst\u0119puj\u0105cej pod batut\u0105 polskiego kontrabasisty [&hellip;]<\/p>\n","protected":false},"author":2,"featured_media":0,"parent":0,"menu_order":0,"comment_status":"closed","ping_status":"closed","template":"","meta":{"footnotes":""},"class_list":["post-338","page","type-page","status-publish","hentry"],"_links":{"self":[{"href":"https:\/\/beethoven.org.pl\/recenzje\/wp-json\/wp\/v2\/pages\/338","targetHints":{"allow":["GET"]}}],"collection":[{"href":"https:\/\/beethoven.org.pl\/recenzje\/wp-json\/wp\/v2\/pages"}],"about":[{"href":"https:\/\/beethoven.org.pl\/recenzje\/wp-json\/wp\/v2\/types\/page"}],"author":[{"embeddable":true,"href":"https:\/\/beethoven.org.pl\/recenzje\/wp-json\/wp\/v2\/users\/2"}],"replies":[{"embeddable":true,"href":"https:\/\/beethoven.org.pl\/recenzje\/wp-json\/wp\/v2\/comments?post=338"}],"version-history":[{"count":1,"href":"https:\/\/beethoven.org.pl\/recenzje\/wp-json\/wp\/v2\/pages\/338\/revisions"}],"predecessor-version":[{"id":339,"href":"https:\/\/beethoven.org.pl\/recenzje\/wp-json\/wp\/v2\/pages\/338\/revisions\/339"}],"wp:attachment":[{"href":"https:\/\/beethoven.org.pl\/recenzje\/wp-json\/wp\/v2\/media?parent=338"}],"curies":[{"name":"wp","href":"https:\/\/api.w.org\/{rel}","templated":true}]}}

<p>Przeciwieństwa lubią się przyciągać i uzupełniać. Efekty takiego oddziaływania mogą być różne, a kluczowa jest kwestia proporcji. Kiedy przeciwstawne elementy są dobrze wyważone – zyskujemy poczucie pełni artystycznych doświadczeń; kiedy jednak jeden z biegunów dominuje, proporcje ulegają wydatnemu zachwianiu. Owo uogólnienie odnoszę do nienajlepszych niestety wrażeń z koncertu Wiener KammerOrchester, występującej pod batutą polskiego kontrabasisty i dyrygenta – Jurka Dybała.</p>
<p>Po stronie aktywów zapisuję trzy punkty. Po pierwsze świetnego solistę: Xaviera de Maistre, na co dzień harfistę Wiener Philharmoniker (w której zresztą gra także Jerzy Dybał). Po drugie jego pełną wirtuozowskiego zacięcia interpretację <i>Koncertu fortepianowego D-dur </i>Józefa Haydna (we własnej transkrypcji na harfę). Po trzecie przypomnienie w programie <i>Uwertury g-moll </i>Franciszka Lessla, czyli jedynego śladu jego symfonicznej twórczości, który zachował się do naszych czasów. <i>Uwertura </i>jest właściwie finałowym ogniwem utworu, który, jak większość dorobku ucznia Józefa Haydna, najwytrawniejszego z polskich klasyków – przepadł w odmętach czasu i burzach dziejowych.</p>
<p>Xavier de Maistre zasługiwał na największe uznanie i najbardziej rzęsiste oklaski i tak zresztą przez publiczność została jego świetna gra uhonorowana. Zrewanżował się dwoma wirtuozowskimi bisami, a ja żałowałem, że nie grał tego wieczoru dłużej.</p>
<p>Niestety, szkoda mi było i <i>Symfonii Es-dur „Merkury”</i> Józefa Haydna i przede wszystkim <i>Symfonii C-dur „Jowiszowej”</i> Wolfganga Amadeusza Mozarta – o ich wykonaniu chcę jak najszybciej zapomnieć. Ani pomysł na ich interpretację, ani sposób realizacji tego pomysłu nie był zadowalający. Z całą pewnością nie był to wymarzony dzień ani Wiener KammerOrchester, ani Jurka Dybała. Zapewne bywały lepsze, a w całym koncercie przeciwieństwa się nie zrównoważyły.</p>
<p>Marcin Majchrowski<br />
(Polskie Radio)</p>

<p>Przeciwieństwa lubią się przyciągać i uzupełniać. Efekty takiego oddziaływania mogą być różne, a kluczowa jest kwestia proporcji. Kiedy przeciwstawne elementy są dobrze wyważone – zyskujemy poczucie pełni artystycznych doświadczeń; kiedy jednak jeden z biegunów dominuje, proporcje ulegają wydatnemu zachwianiu. Owo uogólnienie odnoszę do nienajlepszych niestety wrażeń z koncertu Wiener KammerOrchester, występującej pod batutą polskiego kontrabasisty [&hellip;]</p>
