{"id":328,"date":"2009-04-04T18:03:07","date_gmt":"2009-04-04T16:03:07","guid":{"rendered":"http:\/\/dev.yoho.pl\/beethoven\/recenzje\/?page_id=328"},"modified":"2016-12-19T18:03:55","modified_gmt":"2016-12-19T17:03:55","slug":"kantaty-mendelssohna","status":"publish","type":"page","link":"https:\/\/beethoven.org.pl\/recenzje\/kantaty-mendelssohna\/","title":{"rendered":"Kantaty Mendelssohna"},"content":{"rendered":"<p>G\u0142\u00f3wnym akcentem obchod\u00f3w roku Feliksa Mendelssohna na Festiwalu Beethovenowskim by\u0142a prezentacja jego tw\u00f3rczo\u015bci wokalno-instrumentalnej. Wyb\u00f3r ze wszech miar ciekawy, bo przecie\u017c s\u0142ynnej uwertury do <i>Snu nocy letniej<\/i> (absolutnego arcydzie\u0142a oczywi\u015bcie!) czy <i>Symfonii \u201eW\u0142oskiej\u201d<\/i> i <i>\u201eSzkockiej\u201d<\/i> przypomina\u0107 nie trzeba, a w kontek\u015bcie rocznicy by\u0142oby to nawet nietaktem. W pi\u0105tkowy wiecz\u00f3r w Filharmonii Narodowej mo\u017cna wi\u0119c by\u0142o nadrobi\u0107 repertuarowe zaleg\u0142o\u015bci oraz przypomnie\u0107 sobie <i>Uwertur\u0119 \u201ePi\u0119kna Meluzyna\u201d <\/i>op. 32, bo tym w\u0142a\u015bnie utworem rozpocz\u0105\u0142 koncert Ola Rudner, kt\u00f3ry prowadzi\u0142 Narodow\u0105 Orkiestr\u0119 Symfoniczn\u0105 Polskiego Radia.<\/p>\n<p>Pierwsza z dw\u00f3ch kantat Mendelssohna \u2013 <i>Begr\u00fc\u00dfung <\/i>\u2013 to absolutny rarytas programowy. Utw\u00f3r w\u0142a\u015bciwie m\u0142odzie\u0144czy (kompozytor mia\u0142 19 lat) niecz\u0119sto da si\u0119 s\u0142ysze\u0107 w jego ojczy\u017anie \u2013 nad Wis\u0142\u0105 zosta\u0142 wykonany dopiero po raz pierwszy. Przylgn\u0105\u0142 do tego dzie\u0142a podtytu\u0142 <i>Humboldt-Kantate<\/i>, bo jego narodzinom i premierze przy\u015bwieca\u0142y szczeg\u00f3lne okoliczno\u015bci. W 1828 roku, powr\u00f3t wielkiego uczonego Aleksandra von Humboldta do Berlina, po d\u0142ugim pobycie w Pary\u017cu, zosta\u0142 u\u015bwietniony mi\u0119dzynarodowym kongresem, na kt\u00f3rym obecny by\u0142 r\u00f3wnie\u017c Fryderyk Chopin. Pomyli\u0142 nawet wielkiego przyrodnika z&#8230; kr\u00f3lewskim kamerdynerem, o czym donosi\u0142 w li\u015bcie rodzinie (20 wrze\u015bnia 1828 roku). O dzie\u0142ku Mendelssohna jednak nie wspomina\u0142, cho\u0107 pewnie musia\u0142 je s\u0142ysze\u0107. Ponadczasowych warto\u015bci artystycznych w <i>Humbold-Kantate<\/i> trudno si\u0119 doszukiwa\u0107 \u2013 ot, jeszcze jeden okoliczno\u015bciowy utw\u00f3r, radosny i troch\u0119 pompatyczny. Lecz warto si\u0119 z ni\u0105 zapozna\u0107, cho\u0107by przez wzgl\u0105d na zupe\u0142nie niecodzienn\u0105 obsad\u0119 wykonawcz\u0105: cztery solowe g\u0142osy m\u0119skie, taki\u017c ch\u00f3r, a do tego \u2013 uwaga! \u2013 jedynie instrumenty d\u0119te, klawesyn, kot\u0142y i wiolonczele z kontrabasami. Absolutne kuriozum, ciekawe i niepowtarzalne.<\/p>\n<p>Za to cztery lata p\u00f3\u017aniejsza <i>Pierwsza noc Walpurgii<\/i> op. 60, do wyimk\u00f3w z <i>Fausta <\/i>Goethego jest ju\u017c dzie\u0142em dojrza\u0142ym \u2013 imponuj\u0105cym, pot\u0119\u017cnym, wywo\u0142uj\u0105cym na s\u0142uchaczu niezatarte wra\u017cenie. Opisane przez Goethego poga\u0144skie rytua\u0142y, w romantycznej muzyce Feliksa Mendelssohna zyskuj\u0105 nowy, bardzo obrazowy i uplastyczniony wymiar. \u015awietne pole do popisu dla wszystkich wykonawc\u00f3w \u2013 solist\u00f3w, ch\u00f3ru i orkiestry. I takiego popisu w Filharmonii Narodowej byli\u015bmy \u015bwiadkami. Agnieszka Rehlis, Thomas Michael Allen, Thomas E. Bauer i Wojtek Gierlach prezentowali bardzo dobr\u0105 form\u0119. Szwedzki dyrygent Ola Rudner wyczarowa\u0142 i\u015bcie piekieln\u0105, porywaj\u0105c\u0105 dramaturgi\u0119. NOSPR, w pot\u0119\u017cnym sk\u0142adzie (por\u00f3wnywalnym niemal z orkiestrami Mahlerowskimi) pod batut\u0105 Rudnera gra\u0142 z precyzj\u0105 orkiestry kameralnej, daj\u0105c jednocze\u015bnie w\u0142a\u015bciwy i niezb\u0119dny wolumen brzmienia.<\/p>\n<p>A na najwi\u0119ksz\u0105 pochwa\u0142\u0119 zas\u0142u\u017cy\u0142 Ch\u00f3r Opery i Filharmonii Podlaskiej. Zesp\u00f3\u0142 \u015bwietnie przygotowany przez Violett\u0119 Bieleck\u0105 \u015bpiewa\u0142 jak natchniony. Absolutnie profesjonalne podej\u015bcie, ch\u0119\u0107 muzykowania i wielkie zaanga\u017cowanie Bia\u0142ostockiego Ch\u00f3ru przebija\u0142y z ka\u017cdego wy\u015bpiewywanego d\u017awi\u0119ku. S\u0142owom uznania nie powinno by\u0107 ko\u0144ca.<\/p>\n<p>Marcin Majchrowski<br \/>\n(Polskie Radio)<\/p>","protected":false},"excerpt":{"rendered":"<p>G\u0142\u00f3wnym akcentem obchod\u00f3w roku Feliksa Mendelssohna na Festiwalu Beethovenowskim by\u0142a prezentacja jego tw\u00f3rczo\u015bci wokalno-instrumentalnej. Wyb\u00f3r ze wszech miar ciekawy, bo przecie\u017c s\u0142ynnej uwertury do Snu nocy letniej (absolutnego arcydzie\u0142a oczywi\u015bcie!) czy Symfonii \u201eW\u0142oskiej\u201d i \u201eSzkockiej\u201d przypomina\u0107 nie trzeba, a w kontek\u015bcie rocznicy by\u0142oby to nawet nietaktem. W pi\u0105tkowy wiecz\u00f3r w Filharmonii Narodowej mo\u017cna wi\u0119c by\u0142o [&hellip;]<\/p>\n","protected":false},"author":2,"featured_media":0,"parent":0,"menu_order":0,"comment_status":"closed","ping_status":"closed","template":"","meta":{"footnotes":""},"class_list":["post-328","page","type-page","status-publish","hentry"],"_links":{"self":[{"href":"https:\/\/beethoven.org.pl\/recenzje\/wp-json\/wp\/v2\/pages\/328","targetHints":{"allow":["GET"]}}],"collection":[{"href":"https:\/\/beethoven.org.pl\/recenzje\/wp-json\/wp\/v2\/pages"}],"about":[{"href":"https:\/\/beethoven.org.pl\/recenzje\/wp-json\/wp\/v2\/types\/page"}],"author":[{"embeddable":true,"href":"https:\/\/beethoven.org.pl\/recenzje\/wp-json\/wp\/v2\/users\/2"}],"replies":[{"embeddable":true,"href":"https:\/\/beethoven.org.pl\/recenzje\/wp-json\/wp\/v2\/comments?post=328"}],"version-history":[{"count":1,"href":"https:\/\/beethoven.org.pl\/recenzje\/wp-json\/wp\/v2\/pages\/328\/revisions"}],"predecessor-version":[{"id":329,"href":"https:\/\/beethoven.org.pl\/recenzje\/wp-json\/wp\/v2\/pages\/328\/revisions\/329"}],"wp:attachment":[{"href":"https:\/\/beethoven.org.pl\/recenzje\/wp-json\/wp\/v2\/media?parent=328"}],"curies":[{"name":"wp","href":"https:\/\/api.w.org\/{rel}","templated":true}]}}

<p>Głównym akcentem obchodów roku Feliksa Mendelssohna na Festiwalu Beethovenowskim była prezentacja jego twórczości wokalno-instrumentalnej. Wybór ze wszech miar ciekawy, bo przecież słynnej uwertury do <i>Snu nocy letniej</i> (absolutnego arcydzieła oczywiście!) czy <i>Symfonii „Włoskiej”</i> i <i>„Szkockiej”</i> przypominać nie trzeba, a w kontekście rocznicy byłoby to nawet nietaktem. W piątkowy wieczór w Filharmonii Narodowej można więc było nadrobić repertuarowe zaległości oraz przypomnieć sobie <i>Uwerturę „Piękna Meluzyna” </i>op. 32, bo tym właśnie utworem rozpoczął koncert Ola Rudner, który prowadził Narodową Orkiestrę Symfoniczną Polskiego Radia.</p>
<p>Pierwsza z dwóch kantat Mendelssohna – <i>Begrüßung </i>– to absolutny rarytas programowy. Utwór właściwie młodzieńczy (kompozytor miał 19 lat) nieczęsto da się słyszeć w jego ojczyźnie – nad Wisłą został wykonany dopiero po raz pierwszy. Przylgnął do tego dzieła podtytuł <i>Humboldt-Kantate</i>, bo jego narodzinom i premierze przyświecały szczególne okoliczności. W 1828 roku, powrót wielkiego uczonego Aleksandra von Humboldta do Berlina, po długim pobycie w Paryżu, został uświetniony międzynarodowym kongresem, na którym obecny był również Fryderyk Chopin. Pomylił nawet wielkiego przyrodnika z&#8230; królewskim kamerdynerem, o czym donosił w liście rodzinie (20 września 1828 roku). O dziełku Mendelssohna jednak nie wspominał, choć pewnie musiał je słyszeć. Ponadczasowych wartości artystycznych w <i>Humbold-Kantate</i> trudno się doszukiwać – ot, jeszcze jeden okolicznościowy utwór, radosny i trochę pompatyczny. Lecz warto się z nią zapoznać, choćby przez wzgląd na zupełnie niecodzienną obsadę wykonawczą: cztery solowe głosy męskie, takiż chór, a do tego – uwaga! – jedynie instrumenty dęte, klawesyn, kotły i wiolonczele z kontrabasami. Absolutne kuriozum, ciekawe i niepowtarzalne.</p>
<p>Za to cztery lata późniejsza <i>Pierwsza noc Walpurgii</i> op. 60, do wyimków z <i>Fausta </i>Goethego jest już dziełem dojrzałym – imponującym, potężnym, wywołującym na słuchaczu niezatarte wrażenie. Opisane przez Goethego pogańskie rytuały, w romantycznej muzyce Feliksa Mendelssohna zyskują nowy, bardzo obrazowy i uplastyczniony wymiar. Świetne pole do popisu dla wszystkich wykonawców – solistów, chóru i orkiestry. I takiego popisu w Filharmonii Narodowej byliśmy świadkami. Agnieszka Rehlis, Thomas Michael Allen, Thomas E. Bauer i Wojtek Gierlach prezentowali bardzo dobrą formę. Szwedzki dyrygent Ola Rudner wyczarował iście piekielną, porywającą dramaturgię. NOSPR, w potężnym składzie (porównywalnym niemal z orkiestrami Mahlerowskimi) pod batutą Rudnera grał z precyzją orkiestry kameralnej, dając jednocześnie właściwy i niezbędny wolumen brzmienia.</p>
<p>A na największą pochwałę zasłużył Chór Opery i Filharmonii Podlaskiej. Zespół świetnie przygotowany przez Violettę Bielecką śpiewał jak natchniony. Absolutnie profesjonalne podejście, chęć muzykowania i wielkie zaangażowanie Białostockiego Chóru przebijały z każdego wyśpiewywanego dźwięku. Słowom uznania nie powinno być końca.</p>
<p>Marcin Majchrowski<br />
(Polskie Radio)</p>

<p>Głównym akcentem obchodów roku Feliksa Mendelssohna na Festiwalu Beethovenowskim była prezentacja jego twórczości wokalno-instrumentalnej. Wybór ze wszech miar ciekawy, bo przecież słynnej uwertury do Snu nocy letniej (absolutnego arcydzieła oczywiście!) czy Symfonii „Włoskiej” i „Szkockiej” przypominać nie trzeba, a w kontekście rocznicy byłoby to nawet nietaktem. W piątkowy wieczór w Filharmonii Narodowej można więc było [&hellip;]</p>
