{"id":319,"date":"2009-03-31T17:51:49","date_gmt":"2009-03-31T15:51:49","guid":{"rendered":"http:\/\/dev.yoho.pl\/beethoven\/recenzje\/?page_id=319"},"modified":"2016-12-19T18:00:29","modified_gmt":"2016-12-19T17:00:29","slug":"english-chamber-orchestra","status":"publish","type":"page","link":"https:\/\/beethoven.org.pl\/recenzje\/english-chamber-orchestra\/","title":{"rendered":"English Chamber Orchestra"},"content":{"rendered":"<p>Cho\u0107 English Chamber Orchestra dobiega pi\u0119\u0107dziesi\u0105tki, to jest ci\u0105gle zespo\u0142em, kt\u00f3ry mo\u017ce zachwyci\u0107 swoim brzmieniem, wirtuozowskim kunsztem i porywa\u0107 radosnym entuzjazmem muzykowania. Ostatni\u0105 cech\u0119 podkre\u015blam, ku rozwadze w naszym, lokalnym kontek\u015bcie, bo wiele polskich zespo\u0142\u00f3w i orkiestr prezentuje si\u0119 na co dzie\u0144 na estradzie tak, jakby wykonywanie muzyki sprawia\u0142o im niewyobra\u017calny b\u00f3l, powodowa\u0142o traum\u0119.<\/p>\n<p>Angielska Orkiestra Kameralna zainaugurowa\u0142a na Festiwalu nurt prezentacji dzie\u0142 J\u00f3zefa Haydna (31 maja przypada 200 rocznica \u015bmierci jednego z ojc\u00f3w klasycyzmu). Monograficzny program tworzy\u0142y para symfonii: <i>H-dur <\/i>Hob. I\/46 i <i>e-moll <\/i>Hob. I\/44, zwana \u201e\u017ba\u0142obn\u0105\u201d oraz dwa przebojowe, najpopularniejsze z jego instrumentalnych koncert\u00f3w: wiolonczelowy <i>C-dur <\/i>Hob. VIIb\/5 i fortepianowy <i>D-dur<\/i> Hob. XVIII\/11. Partie solowe wykonywali wiolonczelista Arto Noras i (wyst\u0119puj\u0105cy tak\u017ce w roli dyrygenta) pianista Ralf Goth\u00f3ni. Dla wielbicieli Haydna \u2013 przegl\u0105d przeboj\u00f3w, dla poznaj\u0105cych t\u0119 tw\u00f3rczo\u015b\u0107 by\u0142a to \u015bwietna okazja zaznajomienia si\u0119 z dzie\u0142ami, ukazuj\u0105cymi r\u00f3\u017cne oblicza tego kompozytora. Te dwie symfonie (napisane na pocz\u0105tku lat siedemdziesi\u0105tych XVIII stulecia), nale\u017c\u0105 przecie\u017c do tak zwanego okresu <i>Sturm und Drang<\/i> (burzy i naporu) \u2013 wielkiej tw\u00f3rczej kulminacji, kt\u00f3ra charakteryzowa\u0142a si\u0119 wzmo\u017ceniem wyrazowo\u015bci, pog\u0142\u0119bieniem uczuciowo\u015bci i niezwyk\u0142ym bogactwem pomys\u0142\u00f3w kompozytorskich.<\/p>\n<p>Feeria radosnej wirtuozerii \u2013 solistycznej i symfonicznej \u2013 to najkr\u00f3tsza recenzja tego koncertu. Wykonywanego niemal z pr\u0119dko\u015bci\u0105 \u015bwiat\u0142a Koncertu wiolonczelowego <i>C-dur<\/i> s\u0142ucha\u0142o si\u0119 z zapartym tchem. Arto Noras po prostu bawi\u0142 si\u0119 nie\u0142atw\u0105 materi\u0105 muzyczn\u0105, niczym \u201efraszk\u0105, igraszk\u0105\u201d. Poda\u0142 j\u0105 tak, \u017ce niejeden m\u0142odszy artysta m\u00f3g\u0142by mu tylko pozazdro\u015bci\u0107 i wzdycha\u0107 z podziwem. Wpisa\u0142 si\u0119 w t\u0119 estetyk\u0119 i Ralf Goth\u00f3ni \u2013 w Koncercie fortepianowym <i>D-dur<\/i> energia go po prostu rozpiera! Podyktowa\u0142 szybkie tempo orkiestrze, po czym solow\u0105 ekspozycj\u0119 zacz\u0105\u0142&#8230; jeszcze szybciej! Pofolgowa\u0142 te\u017c swojej muzycznej fantazji, rozwijaj\u0105c do niebotycznych rozmiar\u00f3w solowe kadencje. Perfekcyjnie wykonana zosta\u0142a <i>46 Symfonia H-dur<\/i>, nieco mniej niestety precyzji by\u0142o w <i>44 Symfonii e-moll<\/i>, szczeg\u00f3lnie w fina\u0142owej cz\u0119\u015bci.<\/p>\n<p>Do beczki miodu do\u0142\u00f3\u017cmy jednak \u0142y\u017ck\u0119 dziegciu. Ku wielkiemu zdumieniu nie mog\u0142em odnale\u017a\u0107 konsekwencji w realizacji zapisu partyturowego obu symfonii. Chodzi o znaki repetycji, kt\u00f3re ka\u017c\u0105 wykonawcom powtarza\u0107 odpowiednie fragmenty poszczeg\u00f3lnych cz\u0119\u015bci. Niemal wszystkie zosta\u0142y pomini\u0119te. To oczywi\u015bcie rozumiem, bo i taka praktyka wykonawcza ci\u0105gle jeszcze pokutuje, cho\u0107 rozmija si\u0119 z kompozytorskimi intencjami, na czym cierpi\u0105 proporcje symfonii. Podkre\u015blam jednak \u2013 niemal wszystkie, z wyj\u0105tkiem jednej! W finale <i>Symfonii <\/i>\u017ca\u0142obnej repetycj\u0119 akurat wykonano. Popad\u0142em w konsternacj\u0119 \u2013 dlaczego? I nagle \u2013 eureka! \u2013 przypomnia\u0142em sobie dat\u0119. English Chamber Orchestra, prowadzona przez Ralfa Goth\u00f3niego gra\u0142a przecie\u017c 1 kwietnia. <i>Prima Aprilis<\/i>!<\/p>\n<p>Marcin Majchrowski<br \/>\n(Polskie Radio)<\/p>\n<p>Ps. Prze\u015bladuj\u0105cy mnie, niezno\u015bnie dzwoni\u0105cy telefon, odezwa\u0142 si\u0119 w Sali Koncertowej Filharmonii Narodowej. Chyba te\u017c chcia\u0142 mi sprawi\u0107 primaaprilisowego psikusa i przyw\u0119drowa\u0142 z Zamku Kr\u00f3lewskiego. Da\u0142 zna\u0107 o sobie \u2013 a ku, ku (dry\u0144, dry\u0144) \u2013 jestem tu!<\/p>","protected":false},"excerpt":{"rendered":"<p>Cho\u0107 English Chamber Orchestra dobiega pi\u0119\u0107dziesi\u0105tki, to jest ci\u0105gle zespo\u0142em, kt\u00f3ry mo\u017ce zachwyci\u0107 swoim brzmieniem, wirtuozowskim kunsztem i porywa\u0107 radosnym entuzjazmem muzykowania. Ostatni\u0105 cech\u0119 podkre\u015blam, ku rozwadze w naszym, lokalnym kontek\u015bcie, bo wiele polskich zespo\u0142\u00f3w i orkiestr prezentuje si\u0119 na co dzie\u0144 na estradzie tak, jakby wykonywanie muzyki sprawia\u0142o im niewyobra\u017calny b\u00f3l, powodowa\u0142o traum\u0119. Angielska [&hellip;]<\/p>\n","protected":false},"author":2,"featured_media":0,"parent":0,"menu_order":0,"comment_status":"closed","ping_status":"closed","template":"","meta":{"footnotes":""},"class_list":["post-319","page","type-page","status-publish","hentry"],"_links":{"self":[{"href":"https:\/\/beethoven.org.pl\/recenzje\/wp-json\/wp\/v2\/pages\/319","targetHints":{"allow":["GET"]}}],"collection":[{"href":"https:\/\/beethoven.org.pl\/recenzje\/wp-json\/wp\/v2\/pages"}],"about":[{"href":"https:\/\/beethoven.org.pl\/recenzje\/wp-json\/wp\/v2\/types\/page"}],"author":[{"embeddable":true,"href":"https:\/\/beethoven.org.pl\/recenzje\/wp-json\/wp\/v2\/users\/2"}],"replies":[{"embeddable":true,"href":"https:\/\/beethoven.org.pl\/recenzje\/wp-json\/wp\/v2\/comments?post=319"}],"version-history":[{"count":1,"href":"https:\/\/beethoven.org.pl\/recenzje\/wp-json\/wp\/v2\/pages\/319\/revisions"}],"predecessor-version":[{"id":320,"href":"https:\/\/beethoven.org.pl\/recenzje\/wp-json\/wp\/v2\/pages\/319\/revisions\/320"}],"wp:attachment":[{"href":"https:\/\/beethoven.org.pl\/recenzje\/wp-json\/wp\/v2\/media?parent=319"}],"curies":[{"name":"wp","href":"https:\/\/api.w.org\/{rel}","templated":true}]}}

<p>Choć English Chamber Orchestra dobiega pięćdziesiątki, to jest ciągle zespołem, który może zachwycić swoim brzmieniem, wirtuozowskim kunsztem i porywać radosnym entuzjazmem muzykowania. Ostatnią cechę podkreślam, ku rozwadze w naszym, lokalnym kontekście, bo wiele polskich zespołów i orkiestr prezentuje się na co dzień na estradzie tak, jakby wykonywanie muzyki sprawiało im niewyobrażalny ból, powodowało traumę.</p>
<p>Angielska Orkiestra Kameralna zainaugurowała na Festiwalu nurt prezentacji dzieł Józefa Haydna (31 maja przypada 200 rocznica śmierci jednego z ojców klasycyzmu). Monograficzny program tworzyły para symfonii: <i>H-dur </i>Hob. I/46 i <i>e-moll </i>Hob. I/44, zwana „Żałobną” oraz dwa przebojowe, najpopularniejsze z jego instrumentalnych koncertów: wiolonczelowy <i>C-dur </i>Hob. VIIb/5 i fortepianowy <i>D-dur</i> Hob. XVIII/11. Partie solowe wykonywali wiolonczelista Arto Noras i (występujący także w roli dyrygenta) pianista Ralf Gothóni. Dla wielbicieli Haydna – przegląd przebojów, dla poznających tę twórczość była to świetna okazja zaznajomienia się z dziełami, ukazującymi różne oblicza tego kompozytora. Te dwie symfonie (napisane na początku lat siedemdziesiątych XVIII stulecia), należą przecież do tak zwanego okresu <i>Sturm und Drang</i> (burzy i naporu) – wielkiej twórczej kulminacji, która charakteryzowała się wzmożeniem wyrazowości, pogłębieniem uczuciowości i niezwykłym bogactwem pomysłów kompozytorskich.</p>
<p>Feeria radosnej wirtuozerii – solistycznej i symfonicznej – to najkrótsza recenzja tego koncertu. Wykonywanego niemal z prędkością światła Koncertu wiolonczelowego <i>C-dur</i> słuchało się z zapartym tchem. Arto Noras po prostu bawił się niełatwą materią muzyczną, niczym „fraszką, igraszką”. Podał ją tak, że niejeden młodszy artysta mógłby mu tylko pozazdrościć i wzdychać z podziwem. Wpisał się w tę estetykę i Ralf Gothóni – w Koncercie fortepianowym <i>D-dur</i> energia go po prostu rozpiera! Podyktował szybkie tempo orkiestrze, po czym solową ekspozycję zaczął&#8230; jeszcze szybciej! Pofolgował też swojej muzycznej fantazji, rozwijając do niebotycznych rozmiarów solowe kadencje. Perfekcyjnie wykonana została <i>46 Symfonia H-dur</i>, nieco mniej niestety precyzji było w <i>44 Symfonii e-moll</i>, szczególnie w finałowej części.</p>
<p>Do beczki miodu dołóżmy jednak łyżkę dziegciu. Ku wielkiemu zdumieniu nie mogłem odnaleźć konsekwencji w realizacji zapisu partyturowego obu symfonii. Chodzi o znaki repetycji, które każą wykonawcom powtarzać odpowiednie fragmenty poszczególnych części. Niemal wszystkie zostały pominięte. To oczywiście rozumiem, bo i taka praktyka wykonawcza ciągle jeszcze pokutuje, choć rozmija się z kompozytorskimi intencjami, na czym cierpią proporcje symfonii. Podkreślam jednak – niemal wszystkie, z wyjątkiem jednej! W finale <i>Symfonii </i>żałobnej repetycję akurat wykonano. Popadłem w konsternację – dlaczego? I nagle – eureka! – przypomniałem sobie datę. English Chamber Orchestra, prowadzona przez Ralfa Gothóniego grała przecież 1 kwietnia. <i>Prima Aprilis</i>!</p>
<p>Marcin Majchrowski<br />
(Polskie Radio)</p>
<p>Ps. Prześladujący mnie, nieznośnie dzwoniący telefon, odezwał się w Sali Koncertowej Filharmonii Narodowej. Chyba też chciał mi sprawić primaaprilisowego psikusa i przywędrował z Zamku Królewskiego. Dał znać o sobie – a ku, ku (dryń, dryń) – jestem tu!</p>

<p>Choć English Chamber Orchestra dobiega pięćdziesiątki, to jest ciągle zespołem, który może zachwycić swoim brzmieniem, wirtuozowskim kunsztem i porywać radosnym entuzjazmem muzykowania. Ostatnią cechę podkreślam, ku rozwadze w naszym, lokalnym kontekście, bo wiele polskich zespołów i orkiestr prezentuje się na co dzień na estradzie tak, jakby wykonywanie muzyki sprawiało im niewyobrażalny ból, powodowało traumę. Angielska [&hellip;]</p>
