{"id":307,"date":"2009-03-29T17:17:26","date_gmt":"2009-03-29T15:17:26","guid":{"rendered":"http:\/\/dev.yoho.pl\/beethoven\/recenzje\/?page_id=307"},"modified":"2016-12-19T17:20:01","modified_gmt":"2016-12-19T16:20:01","slug":"inauguracja-festiwalu","status":"publish","type":"page","link":"https:\/\/beethoven.org.pl\/recenzje\/inauguracja-festiwalu\/","title":{"rendered":"Inauguracja Festiwalu"},"content":{"rendered":"<p>Przepis na inauguracj\u0119 Festiwalu jest jeden: dobry, odpowiednio chwytliwy repertuar i elektryzuj\u0105ce publiczno\u015b\u0107 nazwisko wykonawcy na afiszu. Pewnie nie dla wszystkich Uwertura do muzyki baletowej Twory Prometeusza (Die Gesch\u00f6pfe des Prometheus) op. 43 czy VII Symfonia A-dur op. 92 s\u0105 najpopularniejszymi dzie\u0142ami Beethovena, ale paradoksalnie \u00f3w programowy wyb\u00f3r na pierwszy wiecz\u00f3r 13. Wielkanocnego Festiwalu Ludwika van Beethovena, uzupe\u0142niony Koncertem skrzypcowym D-dur op. 61, okaza\u0142 si\u0119 strza\u0142em w dziesi\u0105tk\u0119.<\/p>\n<p>Element drugi przepisu w\u0105tpliwo\u015bci nie budzi\u0142 \u2013 Anne-Sophie Mutter chcia\u0142by us\u0142ysze\u0107 ka\u017cdy mi\u0142o\u015bnik muzyki i pewnie wielu odesz\u0142o spod filharmonicznych kas z kwitkiem i nieskrywanym \u017calem. A by\u0142o czego \u017ca\u0142owa\u0107, bo okazja zobaczenia i us\u0142yszenia Anne-Sophie Mutter nad Wis\u0142\u0105 zdarza si\u0119 tylko raz na kilka lat. W osza\u0142amiaj\u0105cej, wiosennej, \u017c\u00f3\u0142tej kreacji (dobranej do koloru tulipan\u00f3w zdobi\u0105cych estrad\u0119?) wygl\u0105da\u0142a po prostu zjawiskowo. Jej fantastyczne skrzypce \u2013 Stradivarius \u201eLord Dunn Raven\u201d z 1710 roku \u2013 brzmia\u0142y nieskazitelnie, g\u00f3ruj\u0105c nad orkiestr\u0105 nawet w najg\u0142o\u015bniejszych tutti. Mutter zaproponowa\u0142a interpretacj\u0119 Koncertu Beethovena, kt\u00f3ra zwolennik\u00f3w klasycznej ortodoksji i czysto\u015bci stylistycznej mog\u0142a momentami konsternowa\u0107, ale przecie\u017c ta skrzypaczka ju\u017c bardzo dawno kroczy w\u0142asn\u0105 drog\u0105 i \u2013 jak stanowczo podkre\u015bla \u2013 \u201ejedyne, co zawsze obowi\u0105zuje w sztuce, to ods\u0142anianie siebie i bezustanne d\u0105\u017cenie do doskona\u0142o\u015bci\u201d. Jej Beethoven okaza\u0142 si\u0119 wi\u0119c troch\u0119 eklektyczny, chyba widziany przez pryzmat do\u015bwiadcze\u0144 romantycznych, z du\u017c\u0105 doz\u0105 swobody i agogicznych kontrast\u00f3w. Pierwsza cz\u0119\u015b\u0107 grana by\u0142a w tempie do\u015b\u0107 spokojnym, natomiast fina\u0142owe rondo, dla kontrastu, niezwykle energicznie, niemal nad ekspresyjnie. Nie oby\u0142o si\u0119 jednak bez kilku intonacyjnych nie\u015bcis\u0142o\u015bci (pocz\u0105tek ekspozycji!), ale mo\u017cna o nich w\u0142a\u015bciwie zapomnie\u0107, pami\u0119taj\u0105c za to o nieprawdopodobnie s\u0142odkich, ujmuj\u0105cych brzmieniow\u0105 aur\u0105 i wykonawcz\u0105 maestri\u0105 momentach centralnego Larghetto. Interpretacj\u0119 \u015brodkowego ogniwa Koncertu D-dur, jak\u0105 zaproponowa\u0142a Mutter, zapami\u0119tam na bardzo d\u0142ugo. Zachwyt publiczno\u015bci by\u0142 wielki, a gor\u0105ca owacja zaowocowa\u0142a wykonan\u0105 na bis Saraband\u0105 z II Partity d-moll BWV 1004 Jana Sebastiana Bacha. I zn\u00f3w przyjdzie czeka\u0107 na wyst\u0119p Anne-Sophie Mutter czas jaki\u015b, oby nie za d\u0142ugo&#8230;<\/p>\n<p>A wracaj\u0105c do Uwertury i VII Symfonii: dawno ju\u017c nie s\u0142ysza\u0142em tak wykonywanej muzyki Beethovena przez polskie orkiestry. Prowadzona przez Krzysztofa Pendereckiego Sinfonia Varsovia gra\u0142a jak natchniona! To by\u0142 po prostu \u015bwiat muzycznej rado\u015bci, optymizmu, witalizmu i brawury. Uwertura do Twor\u00f3w Prometeusza, nie mog\u0105ca r\u00f3wna\u0107 si\u0119 popularno\u015bci\u0105 z Egmontem czy Coriolanem, skrzy\u0142a si\u0119 niczym diament; Presto i Allegro con brio (dwie ostatnie cz\u0119\u015bci) Si\u00f3dmej Symfonii obezw\u0142adnia\u0142y tempem i energi\u0105 \u2013 takiego Beethovena mo\u017cna s\u0142ucha\u0107 zawsze. I odnajdywa\u0107 w nim antidotum na kryzysowe zawieruchy i szaro\u015b\u0107 codzienno\u015bci.<\/p>\n<p>Marcin Majchrowski<br \/>\n(Polskie Radio)<\/p>\n<p>Ps. Je\u015bli za symbol tegorocznego festiwalu mo\u017cna uzna\u0107 iPod (vide plakat i s\u0142owo wst\u0119pne w oficjalnej cz\u0119\u015bci wieczoru), to nie mo\u017ce w nim zabrakn\u0105\u0107 Twor\u00f3w Prometeusza Beethovena. Dzi\u015b szybko nadrobi\u0119 ten dojmuj\u0105cy brak! M.M.<\/p>","protected":false},"excerpt":{"rendered":"<p>Przepis na inauguracj\u0119 Festiwalu jest jeden: dobry, odpowiednio chwytliwy repertuar i elektryzuj\u0105ce publiczno\u015b\u0107 nazwisko wykonawcy na afiszu. Pewnie nie dla wszystkich Uwertura do muzyki baletowej Twory Prometeusza (Die Gesch\u00f6pfe des Prometheus) op. 43 czy VII Symfonia A-dur op. 92 s\u0105 najpopularniejszymi dzie\u0142ami Beethovena, ale paradoksalnie \u00f3w programowy wyb\u00f3r na pierwszy wiecz\u00f3r 13. Wielkanocnego Festiwalu Ludwika [&hellip;]<\/p>\n","protected":false},"author":2,"featured_media":0,"parent":0,"menu_order":0,"comment_status":"closed","ping_status":"closed","template":"","meta":{"footnotes":""},"class_list":["post-307","page","type-page","status-publish","hentry"],"_links":{"self":[{"href":"https:\/\/beethoven.org.pl\/recenzje\/wp-json\/wp\/v2\/pages\/307","targetHints":{"allow":["GET"]}}],"collection":[{"href":"https:\/\/beethoven.org.pl\/recenzje\/wp-json\/wp\/v2\/pages"}],"about":[{"href":"https:\/\/beethoven.org.pl\/recenzje\/wp-json\/wp\/v2\/types\/page"}],"author":[{"embeddable":true,"href":"https:\/\/beethoven.org.pl\/recenzje\/wp-json\/wp\/v2\/users\/2"}],"replies":[{"embeddable":true,"href":"https:\/\/beethoven.org.pl\/recenzje\/wp-json\/wp\/v2\/comments?post=307"}],"version-history":[{"count":1,"href":"https:\/\/beethoven.org.pl\/recenzje\/wp-json\/wp\/v2\/pages\/307\/revisions"}],"predecessor-version":[{"id":308,"href":"https:\/\/beethoven.org.pl\/recenzje\/wp-json\/wp\/v2\/pages\/307\/revisions\/308"}],"wp:attachment":[{"href":"https:\/\/beethoven.org.pl\/recenzje\/wp-json\/wp\/v2\/media?parent=307"}],"curies":[{"name":"wp","href":"https:\/\/api.w.org\/{rel}","templated":true}]}}

<p>Przepis na inaugurację Festiwalu jest jeden: dobry, odpowiednio chwytliwy repertuar i elektryzujące publiczność nazwisko wykonawcy na afiszu. Pewnie nie dla wszystkich Uwertura do muzyki baletowej Twory Prometeusza (Die Geschöpfe des Prometheus) op. 43 czy VII Symfonia A-dur op. 92 są najpopularniejszymi dziełami Beethovena, ale paradoksalnie ów programowy wybór na pierwszy wieczór 13. Wielkanocnego Festiwalu Ludwika van Beethovena, uzupełniony Koncertem skrzypcowym D-dur op. 61, okazał się strzałem w dziesiątkę.</p>
<p>Element drugi przepisu wątpliwości nie budził – Anne-Sophie Mutter chciałby usłyszeć każdy miłośnik muzyki i pewnie wielu odeszło spod filharmonicznych kas z kwitkiem i nieskrywanym żalem. A było czego żałować, bo okazja zobaczenia i usłyszenia Anne-Sophie Mutter nad Wisłą zdarza się tylko raz na kilka lat. W oszałamiającej, wiosennej, żółtej kreacji (dobranej do koloru tulipanów zdobiących estradę?) wyglądała po prostu zjawiskowo. Jej fantastyczne skrzypce – Stradivarius „Lord Dunn Raven” z 1710 roku – brzmiały nieskazitelnie, górując nad orkiestrą nawet w najgłośniejszych tutti. Mutter zaproponowała interpretację Koncertu Beethovena, która zwolenników klasycznej ortodoksji i czystości stylistycznej mogła momentami konsternować, ale przecież ta skrzypaczka już bardzo dawno kroczy własną drogą i – jak stanowczo podkreśla – „jedyne, co zawsze obowiązuje w sztuce, to odsłanianie siebie i bezustanne dążenie do doskonałości”. Jej Beethoven okazał się więc trochę eklektyczny, chyba widziany przez pryzmat doświadczeń romantycznych, z dużą dozą swobody i agogicznych kontrastów. Pierwsza część grana była w tempie dość spokojnym, natomiast finałowe rondo, dla kontrastu, niezwykle energicznie, niemal nad ekspresyjnie. Nie obyło się jednak bez kilku intonacyjnych nieścisłości (początek ekspozycji!), ale można o nich właściwie zapomnieć, pamiętając za to o nieprawdopodobnie słodkich, ujmujących brzmieniową aurą i wykonawczą maestrią momentach centralnego Larghetto. Interpretację środkowego ogniwa Koncertu D-dur, jaką zaproponowała Mutter, zapamiętam na bardzo długo. Zachwyt publiczności był wielki, a gorąca owacja zaowocowała wykonaną na bis Sarabandą z II Partity d-moll BWV 1004 Jana Sebastiana Bacha. I znów przyjdzie czekać na występ Anne-Sophie Mutter czas jakiś, oby nie za długo&#8230;</p>
<p>A wracając do Uwertury i VII Symfonii: dawno już nie słyszałem tak wykonywanej muzyki Beethovena przez polskie orkiestry. Prowadzona przez Krzysztofa Pendereckiego Sinfonia Varsovia grała jak natchniona! To był po prostu świat muzycznej radości, optymizmu, witalizmu i brawury. Uwertura do Tworów Prometeusza, nie mogąca równać się popularnością z Egmontem czy Coriolanem, skrzyła się niczym diament; Presto i Allegro con brio (dwie ostatnie części) Siódmej Symfonii obezwładniały tempem i energią – takiego Beethovena można słuchać zawsze. I odnajdywać w nim antidotum na kryzysowe zawieruchy i szarość codzienności.</p>
<p>Marcin Majchrowski<br />
(Polskie Radio)</p>
<p>Ps. Jeśli za symbol tegorocznego festiwalu można uznać iPod (vide plakat i słowo wstępne w oficjalnej części wieczoru), to nie może w nim zabraknąć Tworów Prometeusza Beethovena. Dziś szybko nadrobię ten dojmujący brak! M.M.</p>

<p>Przepis na inaugurację Festiwalu jest jeden: dobry, odpowiednio chwytliwy repertuar i elektryzujące publiczność nazwisko wykonawcy na afiszu. Pewnie nie dla wszystkich Uwertura do muzyki baletowej Twory Prometeusza (Die Geschöpfe des Prometheus) op. 43 czy VII Symfonia A-dur op. 92 są najpopularniejszymi dziełami Beethovena, ale paradoksalnie ów programowy wybór na pierwszy wieczór 13. Wielkanocnego Festiwalu Ludwika [&hellip;]</p>
