{"id":253,"date":"2011-04-18T12:21:50","date_gmt":"2011-04-18T10:21:50","guid":{"rendered":"http:\/\/dev.yoho.pl\/beethoven\/recenzje\/?page_id=253"},"modified":"2016-12-19T12:22:40","modified_gmt":"2016-12-19T11:22:40","slug":"pasja-wedlug-sw-jana-18-kwietnia-19-30","status":"publish","type":"page","link":"https:\/\/beethoven.org.pl\/recenzje\/pasja-wedlug-sw-jana-18-kwietnia-19-30\/","title":{"rendered":"Pasja wed\u0142ug \u015bw. Jana &#8211; 18 kwietnia, 19.30"},"content":{"rendered":"<p>Arcydzie\u0142o muzyki barokowej, Bachowska <i>Pasja wed\u0142ug \u015bw. Jana<\/i>, stanowi szczytowe osi\u0105gni\u0119cie na gruncie opracowania tekstu s\u0142ownego \u015brodkami retoryki muzycznej. W warstwie formalnej utw\u00f3r nawi\u0105zuje do dwucz\u0119\u015bciowej struktury oratorium. Akcj\u0119 posuwaj\u0105 do przodu recytatywy i sceny zbiorowe, natomiast refleksyjne arie skupiaj\u0105 si\u0119 na analizie indywidualnych odczu\u0107, emocji \u2013 afekt\u00f3w. Chora\u0142y z kolei wyra\u017caj\u0105 opini\u0119 kongregacji wiernych, z kt\u00f3r\u0105 odbiorca dzie\u0142a mo\u017ce si\u0119 \u0142atwo uto\u017csami\u0107.<br \/>\nKluczow\u0105 rol\u0119 dla wyrazu ca\u0142o\u015bci pe\u0142ni partia Ewangelisty; wiele zatem zale\u017cy od wykonawcy tej roli. Warto wi\u0119c doceni\u0107 wysi\u0142ki Erica Stoklossy, kt\u00f3ry wykona\u0142 recytatywy z nale\u017cyt\u0105 muzyczn\u0105 ekspresj\u0105. Tenor pokaza\u0142 du\u017c\u0105 wra\u017cliwo\u015b\u0107 na detale tekstu, id\u0105c zatem za muzycznym przewodnictwem kompozytora podkre\u015bli\u0142 istotne dla teologicznej interpretacji Pasji s\u0142owa, takie jak \u201eweinete\u201d (\u201ezap\u0142aka\u0142\u201d) oraz \u201egei\u00dfelte\u201d (\u201eubiczowa\u0107\u201d).<br \/>\nS\u0142owa uznania nale\u017c\u0105 si\u0119 te\u017c powa\u017cnemu, uroczystemu wykonaniu dzie\u0142a przez Schleswig-Holstein Chor z Lubeki oraz Elbipolis Barockorchester z Hamburga \u2013 oba zespo\u0142y pod dyrekcj\u0105 Rolfa Becka. Ch\u00f3r zosta\u0142 za\u0142o\u017cony przez samego dyrygenta w 2002 roku, \u015bpiewacy bior\u0105 udzia\u0142 w edukacyjnym programie pod nazw\u0105 Schleswig-Holstein Chor Academy, a zatem wyst\u0119p podczas XV Wielkanocnego Festiwalu Ludwiga van Beethovena jest dla m\u0142odych wykonawc\u00f3w bezcennym do\u015bwiadczeniem artystycznym.<br \/>\nSpomi\u0119dzy solist\u00f3w pragniemy wymieni\u0107 japo\u0144sk\u0105 sopranistk\u0119 Chiyuki Okamura, kt\u00f3ra uroczo wykona\u0142a ari\u0119 <i>Ich folge dich<\/i>, podkre\u015blaj\u0105c rado\u015b\u0107 towarzysz\u0105c\u0105 tym, kt\u00f3rzy pod\u0105\u017caj\u0105 drog\u0105 Chrystusa. Arie basowe wykona\u0142 w prostolinijny, bezpretensjonalny spos\u00f3b Tom\u00e1\u0161 \u0160elc.<br \/>\nKrzysztof Komarnicki<br \/>\npolskieradio.pl<\/p>","protected":false},"excerpt":{"rendered":"<p>Arcydzie\u0142o muzyki barokowej, Bachowska Pasja wed\u0142ug \u015bw. Jana, stanowi szczytowe osi\u0105gni\u0119cie na gruncie opracowania tekstu s\u0142ownego \u015brodkami retoryki muzycznej. W warstwie formalnej utw\u00f3r nawi\u0105zuje do dwucz\u0119\u015bciowej struktury oratorium. Akcj\u0119 posuwaj\u0105 do przodu recytatywy i sceny zbiorowe, natomiast refleksyjne arie skupiaj\u0105 si\u0119 na analizie indywidualnych odczu\u0107, emocji \u2013 afekt\u00f3w. Chora\u0142y z kolei wyra\u017caj\u0105 opini\u0119 kongregacji wiernych, [&hellip;]<\/p>\n","protected":false},"author":2,"featured_media":0,"parent":0,"menu_order":0,"comment_status":"closed","ping_status":"closed","template":"","meta":{"footnotes":""},"class_list":["post-253","page","type-page","status-publish","hentry"],"_links":{"self":[{"href":"https:\/\/beethoven.org.pl\/recenzje\/wp-json\/wp\/v2\/pages\/253","targetHints":{"allow":["GET"]}}],"collection":[{"href":"https:\/\/beethoven.org.pl\/recenzje\/wp-json\/wp\/v2\/pages"}],"about":[{"href":"https:\/\/beethoven.org.pl\/recenzje\/wp-json\/wp\/v2\/types\/page"}],"author":[{"embeddable":true,"href":"https:\/\/beethoven.org.pl\/recenzje\/wp-json\/wp\/v2\/users\/2"}],"replies":[{"embeddable":true,"href":"https:\/\/beethoven.org.pl\/recenzje\/wp-json\/wp\/v2\/comments?post=253"}],"version-history":[{"count":1,"href":"https:\/\/beethoven.org.pl\/recenzje\/wp-json\/wp\/v2\/pages\/253\/revisions"}],"predecessor-version":[{"id":254,"href":"https:\/\/beethoven.org.pl\/recenzje\/wp-json\/wp\/v2\/pages\/253\/revisions\/254"}],"wp:attachment":[{"href":"https:\/\/beethoven.org.pl\/recenzje\/wp-json\/wp\/v2\/media?parent=253"}],"curies":[{"name":"wp","href":"https:\/\/api.w.org\/{rel}","templated":true}]}}

Pasja według św. Jana &#8211; 18 kwietnia, 19.30

<p>Arcydzieło muzyki barokowej, Bachowska <i>Pasja według św. Jana</i>, stanowi szczytowe osiągnięcie na gruncie opracowania tekstu słownego środkami retoryki muzycznej. W warstwie formalnej utwór nawiązuje do dwuczęściowej struktury oratorium. Akcję posuwają do przodu recytatywy i sceny zbiorowe, natomiast refleksyjne arie skupiają się na analizie indywidualnych odczuć, emocji – afektów. Chorały z kolei wyrażają opinię kongregacji wiernych, z którą odbiorca dzieła może się łatwo utożsamić.<br />
Kluczową rolę dla wyrazu całości pełni partia Ewangelisty; wiele zatem zależy od wykonawcy tej roli. Warto więc docenić wysiłki Erica Stoklossy, który wykonał recytatywy z należytą muzyczną ekspresją. Tenor pokazał dużą wrażliwość na detale tekstu, idąc zatem za muzycznym przewodnictwem kompozytora podkreślił istotne dla teologicznej interpretacji Pasji słowa, takie jak „weinete” („zapłakał”) oraz „geißelte” („ubiczować”).<br />
Słowa uznania należą się też poważnemu, uroczystemu wykonaniu dzieła przez Schleswig-Holstein Chor z Lubeki oraz Elbipolis Barockorchester z Hamburga – oba zespoły pod dyrekcją Rolfa Becka. Chór został założony przez samego dyrygenta w 2002 roku, śpiewacy biorą udział w edukacyjnym programie pod nazwą Schleswig-Holstein Chor Academy, a zatem występ podczas XV Wielkanocnego Festiwalu Ludwiga van Beethovena jest dla młodych wykonawców bezcennym doświadczeniem artystycznym.<br />
Spomiędzy solistów pragniemy wymienić japońską sopranistkę Chiyuki Okamura, która uroczo wykonała arię <i>Ich folge dich</i>, podkreślając radość towarzyszącą tym, którzy podążają drogą Chrystusa. Arie basowe wykonał w prostolinijny, bezpretensjonalny sposób Tomáš Šelc.<br />
Krzysztof Komarnicki<br />
polskieradio.pl</p>

<p>Arcydzieło muzyki barokowej, Bachowska Pasja według św. Jana, stanowi szczytowe osiągnięcie na gruncie opracowania tekstu słownego środkami retoryki muzycznej. W warstwie formalnej utwór nawiązuje do dwuczęściowej struktury oratorium. Akcję posuwają do przodu recytatywy i sceny zbiorowe, natomiast refleksyjne arie skupiają się na analizie indywidualnych odczuć, emocji – afektów. Chorały z kolei wyrażają opinię kongregacji wiernych, [&hellip;]</p>
