{"id":184,"date":"2013-03-24T10:27:30","date_gmt":"2013-03-24T09:27:30","guid":{"rendered":"http:\/\/dev.yoho.pl\/beethoven\/recenzje\/?page_id=184"},"modified":"2016-12-19T10:28:13","modified_gmt":"2016-12-19T09:28:13","slug":"lutoslawski-na-jazzowo-i-folkowo-zagrany-24-marca-2013","status":"publish","type":"page","link":"https:\/\/beethoven.org.pl\/recenzje\/lutoslawski-na-jazzowo-i-folkowo-zagrany-24-marca-2013\/","title":{"rendered":"Lutos\u0142awski na jazzowo i folkowo zagrany, 24 marca 2013"},"content":{"rendered":"<p>Premiera projektu \u201eLudowe korzenie Lutos\u0142awskiego\u201d wokalistki jazzowej Gra\u017cyny Augu\u015bcik odby\u0142a si\u0119 podczas 17. Wielkanocnego Festiwalu Ludwiga van Beethovena. Projekt przygotowany zosta\u0142 z okazji setnej rocznicy urodzin Witolda Lutos\u0142awskiego.<br \/>\nTo nie pierwszy raz kiedy Gra\u017cyna Augu\u015bcik si\u0119ga po tw\u00f3rczo\u015b\u0107 polskich klasyk\u00f3w i polsk\u0105 muzyk\u0119 ludow\u0105. Do\u015b\u0107 wspomnie\u0107 jej nagrania sprzed lat (\u201eTo i hola\u201d) czy zrealizowany w 2010 roku, w zwi\u0105zku z obchodami Roku Chopinowskiego wielki koncert w Millennium Park w Chicago, kt\u00f3ry ameryka\u0144ska prasa okrzykn\u0119\u0142a jednym z najlepszych koncert\u00f3w ostatnich trzydziestu lat (!).<br \/>\nTym razem, specjalnie dla Wielkanocnego Festiwalu Ludwiga van Beethovena artystka postawi\u0142a na reinterpretacj\u0119 dzie\u0142 Witolda Lutos\u0142awskiego. I to dzie\u0142 szczeg\u00f3lnych &#8211; tych, w kt\u00f3rych inspirowa\u0142 si\u0119 lub korzysta\u0142 wprost z temat\u00f3w ludowych, a kt\u00f3rych sam szczeg\u00f3lnie nie ceni\u0142. Ludowy folklor by\u0142 bowiem dla wielu kompozytor\u00f3w okresu powojennego form\u0105 ucieczki od socrealistycznych przykaz\u00f3w i wymaga\u0144 \u201etw\u00f3rczych\u201d, jakimi obarcza\u0142a ich w\u0142adza Polski Ludowej.<br \/>\nDla Lutos\u0142awskiego \u201eTryptyk \u015bl\u0105ski\u201d czy \u201ePreludia taneczne\u201d to dzie\u0142a niechciane, o kt\u00f3rych pragn\u0105\u0142 na zawsze zapomnie\u0107. Dla nas, jego wsp\u00f3\u0142czesnych odbiorc\u00f3w, wr\u0119cz przeciwnie. W muzycznych szko\u0142ach w\u0142a\u015bnie od nich zaczynali\u015bmy nauk\u0119 muzyki XX wieku, by dojrze\u0107 p\u00f3\u017aniej do tak ambitnych, awangardowych dokona\u0144 jak \u201eGry Weneckie\u201d lub \u201eTrzy poematy Henri Michaux\u201d.<br \/>\nDobrze wi\u0119c si\u0119 sta\u0142o, \u017ce w zwi\u0105zku ze \u015bwi\u0119towanym w tym roku jubileuszem kompozytora Augu\u015bcik je przypomnia\u0142a. Tym bardziej, \u017ce za spraw\u0105 aran\u017cacji, kt\u00f3rej dokona\u0142 m\u0142ody pianista jazzowy Jan Smoczy\u0144ski, otrzymali\u015bmy prawdziw\u0105 pere\u0142k\u0119.<br \/>\nZamys\u0142 by\u0142 taki, by na bazie kompozycji Lutos\u0142awskiego stworzy\u0107 kompozycje jazzowe, b\u0119d\u0105ce zar\u00f3wno muzycznymi miniaturami, jak te\u017c punktem wyj\u015bcia do improwizacji. St\u0105d w zespole Augu\u015bcik trio jazzowe Smoczy\u0144skiego (Wojciech Pulcyn \u2013 kontrabas, Tomasz Wa\u0142dowski \u2013 perkusja oraz lider na fortepianie i instrumentach klawiszowych), jak te\u017c Atom String Quartet, czyli smyczkowy kwartet graj\u0105cy jazz. Drugi element tego projektu, to ludowa kapela Jana Prusinowskiego, kt\u00f3ra folkowo-jazzowe aran\u017cacje utwor\u00f3w Lutos\u0142awskiego uzupe\u0142nia\u0142a prawdziwymi melodiami, ta\u0144cami czy piosnkami ludowymi (\u017cywio\u0142owymi do tego stopnia, \u017ce co poniekt\u00f3rzy cz\u0142onkowie zespo\u0142u ruszyli na scenie w taneczne pl\u0105sy).<br \/>\nNa mnie najwi\u0119ksze wra\u017cenie zrobi\u0142a jednak warstwa jazzowa. Smoczy\u0144ski znalaz\u0142 bowiem genialn\u0105 recept\u0119 (nie on pierwszy) transpozycji klasyki czy te\u017c folkloru na j\u0119zyk improwizacji. Pi\u0119knie wi\u0119c zabrzmia\u0142y duety Augu\u015bcik z fletem lub klarnetem (kapitalny Micha\u0142 \u017bak), kt\u00f3re z subtelnej b\u0105d\u017a skocznej melodii przeradza\u0142y si\u0119 w takt rozwoju frazy w czysto improwizowane, a nawet free jazzowe szale\u0144stwa jazzowego tria.<br \/>\nAugu\u015bcik zachwyca\u0142a mocnym i klarownym g\u0142osem o niezwykle szerokim ambitusie. Czyste uderzenia w bardzo wysokim rejestrze mrozi\u0142y krew w \u017cy\u0142ach, by chwil\u0119 p\u00f3\u017aniej zaczarowa\u0107 nas niskim, nieco ch\u0142odnym i tajemniczym tembrem. Tak w\u0142a\u015bnie zabrzmia\u0142a wywiedziona z \u201eTryptyku \u015bl\u0105skiego\u201d kompozycja, kt\u00f3r\u0105 Smoczy\u0144ski kapitalnie zaaran\u017cowa\u0142 na mod\u0142\u0119 klasycznej jazzowej ballady. On sam porwa\u0142 te\u017c zgrabnie wplecion\u0105 w ten folkowo-jazzowy klimat elektronik\u0105 i kosmicznymi frazami wygrywanymi na kultowym syntezatorze ARP Odyssey.<br \/>\nTego samego dnia na Zamku Kr\u00f3lewskim odby\u0142 si\u0119 koncert duetu Julian Rachlin (skrzypce) i Itamar Golan (fortepian). Arty\u015bci podj\u0119li si\u0119 realizacji przedsi\u0119wzi\u0119cia, kt\u00f3re zak\u0142ada wykonanie wszystkich sonat na fortepian i skrzypce Beethovena. Tym razem us\u0142yszeli\u015bmy sonaty z op. 12 i 30. Rachlin i Golan to prawdziwi wirtuozi muzyki kameralnej: jako zesp\u00f3\u0142, ale te\u017c ka\u017cdy z osobna. Muzyka Beethovena to dla nich okazja do \u015bwi\u0119towania, radosnego muzykowania, w kt\u00f3rym to skrzypce, to fortepian przejmuj\u0105 pa\u0142eczk\u0119 pierwsze\u0144stwa. S\u0142owa uznania dla Rachlina, kt\u00f3ry nie straci\u0142 zimnej krwi, gdy pod koniec wyst\u0119pu jedna ze strun jego Stradivariusa zacz\u0119\u0142a p\u0142ata\u0107 figle, a\u017c wreszcie p\u0119k\u0142a. Arty\u015bci przerwali na chwil\u0119 wyst\u0119p, skrzypek szybko wymieni\u0142 strun\u0119 i koncert potoczy\u0142 si\u0119 dalej. I to jak! Wielkie brawa.<br \/>\nI jeszcze post scriptum. Muzyczny \u015bwiat obieg\u0142a ju\u017c wiadomo\u015b\u0107, \u017ce Gra\u017cyn\u0119 Augu\u015bcik na dwa dni przed niedzielnym koncertem dotkn\u0119\u0142a rodzinna tragedia. Artystka mog\u0142a odwo\u0142a\u0107 wyst\u0119p, to zrozumia\u0142e. W obliczu takiego cierpienia ka\u017cde wypowiedziane s\u0142owo, nawet kondolencje brzmi\u0105 jak bana\u0142. Trzeba jednak podkre\u015bli\u0107, \u017ce to, i\u017c Augu\u015bcik zdecydowa\u0142a si\u0119 za\u015bpiewa\u0107, \u017ce nie zerwa\u0142a festiwalowego programu \u015bwiadczy o jej ogromnym profesjonalizmie.<br \/>\nTomasz Handzlik<\/p>","protected":false},"excerpt":{"rendered":"<p>Premiera projektu \u201eLudowe korzenie Lutos\u0142awskiego\u201d wokalistki jazzowej Gra\u017cyny Augu\u015bcik odby\u0142a si\u0119 podczas 17. Wielkanocnego Festiwalu Ludwiga van Beethovena. Projekt przygotowany zosta\u0142 z okazji setnej rocznicy urodzin Witolda Lutos\u0142awskiego. To nie pierwszy raz kiedy Gra\u017cyna Augu\u015bcik si\u0119ga po tw\u00f3rczo\u015b\u0107 polskich klasyk\u00f3w i polsk\u0105 muzyk\u0119 ludow\u0105. Do\u015b\u0107 wspomnie\u0107 jej nagrania sprzed lat (\u201eTo i hola\u201d) czy zrealizowany [&hellip;]<\/p>\n","protected":false},"author":2,"featured_media":0,"parent":0,"menu_order":0,"comment_status":"closed","ping_status":"closed","template":"","meta":{"footnotes":""},"class_list":["post-184","page","type-page","status-publish","hentry"],"_links":{"self":[{"href":"https:\/\/beethoven.org.pl\/recenzje\/wp-json\/wp\/v2\/pages\/184","targetHints":{"allow":["GET"]}}],"collection":[{"href":"https:\/\/beethoven.org.pl\/recenzje\/wp-json\/wp\/v2\/pages"}],"about":[{"href":"https:\/\/beethoven.org.pl\/recenzje\/wp-json\/wp\/v2\/types\/page"}],"author":[{"embeddable":true,"href":"https:\/\/beethoven.org.pl\/recenzje\/wp-json\/wp\/v2\/users\/2"}],"replies":[{"embeddable":true,"href":"https:\/\/beethoven.org.pl\/recenzje\/wp-json\/wp\/v2\/comments?post=184"}],"version-history":[{"count":1,"href":"https:\/\/beethoven.org.pl\/recenzje\/wp-json\/wp\/v2\/pages\/184\/revisions"}],"predecessor-version":[{"id":185,"href":"https:\/\/beethoven.org.pl\/recenzje\/wp-json\/wp\/v2\/pages\/184\/revisions\/185"}],"wp:attachment":[{"href":"https:\/\/beethoven.org.pl\/recenzje\/wp-json\/wp\/v2\/media?parent=184"}],"curies":[{"name":"wp","href":"https:\/\/api.w.org\/{rel}","templated":true}]}}