{"id":136,"date":"2016-12-14T12:47:55","date_gmt":"2016-12-14T11:47:55","guid":{"rendered":"http:\/\/dev.yoho.pl\/beethoven\/recenzje\/?page_id=136"},"modified":"2016-12-14T12:47:55","modified_gmt":"2016-12-14T11:47:55","slug":"maciej-negrey-gazeta-wyborcza-w-krakowie-4-10-2005","status":"publish","type":"page","link":"https:\/\/beethoven.org.pl\/recenzje\/maciej-negrey-gazeta-wyborcza-w-krakowie-4-10-2005\/","title":{"rendered":"Maciej Negrey, Gazeta Wyborcza w Krakowie, 4.10.2005"},"content":{"rendered":"<p>M\u0142odemu, z\u0142o\u017conemu ze student\u00f3w i absolwent\u00f3w krakowskiej Akademii Muzycznej zespo\u0142owi (&#8230;) uda\u0142o si\u0119 stworzy\u0107 \u015bwietn\u0105, przepe\u0142nion\u0105 entuzjazmem atmosfer\u0119.<\/p>\n<p>Oby\u015bmy cz\u0119\u015bciej byli uczestnikami takich wieczor\u00f3w, na kt\u00f3rych znane i nieznane dzie\u0142a znajduj\u0105 tak \u015bwie\u017c\u0105, przekonuj\u0105c\u0105 i entuzjastyczn\u0105 interpretacj\u0119.<\/p>","protected":false},"excerpt":{"rendered":"<p>M\u0142odemu, z\u0142o\u017conemu ze student\u00f3w i absolwent\u00f3w krakowskiej Akademii Muzycznej zespo\u0142owi (&#8230;) uda\u0142o si\u0119 stworzy\u0107 \u015bwietn\u0105, przepe\u0142nion\u0105 entuzjazmem atmosfer\u0119. Oby\u015bmy cz\u0119\u015bciej byli uczestnikami takich wieczor\u00f3w, na kt\u00f3rych znane i nieznane dzie\u0142a znajduj\u0105 tak \u015bwie\u017c\u0105, przekonuj\u0105c\u0105 i entuzjastyczn\u0105 interpretacj\u0119.<\/p>\n","protected":false},"author":2,"featured_media":0,"parent":0,"menu_order":0,"comment_status":"closed","ping_status":"closed","template":"","meta":{"footnotes":""},"class_list":["post-136","page","type-page","status-publish","hentry"],"_links":{"self":[{"href":"https:\/\/beethoven.org.pl\/recenzje\/wp-json\/wp\/v2\/pages\/136","targetHints":{"allow":["GET"]}}],"collection":[{"href":"https:\/\/beethoven.org.pl\/recenzje\/wp-json\/wp\/v2\/pages"}],"about":[{"href":"https:\/\/beethoven.org.pl\/recenzje\/wp-json\/wp\/v2\/types\/page"}],"author":[{"embeddable":true,"href":"https:\/\/beethoven.org.pl\/recenzje\/wp-json\/wp\/v2\/users\/2"}],"replies":[{"embeddable":true,"href":"https:\/\/beethoven.org.pl\/recenzje\/wp-json\/wp\/v2\/comments?post=136"}],"version-history":[{"count":1,"href":"https:\/\/beethoven.org.pl\/recenzje\/wp-json\/wp\/v2\/pages\/136\/revisions"}],"predecessor-version":[{"id":137,"href":"https:\/\/beethoven.org.pl\/recenzje\/wp-json\/wp\/v2\/pages\/136\/revisions\/137"}],"wp:attachment":[{"href":"https:\/\/beethoven.org.pl\/recenzje\/wp-json\/wp\/v2\/media?parent=136"}],"curies":[{"name":"wp","href":"https:\/\/api.w.org\/{rel}","templated":true}]}}

<p>Młodemu, złożonemu ze studentów i absolwentów krakowskiej Akademii Muzycznej zespołowi (&#8230;) udało się stworzyć świetną, przepełnioną entuzjazmem atmosferę.</p>
<p>Obyśmy częściej byli uczestnikami takich wieczorów, na których znane i nieznane dzieła znajdują tak świeżą, przekonującą i entuzjastyczną interpretację.</p>

<p>Młodemu, złożonemu ze studentów i absolwentów krakowskiej Akademii Muzycznej zespołowi (&#8230;) udało się stworzyć świetną, przepełnioną entuzjazmem atmosferę. Obyśmy częściej byli uczestnikami takich wieczorów, na których znane i nieznane dzieła znajdują tak świeżą, przekonującą i entuzjastyczną interpretację.</p>
