{"id":134,"date":"2016-12-14T12:47:09","date_gmt":"2016-12-14T11:47:09","guid":{"rendered":"http:\/\/dev.yoho.pl\/beethoven\/recenzje\/?page_id=134"},"modified":"2016-12-14T12:47:09","modified_gmt":"2016-12-14T11:47:09","slug":"anna-wozniakowska-dziennik-polski-22-09-2005","status":"publish","type":"page","link":"https:\/\/beethoven.org.pl\/recenzje\/anna-wozniakowska-dziennik-polski-22-09-2005\/","title":{"rendered":"Anna Wo\u017aniakowska, Dziennik Polski, 22.09.2005"},"content":{"rendered":"<p>Wprowadzona w wielki \u015bwiat przez El\u017cbiet\u0119 Pendereck\u0105, [Orkiestra Akademii Beethovenowskiej] cieszy si\u0119 obecnie opini\u0105 jednego z najciekawszych m\u0142odych zespo\u0142\u00f3w.<\/p>\n<p>M\u0142oda orkiestra pod dyrekcj\u0105 Macieja Tworka towarzyszy\u0142a dw\u00f3m r\u00f3\u017cnym osobowo\u015bciom artystycznym z wielk\u0105 muzykalno\u015bci\u0105 i pe\u0142nym profesjonalizmem [&#8230;] Sala Ho\u0142du Pruskiego nie ma \u0142atwej akustyki, a przecie\u017c zesp\u00f3\u0142 brzmia\u0142 homogenicznie i szlachetnie.<\/p>","protected":false},"excerpt":{"rendered":"<p>Wprowadzona w wielki \u015bwiat przez El\u017cbiet\u0119 Pendereck\u0105, [Orkiestra Akademii Beethovenowskiej] cieszy si\u0119 obecnie opini\u0105 jednego z najciekawszych m\u0142odych zespo\u0142\u00f3w. M\u0142oda orkiestra pod dyrekcj\u0105 Macieja Tworka towarzyszy\u0142a dw\u00f3m r\u00f3\u017cnym osobowo\u015bciom artystycznym z wielk\u0105 muzykalno\u015bci\u0105 i pe\u0142nym profesjonalizmem [&#8230;] Sala Ho\u0142du Pruskiego nie ma \u0142atwej akustyki, a przecie\u017c zesp\u00f3\u0142 brzmia\u0142 homogenicznie i szlachetnie.<\/p>\n","protected":false},"author":2,"featured_media":0,"parent":0,"menu_order":0,"comment_status":"closed","ping_status":"closed","template":"","meta":{"footnotes":""},"class_list":["post-134","page","type-page","status-publish","hentry"],"_links":{"self":[{"href":"https:\/\/beethoven.org.pl\/recenzje\/wp-json\/wp\/v2\/pages\/134","targetHints":{"allow":["GET"]}}],"collection":[{"href":"https:\/\/beethoven.org.pl\/recenzje\/wp-json\/wp\/v2\/pages"}],"about":[{"href":"https:\/\/beethoven.org.pl\/recenzje\/wp-json\/wp\/v2\/types\/page"}],"author":[{"embeddable":true,"href":"https:\/\/beethoven.org.pl\/recenzje\/wp-json\/wp\/v2\/users\/2"}],"replies":[{"embeddable":true,"href":"https:\/\/beethoven.org.pl\/recenzje\/wp-json\/wp\/v2\/comments?post=134"}],"version-history":[{"count":1,"href":"https:\/\/beethoven.org.pl\/recenzje\/wp-json\/wp\/v2\/pages\/134\/revisions"}],"predecessor-version":[{"id":135,"href":"https:\/\/beethoven.org.pl\/recenzje\/wp-json\/wp\/v2\/pages\/134\/revisions\/135"}],"wp:attachment":[{"href":"https:\/\/beethoven.org.pl\/recenzje\/wp-json\/wp\/v2\/media?parent=134"}],"curies":[{"name":"wp","href":"https:\/\/api.w.org\/{rel}","templated":true}]}}

Anna Woźniakowska, Dziennik Polski, 22.09.2005

<p>Wprowadzona w wielki świat przez Elżbietę Penderecką, [Orkiestra Akademii Beethovenowskiej] cieszy się obecnie opinią jednego z najciekawszych młodych zespołów.</p>
<p>Młoda orkiestra pod dyrekcją Macieja Tworka towarzyszyła dwóm różnym osobowościom artystycznym z wielką muzykalnością i pełnym profesjonalizmem [&#8230;] Sala Hołdu Pruskiego nie ma łatwej akustyki, a przecież zespół brzmiał homogenicznie i szlachetnie.</p>

<p>Wprowadzona w wielki świat przez Elżbietę Penderecką, [Orkiestra Akademii Beethovenowskiej] cieszy się obecnie opinią jednego z najciekawszych młodych zespołów. Młoda orkiestra pod dyrekcją Macieja Tworka towarzyszyła dwóm różnym osobowościom artystycznym z wielką muzykalnością i pełnym profesjonalizmem [&#8230;] Sala Hołdu Pruskiego nie ma łatwej akustyki, a przecież zespół brzmiał homogenicznie i szlachetnie.</p>
