{"id":1099,"date":"2023-04-06T13:00:22","date_gmt":"2023-04-06T11:00:22","guid":{"rendered":"http:\/\/beethoven.org.pl\/recenzje\/?page_id=1099"},"modified":"2023-04-27T13:02:52","modified_gmt":"2023-04-27T11:02:52","slug":"ruch-muzyczny-5-04-michal-klubinski","status":"publish","type":"page","link":"https:\/\/beethoven.org.pl\/recenzje\/ruch-muzyczny-5-04-michal-klubinski\/","title":{"rendered":"Ruch Muzyczny 5.04 Micha\u0142 Klubi\u0144ski"},"content":{"rendered":"<p>Po kilku latach przerwy festiwal wr\u00f3ci\u0142 do prezentacji wybranych kwartet\u00f3w smyczkowych Beethovena (w dawnych s\u0142yszeli\u015bmy m.in. Tokyo String Quartet i Shanghai Quartet). W tym roku akcent pad\u0142 na op. 59 \u2013 s\u0142ynne kwartety \u015brodkowe (na pierwszym koncercie zabrzmia\u0142y dwa pierwsze dzie\u0142a:\u00a0<em>F-dur<\/em>\u00a0i\u00a0<em>e-moll<\/em>, jutro\u00a0<em>Kwartet C-dur<\/em>\u00a0dope\u0142niony zostanie p\u00f3\u017anym\u00a0<em>Kwartetem B-dur<\/em>\u00a0op. 130). Odwo\u0142uj\u0105 si\u0119 one do rosyjskich temat\u00f3w ludowych, dedykowane zosta\u0142y Andriejowi Razumowskiemu, ambasadorowi rosyjskiemu w Wiedniu, wielkiemu protektorowi i przyjacielowi Beethovena. S\u0105 to dzie\u0142a wyj\u0105tkowo wymagaj\u0105ce \u2013 symfoniczny rozmach \u0142\u0105czy si\u0119 tu z bogactwem pracy przetworzeniowej, wyrafinowanym kontrapunktem, eksperymentami tonalnymi (w jednym z nich dostrzec mo\u017cna wr\u0119cz zacz\u0105tek serii dodekafonicznej) i \u00a0formalnymi (jak \u0142\u0105czenie przetworzenia z repryz\u0105) czy rytmami tanecznymi.<\/p>\n<p><img decoding=\"async\" src=\"https:\/\/ruchmuzyczny.pl\/cms\/storage\/Relacje_WWW\/%237-8-2023\/2023-04-05%20-%20Beethovenowski%20-%20koncert%20casal.jpg\" alt=\"Fot. Bruno Fidrych \" \/><\/p>\n<p>M\u0142ody Casal Quartett ze Szwajcarii (doskonal\u0105cy si\u0119 niegdy\u015b pod kierunkiem Alban Berg Quartett) wywi\u0105za\u0142 si\u0119 z tego zadania do\u015b\u0107 dobrze. Jego brzmienie by\u0142o nasycone, eleganckie, do\u015b\u0107 klarowne i zarazem finezyjne. W\u00a0<em>Kwartecie F-dur<\/em>\u00a0instrumentali\u015bci wartko dialogowali ze sob\u0105, \u0142\u0105cz\u0105c si\u0119 elegancko motywami w piano, powoli wype\u0142niaj\u0105c przestrze\u0144 coraz wi\u0119kszym nasyceniem. Mo\u017ce w scherzu troch\u0119 brakowa\u0142o owego kubistycznego poszukiwania tematu, jednak poszczeg\u00f3lne instrumenty pewnie realizowa\u0142y drobne warto\u015bci rytmiczne. Generalnie, pomimo pieczo\u0142owitej realizacji symfonicznego zamierzenia i g\u0119stego kontrapunktu, zabrak\u0142o troch\u0119 romantyzmu, interpretacja by\u0142a zanadto wydestylowana i akademicko poprawna. Nieco wi\u0119cej grubych kontur\u00f3w i energicznych kulminacji by\u0142o w\u00a0<em>Kwartecie e-moll<\/em>. Cho\u0107 kontemplacyjno-epifaniczn\u0105 cz\u0119\u015b\u0107 II przenika\u0142 ch\u0142\u00f3d, akompaniament by\u0142 zbyt regularny, za\u015b w scherzu, wprowadzaj\u0105cym melodi\u0119 wykorzystan\u0105 p\u00f3\u017aniej przez Musorgskiego w\u00a0<em>Borysie Godunowie<\/em>, zabrak\u0142o troch\u0119 melancholii, nie brakowa\u0142o w tej interpretacji esencjonalnej polifonii i dramatycznego charakteru. My\u015blami odp\u0142ywali\u015bmy w stron\u0119 cudownych krain Belcea Quartet, ale encyklopedyczna interpretacja Casal Quartet wcale nie by\u0142a nam nie w smak\u2026<\/p>","protected":false},"excerpt":{"rendered":"<p>Po kilku latach przerwy festiwal wr\u00f3ci\u0142 do prezentacji wybranych kwartet\u00f3w smyczkowych Beethovena (w dawnych s\u0142yszeli\u015bmy m.in. Tokyo String Quartet i Shanghai Quartet). W tym roku akcent pad\u0142 na op. 59 \u2013 s\u0142ynne kwartety \u015brodkowe (na pierwszym koncercie zabrzmia\u0142y dwa pierwsze dzie\u0142a:\u00a0F-dur\u00a0i\u00a0e-moll, jutro\u00a0Kwartet C-dur\u00a0dope\u0142niony zostanie p\u00f3\u017anym\u00a0Kwartetem B-dur\u00a0op. 130). Odwo\u0142uj\u0105 si\u0119 one do rosyjskich temat\u00f3w ludowych, dedykowane [&hellip;]<\/p>\n","protected":false},"author":2,"featured_media":0,"parent":0,"menu_order":0,"comment_status":"closed","ping_status":"closed","template":"","meta":{"footnotes":""},"class_list":["post-1099","page","type-page","status-publish","hentry"],"_links":{"self":[{"href":"https:\/\/beethoven.org.pl\/recenzje\/wp-json\/wp\/v2\/pages\/1099","targetHints":{"allow":["GET"]}}],"collection":[{"href":"https:\/\/beethoven.org.pl\/recenzje\/wp-json\/wp\/v2\/pages"}],"about":[{"href":"https:\/\/beethoven.org.pl\/recenzje\/wp-json\/wp\/v2\/types\/page"}],"author":[{"embeddable":true,"href":"https:\/\/beethoven.org.pl\/recenzje\/wp-json\/wp\/v2\/users\/2"}],"replies":[{"embeddable":true,"href":"https:\/\/beethoven.org.pl\/recenzje\/wp-json\/wp\/v2\/comments?post=1099"}],"version-history":[{"count":2,"href":"https:\/\/beethoven.org.pl\/recenzje\/wp-json\/wp\/v2\/pages\/1099\/revisions"}],"predecessor-version":[{"id":1101,"href":"https:\/\/beethoven.org.pl\/recenzje\/wp-json\/wp\/v2\/pages\/1099\/revisions\/1101"}],"wp:attachment":[{"href":"https:\/\/beethoven.org.pl\/recenzje\/wp-json\/wp\/v2\/media?parent=1099"}],"curies":[{"name":"wp","href":"https:\/\/api.w.org\/{rel}","templated":true}]}}

Ruch Muzyczny 5.04 Michał Klubiński

<p>Po kilku latach przerwy festiwal wrócił do prezentacji wybranych kwartetów smyczkowych Beethovena (w dawnych słyszeliśmy m.in. Tokyo String Quartet i Shanghai Quartet). W tym roku akcent padł na op. 59 – słynne kwartety środkowe (na pierwszym koncercie zabrzmiały dwa pierwsze dzieła: <em>F-dur</em> i <em>e-moll</em>, jutro <em>Kwartet C-dur</em> dopełniony zostanie późnym <em>Kwartetem B-dur</em> op. 130). Odwołują się one do rosyjskich tematów ludowych, dedykowane zostały Andriejowi Razumowskiemu, ambasadorowi rosyjskiemu w Wiedniu, wielkiemu protektorowi i przyjacielowi Beethovena. Są to dzieła wyjątkowo wymagające – symfoniczny rozmach łączy się tu z bogactwem pracy przetworzeniowej, wyrafinowanym kontrapunktem, eksperymentami tonalnymi (w jednym z nich dostrzec można wręcz zaczątek serii dodekafonicznej) i  formalnymi (jak łączenie przetworzenia z repryzą) czy rytmami tanecznymi.</p>
<p><img decoding="async" src="https://ruchmuzyczny.pl/cms/storage/Relacje_WWW/%237-8-2023/2023-04-05%20-%20Beethovenowski%20-%20koncert%20casal.jpg" alt="Fot. Bruno Fidrych " /></p>
<p>Młody Casal Quartett ze Szwajcarii (doskonalący się niegdyś pod kierunkiem Alban Berg Quartett) wywiązał się z tego zadania dość dobrze. Jego brzmienie było nasycone, eleganckie, dość klarowne i zarazem finezyjne. W <em>Kwartecie F-dur</em> instrumentaliści wartko dialogowali ze sobą, łącząc się elegancko motywami w piano, powoli wypełniając przestrzeń coraz większym nasyceniem. Może w scherzu trochę brakowało owego kubistycznego poszukiwania tematu, jednak poszczególne instrumenty pewnie realizowały drobne wartości rytmiczne. Generalnie, pomimo pieczołowitej realizacji symfonicznego zamierzenia i gęstego kontrapunktu, zabrakło trochę romantyzmu, interpretacja była zanadto wydestylowana i akademicko poprawna. Nieco więcej grubych konturów i energicznych kulminacji było w <em>Kwartecie e-moll</em>. Choć kontemplacyjno-epifaniczną część II przenikał chłód, akompaniament był zbyt regularny, zaś w scherzu, wprowadzającym melodię wykorzystaną później przez Musorgskiego w <em>Borysie Godunowie</em>, zabrakło trochę melancholii, nie brakowało w tej interpretacji esencjonalnej polifonii i dramatycznego charakteru. Myślami odpływaliśmy w stronę cudownych krain Belcea Quartet, ale encyklopedyczna interpretacja Casal Quartet wcale nie była nam nie w smak…</p>

<p>Po kilku latach przerwy festiwal wrócił do prezentacji wybranych kwartetów smyczkowych Beethovena (w dawnych słyszeliśmy m.in. Tokyo String Quartet i Shanghai Quartet). W tym roku akcent padł na op. 59 – słynne kwartety środkowe (na pierwszym koncercie zabrzmiały dwa pierwsze dzieła: F-dur i e-moll, jutro Kwartet C-dur dopełniony zostanie późnym Kwartetem B-dur op. 130). Odwołują się one do rosyjskich tematów ludowych, dedykowane [&hellip;]</p>
