{"id":1097,"date":"2023-04-05T12:58:18","date_gmt":"2023-04-05T10:58:18","guid":{"rendered":"http:\/\/beethoven.org.pl\/recenzje\/?page_id=1097"},"modified":"2023-04-27T12:59:57","modified_gmt":"2023-04-27T10:59:57","slug":"ruch-muzyczny-4-04-michal-klubinski","status":"publish","type":"page","link":"https:\/\/beethoven.org.pl\/recenzje\/ruch-muzyczny-4-04-michal-klubinski\/","title":{"rendered":"Ruch Muzyczny 4.04 Micha\u0142 Klubi\u0144ski"},"content":{"rendered":"<p>Muzyka ameryka\u0144ska! Niejeden odda\u0142by za ni\u0105 \u017cycie. W dziwnym, eklektycznym koncercie podczas kolejnego dnia Festiwalu Beethovenowskiego by\u0142o jej a\u017c nadto. Wyst\u0105pi\u0142a Polska Orkiestra Sinfonia Iuventus pod batut\u0105 Johna Axelroda. Niestety w wi\u0119kszo\u015bci by\u0142a ona polem do\u015bwiadcze\u0144 zmagania si\u0119 akademizmu z prawdziwym ameryka\u0144skim \u017cywio\u0142em.<\/p>\n<p>Ju\u017c pierwsze d\u017awi\u0119ki efektownego\u00a0<em>potpourri\u00a0<\/em>\u2013 Uwertury do\u00a0<em>Kandyda\u00a0<\/em>Bernsteina, \u0142\u0105cz\u0105cego w tym utworze i Brahmsa, i Prokofiewa, i\u00a0<em>Jedwabn\u0105 drabink\u0119\u00a0<\/em>Rossiniego, i muzyk\u0119 jazz-clubu, zabrzmia\u0142y ha\u0142a\u015bliwie (dyrygent wybra\u0142 zreszt\u0105 rewiowy styl, w miejsce europejskiego persyfla\u017cu), a w dalszym rozwoju tego kuriozalnie granego\u00a0<em>perpertuum mobile\u00a0<\/em>dawa\u0142y si\u0119 odczu\u0107 niedoskona\u0142o\u015bci intonacji, synchronizacji i balansu. Nie lepiej zreszt\u0105 by\u0142o w drugim utworze wieczoru \u2013\u00a0<em>Koncercie fortepianowym F-dur<\/em>\u00a0Gershwina, w kt\u00f3rym parti\u0119 solow\u0105 zagra\u0142 fenomenalny, 32-letni pianista rumu\u0144ski, Daniel Ciobanu. Niestety witalizm jego stylu, wspania\u0142a technika, wylewny, cho\u0107 kontrolowany liryzm i \u015bwietne wyczucie stylu swingowego, przykrywane by\u0142y przez zmasowany monolit orkiestry, kt\u00f3ra nie wykazywa\u0142a najmniejszego zainteresowania konwencjami jazzowymi utworu, w ich miejsce za\u015b proponuj\u0105c styl Rachmaninowa.<\/p>\n<p><img decoding=\"async\" src=\"https:\/\/ruchmuzyczny.pl\/cms\/storage\/%23FESTIWAL%20BEETHOVENOWSKI%2023\/339324210_180557214825926_1719182157472745427_n%20%28Ma%C5%82y%29.jpg\" alt=\"Fot. Bruno Fidrych\" \/><\/p>\n<p>W drugiej cz\u0119\u015bci, wyra\u017anie staranniej przygotowywanej, orkiestra si\u0119 zrehabilitowa\u0142a. Przesuni\u0119cie akcentu na muzyk\u0119 panameryka\u0144sk\u0105 (<em>Bachianas brasileiras\u00a0<\/em>nr 5 Villi-Lobosa) co prawda nie okaza\u0142o si\u0119 szcz\u0119\u015bliwe (Joanna Freszel, mimo znakomitej dyspozycji tekstowej i du\u017cej finezji interpretacji, nie posiada\u0142a dostatecznej kantyleny w s\u0142ynnej\u00a0<em>Arii<\/em>, a towarzysz\u0105ce jej wiolonczele charakteryzowa\u0142y si\u0119 rachitycznym brzmieniem). Zaraz potem jednak orkiestra wykorzysta\u0142a swoje atuty w wykonaniu zr\u0119cznego neoklasycznego utworu o nieskomplikowanej warstwie rytmicznej \u2013\u00a0<em>Timepiece\u00a0<\/em>Cindy McTee (\u017cony Leonarda Slatkina). W lepszym nastroju dobrn\u0119li\u015bmy do ko\u0144ca koncertu \u2013 suity\u00a0<em>Appalachian Spring\u00a0<\/em>Coplanda. Co prawda utw\u00f3r jest rodzajem\u00a0<em>Biblii pauperum\u00a0<\/em>ameryka\u0144skiej prowincji, ale orkiestra zagra\u0142a go \u015bwie\u017co, finezyjnie, i z du\u017c\u0105 malowniczo\u015bci\u0105. A wi\u0119c na koniec Ameryka przysz\u0142a do nas w pe\u0142nej krasie!<\/p>","protected":false},"excerpt":{"rendered":"<p>Muzyka ameryka\u0144ska! Niejeden odda\u0142by za ni\u0105 \u017cycie. W dziwnym, eklektycznym koncercie podczas kolejnego dnia Festiwalu Beethovenowskiego by\u0142o jej a\u017c nadto. Wyst\u0105pi\u0142a Polska Orkiestra Sinfonia Iuventus pod batut\u0105 Johna Axelroda. Niestety w wi\u0119kszo\u015bci by\u0142a ona polem do\u015bwiadcze\u0144 zmagania si\u0119 akademizmu z prawdziwym ameryka\u0144skim \u017cywio\u0142em. Ju\u017c pierwsze d\u017awi\u0119ki efektownego\u00a0potpourri\u00a0\u2013 Uwertury do\u00a0Kandyda\u00a0Bernsteina, \u0142\u0105cz\u0105cego w tym utworze i Brahmsa, [&hellip;]<\/p>\n","protected":false},"author":2,"featured_media":0,"parent":0,"menu_order":0,"comment_status":"closed","ping_status":"closed","template":"","meta":{"footnotes":""},"class_list":["post-1097","page","type-page","status-publish","hentry"],"_links":{"self":[{"href":"https:\/\/beethoven.org.pl\/recenzje\/wp-json\/wp\/v2\/pages\/1097","targetHints":{"allow":["GET"]}}],"collection":[{"href":"https:\/\/beethoven.org.pl\/recenzje\/wp-json\/wp\/v2\/pages"}],"about":[{"href":"https:\/\/beethoven.org.pl\/recenzje\/wp-json\/wp\/v2\/types\/page"}],"author":[{"embeddable":true,"href":"https:\/\/beethoven.org.pl\/recenzje\/wp-json\/wp\/v2\/users\/2"}],"replies":[{"embeddable":true,"href":"https:\/\/beethoven.org.pl\/recenzje\/wp-json\/wp\/v2\/comments?post=1097"}],"version-history":[{"count":1,"href":"https:\/\/beethoven.org.pl\/recenzje\/wp-json\/wp\/v2\/pages\/1097\/revisions"}],"predecessor-version":[{"id":1098,"href":"https:\/\/beethoven.org.pl\/recenzje\/wp-json\/wp\/v2\/pages\/1097\/revisions\/1098"}],"wp:attachment":[{"href":"https:\/\/beethoven.org.pl\/recenzje\/wp-json\/wp\/v2\/media?parent=1097"}],"curies":[{"name":"wp","href":"https:\/\/api.w.org\/{rel}","templated":true}]}}

Ruch Muzyczny 4.04 Michał Klubiński

<p>Muzyka amerykańska! Niejeden oddałby za nią życie. W dziwnym, eklektycznym koncercie podczas kolejnego dnia Festiwalu Beethovenowskiego było jej aż nadto. Wystąpiła Polska Orkiestra Sinfonia Iuventus pod batutą Johna Axelroda. Niestety w większości była ona polem doświadczeń zmagania się akademizmu z prawdziwym amerykańskim żywiołem.</p>
<p>Już pierwsze dźwięki efektownego <em>potpourri </em>– Uwertury do <em>Kandyda </em>Bernsteina, łączącego w tym utworze i Brahmsa, i Prokofiewa, i <em>Jedwabną drabinkę </em>Rossiniego, i muzykę jazz-clubu, zabrzmiały hałaśliwie (dyrygent wybrał zresztą rewiowy styl, w miejsce europejskiego persyflażu), a w dalszym rozwoju tego kuriozalnie granego <em>perpertuum mobile </em>dawały się odczuć niedoskonałości intonacji, synchronizacji i balansu. Nie lepiej zresztą było w drugim utworze wieczoru – <em>Koncercie fortepianowym F-dur</em> Gershwina, w którym partię solową zagrał fenomenalny, 32-letni pianista rumuński, Daniel Ciobanu. Niestety witalizm jego stylu, wspaniała technika, wylewny, choć kontrolowany liryzm i świetne wyczucie stylu swingowego, przykrywane były przez zmasowany monolit orkiestry, która nie wykazywała najmniejszego zainteresowania konwencjami jazzowymi utworu, w ich miejsce zaś proponując styl Rachmaninowa.</p>
<p><img decoding="async" src="https://ruchmuzyczny.pl/cms/storage/%23FESTIWAL%20BEETHOVENOWSKI%2023/339324210_180557214825926_1719182157472745427_n%20%28Ma%C5%82y%29.jpg" alt="Fot. Bruno Fidrych" /></p>
<p>W drugiej części, wyraźnie staranniej przygotowywanej, orkiestra się zrehabilitowała. Przesunięcie akcentu na muzykę panamerykańską (<em>Bachianas brasileiras </em>nr 5 Villi-Lobosa) co prawda nie okazało się szczęśliwe (Joanna Freszel, mimo znakomitej dyspozycji tekstowej i dużej finezji interpretacji, nie posiadała dostatecznej kantyleny w słynnej <em>Arii</em>, a towarzyszące jej wiolonczele charakteryzowały się rachitycznym brzmieniem). Zaraz potem jednak orkiestra wykorzystała swoje atuty w wykonaniu zręcznego neoklasycznego utworu o nieskomplikowanej warstwie rytmicznej – <em>Timepiece </em>Cindy McTee (żony Leonarda Slatkina). W lepszym nastroju dobrnęliśmy do końca koncertu – suity <em>Appalachian Spring </em>Coplanda. Co prawda utwór jest rodzajem <em>Biblii pauperum </em>amerykańskiej prowincji, ale orkiestra zagrała go świeżo, finezyjnie, i z dużą malowniczością. A więc na koniec Ameryka przyszła do nas w pełnej krasie!</p>

<p>Muzyka amerykańska! Niejeden oddałby za nią życie. W dziwnym, eklektycznym koncercie podczas kolejnego dnia Festiwalu Beethovenowskiego było jej aż nadto. Wystąpiła Polska Orkiestra Sinfonia Iuventus pod batutą Johna Axelroda. Niestety w większości była ona polem doświadczeń zmagania się akademizmu z prawdziwym amerykańskim żywiołem. Już pierwsze dźwięki efektownego potpourri – Uwertury do Kandyda Bernsteina, łączącego w tym utworze i Brahmsa, [&hellip;]</p>
