{"id":1090,"date":"2023-04-03T12:25:31","date_gmt":"2023-04-03T10:25:31","guid":{"rendered":"http:\/\/beethoven.org.pl\/recenzje\/?page_id=1090"},"modified":"2023-04-27T13:08:59","modified_gmt":"2023-04-27T11:08:59","slug":"ruch-muzyczny-2-04-jan-lech","status":"publish","type":"page","link":"https:\/\/beethoven.org.pl\/recenzje\/ruch-muzyczny-2-04-jan-lech\/","title":{"rendered":"Ruch Muzyczny 2.04 Jan Lech"},"content":{"rendered":"<p>Kolejny dzie\u0144 festiwalu zapowiada\u0142 si\u0119 znakomicie: Narodowa Orkiestra Symfoniczna Polskiego Radia pod batut\u0105 Jacka Kaspszyka z bardzo atrakcyjnym programem. Koncert otworzy\u0142a uwertura<em>\u00a0\u201eRuiny Aten\u201d<\/em>\u00a0op. 113 Ludwiga van Beethovena, nast\u0119pnie mo\u017cna by\u0142o us\u0142ysze\u0107 \u201e<em>VI Symfoni\u0119 \u00abPie\u015bni chi\u0144skie\u00bb\u201d<\/em>\u00a0Krzysztofa Pendereckiego, a na zako\u0144czenie \u2013 \u201e<em>Das Lied von der Erde\u201d<\/em>\u00a0Gustava Mahlera.<\/p>\n<p>Beethoven nie by\u0142 bohaterem tego koncertu \u2013 NOSPR zagra\u0142a op. 113 sprawnie, cho\u0107 nie zjawiskowo. W\u00a0<em>\u201ePie\u015bniach chi\u0144skich\u201d<\/em>\u00a0orkiestra kierowana przez Kaspszyka doskonale utrzymywa\u0142a balans mi\u0119dzy si\u0142\u0105 orkiestrowego tutti, a akompaniowaniem soli\u015bcie, znakomitemu barytonowi Thomasowi E. Bauerowi. Cho\u0107 \u015bpiewak momentami musia\u0142 walczy\u0107 o uwag\u0119 s\u0142uchaczy z orkiestr\u0105, nie wychodzi\u0142 z tych star\u0107 na tarczy. Wi\u0119cej nerwowo\u015bci mo\u017cna by\u0142o wyczu\u0107 w solowych partiach erhu, granych przez Joann\u0119 Kravchenko. Orientalizuj\u0105ce intermedia mi\u0119dzy kolejnymi pie\u015bniami, nadawa\u0142y utworowi niejednoznaczny wyd\u017awi\u0119k zderzenia zachodniej tradycji symfonicznej z dalekowschodnim mistycyzmem. Nie trafia to w moj\u0105 wra\u017cliwo\u015b\u0107, cho\u0107 nie spos\u00f3b odm\u00f3wi\u0107 instrumentalistce wysokich umiej\u0119tno\u015bci technicznych \u2013 Kravchenko da\u0142a si\u0119 pozna\u0107 jako \u015bwietna wykonawczyni tej partii ju\u017c na nagraniu \u201e<em>VI Symfonii\u201d<\/em>\u00a0z 2019 roku.<\/p>\n<p><img decoding=\"async\" src=\"https:\/\/ruchmuzyczny.pl\/cms\/storage\/%23FESTIWAL%20BEETHOVENOWSKI%2023\/339102687_225580713387886_341043043122807622_n%20%28Ma%C5%82y%29.jpg\" alt=\"Fot. Bruno Fidrych\" \/><\/p>\n<p>Drug\u0105 cz\u0119\u015b\u0107 koncertu wype\u0142nia\u0142y d\u017awi\u0119ki \u201e<em>Das Lied von der Erde\u201d<\/em>\u00a0Mahlera. NOSPR pokaza\u0142a wysok\u0105 klas\u0119, zw\u0142aszcza sekcje smyczkowe. Wyj\u0105tkow\u0105 aur\u0119 da\u0142o si\u0119 odczu\u0107 w \u201e<em>Der Abschied\u201d<\/em>, w kt\u00f3rym g\u0142os chorego tego dnia Bauera idealnie przekazywa\u0142 dramatyczny wyd\u017awi\u0119k tekstu poetyckiego. Zesp\u00f3\u0142 instrumentalny odnalaz\u0142 szczeg\u00f3lne porozumienie z barytonem, dzi\u0119ki czemu partie wokalne nie nikn\u0119\u0142y w orkiestrowej masie. Odrobin\u0119 trudniej mia\u0142 tenor Thomas Mohr, kt\u00f3ry zmaga\u0142 si\u0119 zar\u00f3wno z wymagaj\u0105cym materia\u0142em, jak i z wolumenem orkiestry. Niemniej publiczno\u015b\u0107 przyj\u0119\u0142a obu solist\u00f3w, dyrygenta i orkiestr\u0119 nad wyraz ciep\u0142o \u2013 wykonawc\u00f3w nagrodzi\u0142y d\u0142ugie owacje, poprzedzone oklaskami po ka\u017cdym ust\u0119pie dzie\u0142a Mahlera.<\/p>","protected":false},"excerpt":{"rendered":"<p>Kolejny dzie\u0144 festiwalu zapowiada\u0142 si\u0119 znakomicie: Narodowa Orkiestra Symfoniczna Polskiego Radia pod batut\u0105 Jacka Kaspszyka z bardzo atrakcyjnym programem. Koncert otworzy\u0142a uwertura\u00a0\u201eRuiny Aten\u201d\u00a0op. 113 Ludwiga van Beethovena, nast\u0119pnie mo\u017cna by\u0142o us\u0142ysze\u0107 \u201eVI Symfoni\u0119 \u00abPie\u015bni chi\u0144skie\u00bb\u201d\u00a0Krzysztofa Pendereckiego, a na zako\u0144czenie \u2013 \u201eDas Lied von der Erde\u201d\u00a0Gustava Mahlera. Beethoven nie by\u0142 bohaterem tego koncertu \u2013 NOSPR zagra\u0142a [&hellip;]<\/p>\n","protected":false},"author":2,"featured_media":0,"parent":0,"menu_order":0,"comment_status":"closed","ping_status":"closed","template":"","meta":{"footnotes":""},"class_list":["post-1090","page","type-page","status-publish","hentry"],"_links":{"self":[{"href":"https:\/\/beethoven.org.pl\/recenzje\/wp-json\/wp\/v2\/pages\/1090","targetHints":{"allow":["GET"]}}],"collection":[{"href":"https:\/\/beethoven.org.pl\/recenzje\/wp-json\/wp\/v2\/pages"}],"about":[{"href":"https:\/\/beethoven.org.pl\/recenzje\/wp-json\/wp\/v2\/types\/page"}],"author":[{"embeddable":true,"href":"https:\/\/beethoven.org.pl\/recenzje\/wp-json\/wp\/v2\/users\/2"}],"replies":[{"embeddable":true,"href":"https:\/\/beethoven.org.pl\/recenzje\/wp-json\/wp\/v2\/comments?post=1090"}],"version-history":[{"count":2,"href":"https:\/\/beethoven.org.pl\/recenzje\/wp-json\/wp\/v2\/pages\/1090\/revisions"}],"predecessor-version":[{"id":1106,"href":"https:\/\/beethoven.org.pl\/recenzje\/wp-json\/wp\/v2\/pages\/1090\/revisions\/1106"}],"wp:attachment":[{"href":"https:\/\/beethoven.org.pl\/recenzje\/wp-json\/wp\/v2\/media?parent=1090"}],"curies":[{"name":"wp","href":"https:\/\/api.w.org\/{rel}","templated":true}]}}

<p>Kolejny dzień festiwalu zapowiadał się znakomicie: Narodowa Orkiestra Symfoniczna Polskiego Radia pod batutą Jacka Kaspszyka z bardzo atrakcyjnym programem. Koncert otworzyła uwertura<em> „Ruiny Aten”</em> op. 113 Ludwiga van Beethovena, następnie można było usłyszeć „<em>VI Symfonię «Pieśni chińskie»”</em> Krzysztofa Pendereckiego, a na zakończenie – „<em>Das Lied von der Erde”</em> Gustava Mahlera.</p>
<p>Beethoven nie był bohaterem tego koncertu – NOSPR zagrała op. 113 sprawnie, choć nie zjawiskowo. W <em>„Pieśniach chińskich”</em> orkiestra kierowana przez Kaspszyka doskonale utrzymywała balans między siłą orkiestrowego tutti, a akompaniowaniem soliście, znakomitemu barytonowi Thomasowi E. Bauerowi. Choć śpiewak momentami musiał walczyć o uwagę słuchaczy z orkiestrą, nie wychodził z tych starć na tarczy. Więcej nerwowości można było wyczuć w solowych partiach erhu, granych przez Joannę Kravchenko. Orientalizujące intermedia między kolejnymi pieśniami, nadawały utworowi niejednoznaczny wydźwięk zderzenia zachodniej tradycji symfonicznej z dalekowschodnim mistycyzmem. Nie trafia to w moją wrażliwość, choć nie sposób odmówić instrumentalistce wysokich umiejętności technicznych – Kravchenko dała się poznać jako świetna wykonawczyni tej partii już na nagraniu „<em>VI Symfonii”</em> z 2019 roku.</p>
<p><img decoding="async" src="https://ruchmuzyczny.pl/cms/storage/%23FESTIWAL%20BEETHOVENOWSKI%2023/339102687_225580713387886_341043043122807622_n%20%28Ma%C5%82y%29.jpg" alt="Fot. Bruno Fidrych" /></p>
<p>Drugą część koncertu wypełniały dźwięki „<em>Das Lied von der Erde”</em> Mahlera. NOSPR pokazała wysoką klasę, zwłaszcza sekcje smyczkowe. Wyjątkową aurę dało się odczuć w „<em>Der Abschied”</em>, w którym głos chorego tego dnia Bauera idealnie przekazywał dramatyczny wydźwięk tekstu poetyckiego. Zespół instrumentalny odnalazł szczególne porozumienie z barytonem, dzięki czemu partie wokalne nie niknęły w orkiestrowej masie. Odrobinę trudniej miał tenor Thomas Mohr, który zmagał się zarówno z wymagającym materiałem, jak i z wolumenem orkiestry. Niemniej publiczność przyjęła obu solistów, dyrygenta i orkiestrę nad wyraz ciepło – wykonawców nagrodziły długie owacje, poprzedzone oklaskami po każdym ustępie dzieła Mahlera.</p>

<p>Kolejny dzień festiwalu zapowiadał się znakomicie: Narodowa Orkiestra Symfoniczna Polskiego Radia pod batutą Jacka Kaspszyka z bardzo atrakcyjnym programem. Koncert otworzyła uwertura „Ruiny Aten” op. 113 Ludwiga van Beethovena, następnie można było usłyszeć „VI Symfonię «Pieśni chińskie»” Krzysztofa Pendereckiego, a na zakończenie – „Das Lied von der Erde” Gustava Mahlera. Beethoven nie był bohaterem tego koncertu – NOSPR zagrała [&hellip;]</p>
