{"id":1081,"date":"2023-03-31T12:08:46","date_gmt":"2023-03-31T10:08:46","guid":{"rendered":"http:\/\/beethoven.org.pl\/recenzje\/?page_id=1081"},"modified":"2023-04-27T13:15:32","modified_gmt":"2023-04-27T11:15:32","slug":"ruch-muzyczny-30-03-jan-lech","status":"publish","type":"page","link":"https:\/\/beethoven.org.pl\/recenzje\/ruch-muzyczny-30-03-jan-lech\/","title":{"rendered":"Ruch Muzyczny 30.03 Jan Lech"},"content":{"rendered":"<p>Pi\u0105tego dnia festiwalowej gor\u0105czki graj\u0105ca na skrzypcach Dalia Kuznecovait\u0117 i towarzysz\u0105cy jej przy fortepianie Tymoteusz Bies zaproponowali naprawd\u0119 ciekawy, r\u00f3\u017cnorodny program. Otworzyli koncert\u00a0<em>I Sonat\u0105 na skrzypce i fortepian<\/em>\u00a0Krzysztofa Pendereckiego, nast\u0119pnie wykonali\u00a0<em>Sonat\u0119 na skrzypce i fortepian<\/em>\u00a0Faustasa Lat\u0117nasa, a zako\u0144czyli\u00a0<em>V Sonat\u0105 skrzypcow\u0105 F-dur<\/em>\u00a0op. 24 \u201eWiosenn\u0105\u201d Ludwiga van Beethovena. W zestawieniu tym najciekawiej wypad\u0142 w moim odczuciu utw\u00f3r urodzonego w 1956 roku litewskiego kompozytora, po\u017cegnanego przez muzyczny \u015bwiat nieca\u0142e trzy lata temu. W jego\u00a0<em>Sonacie<\/em>\u00a0z roku 1983 zdawa\u0142a si\u0119 pobrzmiewa\u0107 Schubertowska stylistyka, podkre\u015blana przez \u015bwietnie wydobyte z instrumentu Kuznecovait\u0117 dramatyczne pizzicato. Utw\u00f3r wyzwala\u0142 tak\u017ce w\u0142a\u015bciwe romantycznemu liryzmowi wra\u017cenie melancholii, zw\u0142aszcza w fina\u0142owej kadencji \u2013 d\u0142ugim, cichn\u0105cym glissandzie, rozp\u0142ywaj\u0105cym si\u0119 w przeszywaj\u0105c\u0105 cisz\u0119.<\/p>\n<p><img decoding=\"async\" src=\"https:\/\/ruchmuzyczny.pl\/cms\/storage\/%23FESTIWAL%20BEETHOVENOWSKI%2023\/338180115_600038988684386_8637689230944601187_n%20%28Ma%C5%82y%29.jpg\" alt=\"Fot. Bruno Fidrych\" \/><\/p>\n<p>Pod wieloma wzgl\u0119dami bardziej \u017cywio\u0142owa\u00a0<em>Sonata<\/em>\u00a0Pendereckiego ewokowa\u0142a inny rodzaj emocji, ale r\u00f3wnie pozytywne wra\u017cenia. Kuznecovait\u0117 z lekko\u015bci\u0105 poradzi\u0142a sobie z nie\u0142atwym\u00a0<em>Allegro<\/em>, a Biesowi nale\u017c\u0105 si\u0119 s\u0142owa uznania za doskona\u0142e operowanie dynamik\u0105. Instrumentali\u015bci doskonale wsp\u00f3\u0142grali tak\u017ce w \u201eWiosennej\u201d, cho\u0107 utw\u00f3r Beethovena wypad\u0142 tego wieczoru najmniej zjawiskowo. Umiej\u0119tno\u015bci prowadzenia muzycznego dialogu pozwoli\u0142y jednak wykonawcom na przedstawienie dojrza\u0142ej i wyrazistej interpretacji. Powiew wiosennej \u015bwie\u017co\u015bci wyzwoli\u0142 ciep\u0142e reakcje s\u0142uchaczy, kt\u00f3rzy dwukrotnie poprosili artyst\u00f3w o bis: najpierw\u00a0<em>Largo<\/em>, a p\u00f3\u017aniej\u00a0<em>Gigue<\/em>\u00a0z\u00a0<em>Sonaty da camera<\/em>\u00a0Gra\u017cyny Bacewicz. D\u0142ugie owacje w pe\u0142ni zas\u0142u\u017cone.<\/p>","protected":false},"excerpt":{"rendered":"<p>Pi\u0105tego dnia festiwalowej gor\u0105czki graj\u0105ca na skrzypcach Dalia Kuznecovait\u0117 i towarzysz\u0105cy jej przy fortepianie Tymoteusz Bies zaproponowali naprawd\u0119 ciekawy, r\u00f3\u017cnorodny program. Otworzyli koncert\u00a0I Sonat\u0105 na skrzypce i fortepian\u00a0Krzysztofa Pendereckiego, nast\u0119pnie wykonali\u00a0Sonat\u0119 na skrzypce i fortepian\u00a0Faustasa Lat\u0117nasa, a zako\u0144czyli\u00a0V Sonat\u0105 skrzypcow\u0105 F-dur\u00a0op. 24 \u201eWiosenn\u0105\u201d Ludwiga van Beethovena. W zestawieniu tym najciekawiej wypad\u0142 w moim odczuciu utw\u00f3r [&hellip;]<\/p>\n","protected":false},"author":2,"featured_media":0,"parent":0,"menu_order":0,"comment_status":"closed","ping_status":"closed","template":"","meta":{"footnotes":""},"class_list":["post-1081","page","type-page","status-publish","hentry"],"_links":{"self":[{"href":"https:\/\/beethoven.org.pl\/recenzje\/wp-json\/wp\/v2\/pages\/1081","targetHints":{"allow":["GET"]}}],"collection":[{"href":"https:\/\/beethoven.org.pl\/recenzje\/wp-json\/wp\/v2\/pages"}],"about":[{"href":"https:\/\/beethoven.org.pl\/recenzje\/wp-json\/wp\/v2\/types\/page"}],"author":[{"embeddable":true,"href":"https:\/\/beethoven.org.pl\/recenzje\/wp-json\/wp\/v2\/users\/2"}],"replies":[{"embeddable":true,"href":"https:\/\/beethoven.org.pl\/recenzje\/wp-json\/wp\/v2\/comments?post=1081"}],"version-history":[{"count":2,"href":"https:\/\/beethoven.org.pl\/recenzje\/wp-json\/wp\/v2\/pages\/1081\/revisions"}],"predecessor-version":[{"id":1110,"href":"https:\/\/beethoven.org.pl\/recenzje\/wp-json\/wp\/v2\/pages\/1081\/revisions\/1110"}],"wp:attachment":[{"href":"https:\/\/beethoven.org.pl\/recenzje\/wp-json\/wp\/v2\/media?parent=1081"}],"curies":[{"name":"wp","href":"https:\/\/api.w.org\/{rel}","templated":true}]}}

<p>Piątego dnia festiwalowej gorączki grająca na skrzypcach Dalia Kuznecovaitė i towarzyszący jej przy fortepianie Tymoteusz Bies zaproponowali naprawdę ciekawy, różnorodny program. Otworzyli koncert <em>I Sonatą na skrzypce i fortepian</em> Krzysztofa Pendereckiego, następnie wykonali <em>Sonatę na skrzypce i fortepian</em> Faustasa Latėnasa, a zakończyli <em>V Sonatą skrzypcową F-dur</em> op. 24 „Wiosenną” Ludwiga van Beethovena. W zestawieniu tym najciekawiej wypadł w moim odczuciu utwór urodzonego w 1956 roku litewskiego kompozytora, pożegnanego przez muzyczny świat niecałe trzy lata temu. W jego <em>Sonacie</em> z roku 1983 zdawała się pobrzmiewać Schubertowska stylistyka, podkreślana przez świetnie wydobyte z instrumentu Kuznecovaitė dramatyczne pizzicato. Utwór wyzwalał także właściwe romantycznemu liryzmowi wrażenie melancholii, zwłaszcza w finałowej kadencji – długim, cichnącym glissandzie, rozpływającym się w przeszywającą ciszę.</p>
<p><img decoding="async" src="https://ruchmuzyczny.pl/cms/storage/%23FESTIWAL%20BEETHOVENOWSKI%2023/338180115_600038988684386_8637689230944601187_n%20%28Ma%C5%82y%29.jpg" alt="Fot. Bruno Fidrych" /></p>
<p>Pod wieloma względami bardziej żywiołowa <em>Sonata</em> Pendereckiego ewokowała inny rodzaj emocji, ale równie pozytywne wrażenia. Kuznecovaitė z lekkością poradziła sobie z niełatwym <em>Allegro</em>, a Biesowi należą się słowa uznania za doskonałe operowanie dynamiką. Instrumentaliści doskonale współgrali także w „Wiosennej”, choć utwór Beethovena wypadł tego wieczoru najmniej zjawiskowo. Umiejętności prowadzenia muzycznego dialogu pozwoliły jednak wykonawcom na przedstawienie dojrzałej i wyrazistej interpretacji. Powiew wiosennej świeżości wyzwolił ciepłe reakcje słuchaczy, którzy dwukrotnie poprosili artystów o bis: najpierw <em>Largo</em>, a później <em>Gigue</em> z <em>Sonaty da camera</em> Grażyny Bacewicz. Długie owacje w pełni zasłużone.</p>

<p>Piątego dnia festiwalowej gorączki grająca na skrzypcach Dalia Kuznecovaitė i towarzyszący jej przy fortepianie Tymoteusz Bies zaproponowali naprawdę ciekawy, różnorodny program. Otworzyli koncert I Sonatą na skrzypce i fortepian Krzysztofa Pendereckiego, następnie wykonali Sonatę na skrzypce i fortepian Faustasa Latėnasa, a zakończyli V Sonatą skrzypcową F-dur op. 24 „Wiosenną” Ludwiga van Beethovena. W zestawieniu tym najciekawiej wypadł w moim odczuciu utwór [&hellip;]</p>
