{"id":105,"date":"2014-04-11T16:12:41","date_gmt":"2014-04-11T14:12:41","guid":{"rendered":"http:\/\/dev.yoho.pl\/beethoven\/recenzje\/?page_id=105"},"modified":"2016-12-02T16:20:19","modified_gmt":"2016-12-02T15:20:19","slug":"bohaterowie-festiwalu-11-04-2014","status":"publish","type":"page","link":"https:\/\/beethoven.org.pl\/recenzje\/bohaterowie-festiwalu-11-04-2014\/","title":{"rendered":"Bohaterowie festiwalu &#8211; 11.04.2014"},"content":{"rendered":"<p>M\u00f3wi\u0105 o niej \u201ebrytyjska orkiestra narodowa\u201d, cho\u0107 w pe\u0142ni przecie\u017c zas\u0142uguje na miano \u201ekr\u00f3lewskiej\u201d! Prowadzona przez Charlesa Dutoit Royal Philharmonic Orchestra oczarowa\u0142a publiczno\u015b\u0107 18. Wielkanocnego Festiwalu Ludwiga van Beethovena.<\/p>\n<p>Program wyst\u0119pu \u201ekr\u00f3l\u00f3w z Londynu\u201d otwiera\u0142a uwertura do baletu \u201eTwory Prometeusza\u201d op. 43 Ludwiga van Beethovena. I ju\u017c tu do\u015b\u0107 szybko przekonali\u015bmy si\u0119 o niedo\u015bcignionym mistrzostwie maestro Dutoit i jego muzyk\u00f3w. Radosna, przenikni\u0119ta motoryczn\u0105 motywik\u0105 uwertura zabrzmia\u0142a bowiem z niebywa\u0142\u0105 lekko\u015bci\u0105, jakby wcale nie by\u0142a dzie\u0142em Beethovena, ale co najmniej salonow\u0105 miniatur\u0105 Mozarta. Nie znaczy to, \u017ce czego\u015b jej brakowa\u0142o, t\u0119tni\u0142a przecie\u017c powa\u017cn\u0105, symfoniczn\u0105 wielko\u015bci\u0105. Rzecz w tym, \u017ce Dutoit tak poprowadzi\u0142 jej interpretacj\u0119, i\u017c nawet te najpot\u0119\u017cniejsze d\u017awi\u0119ki blachy, kot\u0142\u00f3w czy orkiestrowego tutti wydawa\u0142y si\u0119 subtelniejsze i bardziej radosne ni\u017c to zwykle bywa w symfonicznych dzie\u0142ach patrona Festiwalu.<br \/>\nZaraz potem na scenie pojawi\u0142a si\u0119 skrzypaczka Arabella Steinbacher, by wraz z RPO wykona\u0107 II Koncert skrzypcowy g-moll op. 63 Sergiusza Prokofiewa. Artystka, o kt\u00f3r\u0105 bij\u0105 si\u0119 najbardziej presti\u017cowe sale koncertowe \u015bwiata, zachwyca\u0142a ju\u017c od pierwszych d\u017awi\u0119k\u00f3w wst\u0119pnego Allegro moderato. Cho\u0107 w tym przypadku s\u0142owo \u201ezachwyca\u0142a\u201d zdaje si\u0119 by\u0107 zupe\u0142nie niewystarczaj\u0105ce. Krystalicznie czysty d\u017awi\u0119k jej skrzypiec (cudowna kantylena w Andante assai), a do tego ogrom emocji czy pe\u0142nia interpretacyjnego wyrazu nie maj\u0105 sobie r\u00f3wnych. To prawdziwa mistrzyni, mistrzyni \u015bwiata \u2013 chcia\u0142oby si\u0119 powiedzie\u0107. Nie by\u0142oby jednak tego efektu, gdyby nie wzorowa wsp\u00f3\u0142praca orkiestry z solistk\u0105. Kierowana przez Dutoit Royal Philharmonic Orchestra zespoli\u0142a si\u0119 bowiem ze Steinbacher w doskona\u0142\u0105 jedno\u015b\u0107. Kontrapunkty, kanony, ostinata zdawa\u0142y si\u0119 wyp\u0142ywa\u0107 z jednego instrumentu. Zachwycona gr\u0105 Steinbacher publiczno\u015b\u0107 nie pozwoli\u0142a jej odej\u015b\u0107 bez bis\u00f3w. Artystka sama zreszt\u0105 nie da\u0142a si\u0119 d\u0142ugo prosi\u0107 i si\u0119gn\u0119\u0142a po pierwsz\u0105 cz\u0119\u015b\u0107 Sonaty na skrzypce op. 27 nr 2 Eugena Ysaye, by po raz kolejny potwierdzi\u0107, i\u017c w \u015bwiatowym rankingu skrzypk\u00f3w to w\u0142a\u015bnie jej nale\u017cy si\u0119 miejsce na podium.<br \/>\nW finale wieczoru us\u0142yszeli\u015bmy jeszcze III Symfoni\u0119 c-moll \u201eOrganow\u0105\u201d op. 78 Camille&#8217;a Saint-Sa\u00ebnsa, z solow\u0105 parti\u0105 wykonan\u0105 przez Stephena Disleya. Dutoit i kr\u00f3lewscy filharmonicy porwali fenomenalnym brzmieniem, b\u0142yskotliw\u0105 interpretacj\u0105 i przyprawiaj\u0105c\u0105 o dreszcze dramaturgi\u0105 przewijaj\u0105cego si\u0119 we\u0144 incipitu \u015bredniowiecznej sekwencji Dies irae. Mnie jednak najbardziej utkwi\u0142o w pami\u0119ci brzmienie smyczk\u00f3w, nieprawdopodobnie zgranych, a do tego posiadaj\u0105cych w sobie jak\u0105\u015b niebywa\u0142\u0105 si\u0142\u0119 i czysto\u015b\u0107. Co\u015b, co trudno nazwa\u0107 s\u0142owami, a jeszcze trudniej odnale\u017a\u0107 na naszym rodzimym, muzycznym rynku.<br \/>\nAle to wcale nie by\u0142 jeszcze koniec tego wieczoru. Zauroczona gr\u0105 londy\u0144skiej orkiestry publiczno\u015b\u0107 przez kilkana\u015bcie minut nagradza\u0142a Charlesa Dutoit i jego muzyk\u00f3w owacjami na stoj\u0105co. Maestro nie kry\u0142 zadowolenia i dwukrotnie bisowa\u0142 ze swym zespo\u0142em.<br \/>\nPar\u0119 godzin wcze\u015bniej w sali kameralnej Filharmonii Narodowej wys\u0142uchali\u015bmy za\u015b zbioru sonat fletowych Johanna Sebastiana Bacha. Subtelnym d\u017awi\u0119kiem, a przy tym techniczn\u0105 perfekcj\u0105 urzeka\u0142 w ich wykonaniu w\u0142oski flecista Massimo Mercelli oraz r\u00f3wnie wdzi\u0119cznie mu towarzysz\u0105cy pianista Ramin Bahrami.<br \/>\nTomasz Handzlik<\/p>","protected":false},"excerpt":{"rendered":"<p>M\u00f3wi\u0105 o niej \u201ebrytyjska orkiestra narodowa\u201d, cho\u0107 w pe\u0142ni przecie\u017c zas\u0142uguje na miano \u201ekr\u00f3lewskiej\u201d! Prowadzona przez Charlesa Dutoit Royal Philharmonic Orchestra oczarowa\u0142a publiczno\u015b\u0107 18. Wielkanocnego Festiwalu Ludwiga van Beethovena. Program wyst\u0119pu \u201ekr\u00f3l\u00f3w z Londynu\u201d otwiera\u0142a uwertura do baletu \u201eTwory Prometeusza\u201d op. 43 Ludwiga van Beethovena. I ju\u017c tu do\u015b\u0107 szybko przekonali\u015bmy si\u0119 o niedo\u015bcignionym mistrzostwie [&hellip;]<\/p>\n","protected":false},"author":2,"featured_media":0,"parent":0,"menu_order":0,"comment_status":"closed","ping_status":"closed","template":"","meta":{"footnotes":""},"class_list":["post-105","page","type-page","status-publish","hentry"],"_links":{"self":[{"href":"https:\/\/beethoven.org.pl\/recenzje\/wp-json\/wp\/v2\/pages\/105","targetHints":{"allow":["GET"]}}],"collection":[{"href":"https:\/\/beethoven.org.pl\/recenzje\/wp-json\/wp\/v2\/pages"}],"about":[{"href":"https:\/\/beethoven.org.pl\/recenzje\/wp-json\/wp\/v2\/types\/page"}],"author":[{"embeddable":true,"href":"https:\/\/beethoven.org.pl\/recenzje\/wp-json\/wp\/v2\/users\/2"}],"replies":[{"embeddable":true,"href":"https:\/\/beethoven.org.pl\/recenzje\/wp-json\/wp\/v2\/comments?post=105"}],"version-history":[{"count":1,"href":"https:\/\/beethoven.org.pl\/recenzje\/wp-json\/wp\/v2\/pages\/105\/revisions"}],"predecessor-version":[{"id":106,"href":"https:\/\/beethoven.org.pl\/recenzje\/wp-json\/wp\/v2\/pages\/105\/revisions\/106"}],"wp:attachment":[{"href":"https:\/\/beethoven.org.pl\/recenzje\/wp-json\/wp\/v2\/media?parent=105"}],"curies":[{"name":"wp","href":"https:\/\/api.w.org\/{rel}","templated":true}]}}

<p>Mówią o niej „brytyjska orkiestra narodowa”, choć w pełni przecież zasługuje na miano „królewskiej”! Prowadzona przez Charlesa Dutoit Royal Philharmonic Orchestra oczarowała publiczność 18. Wielkanocnego Festiwalu Ludwiga van Beethovena.</p>
<p>Program występu „królów z Londynu” otwierała uwertura do baletu „Twory Prometeusza” op. 43 Ludwiga van Beethovena. I już tu dość szybko przekonaliśmy się o niedoścignionym mistrzostwie maestro Dutoit i jego muzyków. Radosna, przeniknięta motoryczną motywiką uwertura zabrzmiała bowiem z niebywałą lekkością, jakby wcale nie była dziełem Beethovena, ale co najmniej salonową miniaturą Mozarta. Nie znaczy to, że czegoś jej brakowało, tętniła przecież poważną, symfoniczną wielkością. Rzecz w tym, że Dutoit tak poprowadził jej interpretację, iż nawet te najpotężniejsze dźwięki blachy, kotłów czy orkiestrowego tutti wydawały się subtelniejsze i bardziej radosne niż to zwykle bywa w symfonicznych dziełach patrona Festiwalu.<br />
Zaraz potem na scenie pojawiła się skrzypaczka Arabella Steinbacher, by wraz z RPO wykonać II Koncert skrzypcowy g-moll op. 63 Sergiusza Prokofiewa. Artystka, o którą biją się najbardziej prestiżowe sale koncertowe świata, zachwycała już od pierwszych dźwięków wstępnego Allegro moderato. Choć w tym przypadku słowo „zachwycała” zdaje się być zupełnie niewystarczające. Krystalicznie czysty dźwięk jej skrzypiec (cudowna kantylena w Andante assai), a do tego ogrom emocji czy pełnia interpretacyjnego wyrazu nie mają sobie równych. To prawdziwa mistrzyni, mistrzyni świata – chciałoby się powiedzieć. Nie byłoby jednak tego efektu, gdyby nie wzorowa współpraca orkiestry z solistką. Kierowana przez Dutoit Royal Philharmonic Orchestra zespoliła się bowiem ze Steinbacher w doskonałą jedność. Kontrapunkty, kanony, ostinata zdawały się wypływać z jednego instrumentu. Zachwycona grą Steinbacher publiczność nie pozwoliła jej odejść bez bisów. Artystka sama zresztą nie dała się długo prosić i sięgnęła po pierwszą część Sonaty na skrzypce op. 27 nr 2 Eugena Ysaye, by po raz kolejny potwierdzić, iż w światowym rankingu skrzypków to właśnie jej należy się miejsce na podium.<br />
W finale wieczoru usłyszeliśmy jeszcze III Symfonię c-moll „Organową” op. 78 Camille&#8217;a Saint-Saënsa, z solową partią wykonaną przez Stephena Disleya. Dutoit i królewscy filharmonicy porwali fenomenalnym brzmieniem, błyskotliwą interpretacją i przyprawiającą o dreszcze dramaturgią przewijającego się weń incipitu średniowiecznej sekwencji Dies irae. Mnie jednak najbardziej utkwiło w pamięci brzmienie smyczków, nieprawdopodobnie zgranych, a do tego posiadających w sobie jakąś niebywałą siłę i czystość. Coś, co trudno nazwać słowami, a jeszcze trudniej odnaleźć na naszym rodzimym, muzycznym rynku.<br />
Ale to wcale nie był jeszcze koniec tego wieczoru. Zauroczona grą londyńskiej orkiestry publiczność przez kilkanaście minut nagradzała Charlesa Dutoit i jego muzyków owacjami na stojąco. Maestro nie krył zadowolenia i dwukrotnie bisował ze swym zespołem.<br />
Parę godzin wcześniej w sali kameralnej Filharmonii Narodowej wysłuchaliśmy zaś zbioru sonat fletowych Johanna Sebastiana Bacha. Subtelnym dźwiękiem, a przy tym techniczną perfekcją urzekał w ich wykonaniu włoski flecista Massimo Mercelli oraz równie wdzięcznie mu towarzyszący pianista Ramin Bahrami.<br />
Tomasz Handzlik</p>

<p>Mówią o niej „brytyjska orkiestra narodowa”, choć w pełni przecież zasługuje na miano „królewskiej”! Prowadzona przez Charlesa Dutoit Royal Philharmonic Orchestra oczarowała publiczność 18. Wielkanocnego Festiwalu Ludwiga van Beethovena. Program występu „królów z Londynu” otwierała uwertura do baletu „Twory Prometeusza” op. 43 Ludwiga van Beethovena. I już tu dość szybko przekonaliśmy się o niedoścignionym mistrzostwie [&hellip;]</p>
