{"id":1040,"date":"2022-04-15T22:46:54","date_gmt":"2022-04-15T20:46:54","guid":{"rendered":"http:\/\/beethoven.org.pl\/recenzje\/?page_id=1040"},"modified":"2022-04-15T22:46:54","modified_gmt":"2022-04-15T20:46:54","slug":"dwa-razy-requiem-czyli-cherubini-i-schnittke-na-final","status":"publish","type":"page","link":"https:\/\/beethoven.org.pl\/recenzje\/dwa-razy-requiem-czyli-cherubini-i-schnittke-na-final\/","title":{"rendered":"Dwa razy &#8222;Requiem&#8221;, czyli Cherubini i Schnittke na fina\u0142"},"content":{"rendered":"<p>1.<\/p>\n<p class=\"p1\"><span class=\"s1\">Wiele lat temu opera Luigiego Cherubiniego \u201eLodo<\/span><span class=\"s2\">\u00efska\u201d rozpocz\u0119\u0142a aktualny po dzi\u015b dzie\u0144 cykl \u201eNieznane opery\u201d na Wielkanocnym Festiwalu Ludwiga van Beethovena w Warszawie. Na zako\u0144czenie jego 26. edycji zabrzmia\u0142o inne, p\u00f3\u017aniejsze o 24 lata dzie\u0142o Cherubiniego \u2013 \u201eRequiem\u201d w tonacji c-moll. Zabrzmia\u0142o w wykonaniu Ch\u00f3ru i Orkiestry Filharmonii Narodowej pod dyrekcj\u0105 Andrzeja Boreyki.<span class=\"Apple-converted-space\">\u00a0<\/span><\/span><\/p>\n<p class=\"p2\"><span class=\"s3\">Bolesny, ciemny ton dzie\u0142a, s\u0142yszalny ju\u017c od pierwszych takt\u00f3w pasowa\u0142 nie tylko do charakteru Wielkiego Pi\u0105tku \u2013 bez w\u0105tpienia nasuwa\u0142 s\u0142uchaczom skojarzenia w tragicznymi wydarzeniami wojennymi, kt\u00f3re wci\u0105\u017c rozgrywaj\u0105 si\u0119 w Ukrainie atakowanej przez Rosjan. Koncert rozpocz\u0105\u0142 si\u0119 zreszt\u0105 wykonaniem hymnu narodowego Ukrainy, co konsekwentnie wprowadza Andrzej Boreyko na ka\u017cdym dyrygowanym przez siebie koncercie od pocz\u0105tku wojny.<\/span><\/p>\n<p>2.<\/p>\n<p class=\"p2\"><span class=\"s3\">Wiod\u0105ca rola w \u201eRequiem\u201d Cherubiniego przypada ch\u00f3rowi, Ch\u00f3r Filharmonii Narodowej mia\u0142 wi\u0119c du\u017ce pole do popisu, m. in. w pi\u0119knej cz\u0119\u015bci \u201eIntroitus et Kyrie\u201d, w kt\u00f3rej ch\u00f3r staje si\u0119 kim\u015b w rodzaju bohatera zbiorowego op\u0142akuj\u0105cego tragiczn\u0105 \u015bmier\u0107, w \u201eDies irae\u201d i przypominaj\u0105cej \u201eRequiem\u201d Mozarta \u201eLacrimosie\u201d czy \u201eAgnus Dei\u201d, kt\u00f3re wywar\u0142o olbrzymie wra\u017cenie na Berliozie.<\/span><\/p>\n<p class=\"p2\"><span class=\"s3\">W chwili powstania \u201eRequiem\u201d Cherubiniego \u2013 przypomnijmy, kompozytora niezwykle cenionego przez Ludwiga van Beethovena \u2013 by\u0142o dzie\u0142em niezwyk\u0142ej wagi, r\u00f3wnie\u017c poprzez swoj\u0105 genez\u0119. Cherubini skomponowa\u0142 je w okresie restauracji monarchii we Francji, kt\u00f3ra nast\u0105pi\u0142a w roku 1814. Cherubini zosta\u0142 nadwornym muzykiem Ludwika XVIII i dosta\u0142 zam\u00f3wienie na msz\u0119 \u017ca\u0142obn\u0105 ku czci \u015bci\u0119tego przez rewolucjonist\u00f3w Ludwika XVI. \u201eRequiem\u201d zabrzmia\u0142o w roku 1817 w bazylice Saint Denis pod Pary\u017cem, nekropolii kr\u00f3l\u00f3w Francji, gdzie z\u0142o\u017cono szcz\u0105tki pechowego kr\u00f3la i jego ma\u0142\u017conki Marii Antoniny.<\/span><\/p>\n<p>3.<\/p>\n<p class=\"p2\"><span class=\"s3\">Drugim punktem programu tego niezwyk\u0142ego koncertu by\u0142o \u201eRequiem\u201d Alfreda Schnittkego (1975), kompozytora urodzonego i tworz\u0105cego w Zwi\u0105zku Radzieckim (dopiero pod koniec \u017cycia przeni\u00f3s\u0142 si\u0119 do Niemiec), ale wychowanego w rodzinie niemieckoj\u0119zycznej i w kulturze zachodniej, \u0142aci\u0144skiej, co s\u0142ycha\u0107 r\u00f3wnie\u017c w tym dziele.<span class=\"Apple-converted-space\">\u00a0<\/span><\/span><\/p>\n<p class=\"p2\"><span class=\"s3\">Pierwsza cz\u0119\u015b\u0107 zatytu\u0142owana \u201eRequiem\u201d zaskoczy\u0142a niezwyk\u0142ym brzmieniem, przypominaj\u0105cym ch\u00f3raln\u0105 muzyk\u0119 \u015bredniowiecza, szybko przerodzi\u0142o si\u0119 w mocno chromatyzowane \u201eKyrie\u201d. Wielkie wra\u017cenie wywar\u0142a pi\u0119knie napisana \u201eLacrimosa\u201d z dwoma g\u0142osami solowymi (sopran, alt), \u201eAgnus Dei\u201d intonowany przez alt i \u201eCredo\u201d, w kt\u00f3rym do g\u0142osu dochodzi \u201erockowa\u201d perkusja. Prostota i szczero\u015b\u0107 \u0142\u0105czy si\u0119 w tym utworze z wyrafinowanym brzmieniem i b\u0142yskotliwymi pomys\u0142ami rodem z \u2013 wydawa\u0142oby si\u0119 \u2013 zupe\u0142nie innej muzycznej galaktyki.<\/span><\/p>\n<p class=\"p4\"><span class=\"s4\">W wykonaniu wzi\u0119li udzia\u0142 \u015bpiewacy-soli\u015bci: <\/span><span class=\"s3\">Justyna Jedynak-Ob\u0142oza (sopran), Ewelina Siedlecka-Kosinska (sopran), Magdalena Dobrowolska (sopran), Martyna Jankowska (alt) i Tomasz Warmijak (tenor).<\/span><\/p>\n<p><strong>Anna S. D\u0119bowska<\/strong><\/p>\n<p><em>Pi\u0105tek, 15 kwietnia, godz. 19:30, Filharmonia Narodowa<\/em><\/p>","protected":false},"excerpt":{"rendered":"<p>1. Wiele lat temu opera Luigiego Cherubiniego \u201eLodo\u00efska\u201d rozpocz\u0119\u0142a aktualny po dzi\u015b dzie\u0144 cykl \u201eNieznane opery\u201d na Wielkanocnym Festiwalu Ludwiga van Beethovena w Warszawie. Na zako\u0144czenie jego 26. edycji zabrzmia\u0142o inne, p\u00f3\u017aniejsze o 24 lata dzie\u0142o Cherubiniego \u2013 \u201eRequiem\u201d w tonacji c-moll. Zabrzmia\u0142o w wykonaniu Ch\u00f3ru i Orkiestry Filharmonii Narodowej pod dyrekcj\u0105 Andrzeja Boreyki.\u00a0 Bolesny, [&hellip;]<\/p>\n","protected":false},"author":8,"featured_media":0,"parent":0,"menu_order":0,"comment_status":"closed","ping_status":"closed","template":"","meta":{"footnotes":""},"class_list":["post-1040","page","type-page","status-publish","hentry"],"_links":{"self":[{"href":"https:\/\/beethoven.org.pl\/recenzje\/wp-json\/wp\/v2\/pages\/1040","targetHints":{"allow":["GET"]}}],"collection":[{"href":"https:\/\/beethoven.org.pl\/recenzje\/wp-json\/wp\/v2\/pages"}],"about":[{"href":"https:\/\/beethoven.org.pl\/recenzje\/wp-json\/wp\/v2\/types\/page"}],"author":[{"embeddable":true,"href":"https:\/\/beethoven.org.pl\/recenzje\/wp-json\/wp\/v2\/users\/8"}],"replies":[{"embeddable":true,"href":"https:\/\/beethoven.org.pl\/recenzje\/wp-json\/wp\/v2\/comments?post=1040"}],"version-history":[{"count":1,"href":"https:\/\/beethoven.org.pl\/recenzje\/wp-json\/wp\/v2\/pages\/1040\/revisions"}],"predecessor-version":[{"id":1041,"href":"https:\/\/beethoven.org.pl\/recenzje\/wp-json\/wp\/v2\/pages\/1040\/revisions\/1041"}],"wp:attachment":[{"href":"https:\/\/beethoven.org.pl\/recenzje\/wp-json\/wp\/v2\/media?parent=1040"}],"curies":[{"name":"wp","href":"https:\/\/api.w.org\/{rel}","templated":true}]}}

Dwa razy &#8222;Requiem&#8221;, czyli Cherubini i Schnittke na finał

<p>1.</p>
<p class="p1"><span class="s1">Wiele lat temu opera Luigiego Cherubiniego „Lodo</span><span class="s2">ïska” rozpoczęła aktualny po dziś dzień cykl „Nieznane opery” na Wielkanocnym Festiwalu Ludwiga van Beethovena w Warszawie. Na zakończenie jego 26. edycji zabrzmiało inne, późniejsze o 24 lata dzieło Cherubiniego – „Requiem” w tonacji c-moll. Zabrzmiało w wykonaniu Chóru i Orkiestry Filharmonii Narodowej pod dyrekcją Andrzeja Boreyki.<span class="Apple-converted-space"> </span></span></p>
<p class="p2"><span class="s3">Bolesny, ciemny ton dzieła, słyszalny już od pierwszych taktów pasował nie tylko do charakteru Wielkiego Piątku – bez wątpienia nasuwał słuchaczom skojarzenia w tragicznymi wydarzeniami wojennymi, które wciąż rozgrywają się w Ukrainie atakowanej przez Rosjan. Koncert rozpoczął się zresztą wykonaniem hymnu narodowego Ukrainy, co konsekwentnie wprowadza Andrzej Boreyko na każdym dyrygowanym przez siebie koncercie od początku wojny.</span></p>
<p>2.</p>
<p class="p2"><span class="s3">Wiodąca rola w „Requiem” Cherubiniego przypada chórowi, Chór Filharmonii Narodowej miał więc duże pole do popisu, m. in. w pięknej części „Introitus et Kyrie”, w której chór staje się kimś w rodzaju bohatera zbiorowego opłakującego tragiczną śmierć, w „Dies irae” i przypominającej „Requiem” Mozarta „Lacrimosie” czy „Agnus Dei”, które wywarło olbrzymie wrażenie na Berliozie.</span></p>
<p class="p2"><span class="s3">W chwili powstania „Requiem” Cherubiniego – przypomnijmy, kompozytora niezwykle cenionego przez Ludwiga van Beethovena – było dziełem niezwykłej wagi, również poprzez swoją genezę. Cherubini skomponował je w okresie restauracji monarchii we Francji, która nastąpiła w roku 1814. Cherubini został nadwornym muzykiem Ludwika XVIII i dostał zamówienie na mszę żałobną ku czci ściętego przez rewolucjonistów Ludwika XVI. „Requiem” zabrzmiało w roku 1817 w bazylice Saint Denis pod Paryżem, nekropolii królów Francji, gdzie złożono szczątki pechowego króla i jego małżonki Marii Antoniny.</span></p>
<p>3.</p>
<p class="p2"><span class="s3">Drugim punktem programu tego niezwykłego koncertu było „Requiem” Alfreda Schnittkego (1975), kompozytora urodzonego i tworzącego w Związku Radzieckim (dopiero pod koniec życia przeniósł się do Niemiec), ale wychowanego w rodzinie niemieckojęzycznej i w kulturze zachodniej, łacińskiej, co słychać również w tym dziele.<span class="Apple-converted-space"> </span></span></p>
<p class="p2"><span class="s3">Pierwsza część zatytułowana „Requiem” zaskoczyła niezwykłym brzmieniem, przypominającym chóralną muzykę średniowiecza, szybko przerodziło się w mocno chromatyzowane „Kyrie”. Wielkie wrażenie wywarła pięknie napisana „Lacrimosa” z dwoma głosami solowymi (sopran, alt), „Agnus Dei” intonowany przez alt i „Credo”, w którym do głosu dochodzi „rockowa” perkusja. Prostota i szczerość łączy się w tym utworze z wyrafinowanym brzmieniem i błyskotliwymi pomysłami rodem z – wydawałoby się – zupełnie innej muzycznej galaktyki.</span></p>
<p class="p4"><span class="s4">W wykonaniu wzięli udział śpiewacy-soliści: </span><span class="s3">Justyna Jedynak-Obłoza (sopran), Ewelina Siedlecka-Kosinska (sopran), Magdalena Dobrowolska (sopran), Martyna Jankowska (alt) i Tomasz Warmijak (tenor).</span></p>
<p><strong>Anna S. Dębowska</strong></p>
<p><em>Piątek, 15 kwietnia, godz. 19:30, Filharmonia Narodowa</em></p>

<p>1. Wiele lat temu opera Luigiego Cherubiniego „Lodoïska” rozpoczęła aktualny po dziś dzień cykl „Nieznane opery” na Wielkanocnym Festiwalu Ludwiga van Beethovena w Warszawie. Na zakończenie jego 26. edycji zabrzmiało inne, późniejsze o 24 lata dzieło Cherubiniego – „Requiem” w tonacji c-moll. Zabrzmiało w wykonaniu Chóru i Orkiestry Filharmonii Narodowej pod dyrekcją Andrzeja Boreyki.  Bolesny, [&hellip;]</p>
