{"id":1034,"date":"2022-04-14T23:46:05","date_gmt":"2022-04-14T21:46:05","guid":{"rendered":"http:\/\/beethoven.org.pl\/recenzje\/?page_id=1034"},"modified":"2022-04-14T23:46:05","modified_gmt":"2022-04-14T21:46:05","slug":"modlitwa-za-ukraine-karlowicz-i-dvorak-pod-dyrekcja-yaroslava-shemeta","status":"publish","type":"page","link":"https:\/\/beethoven.org.pl\/recenzje\/modlitwa-za-ukraine-karlowicz-i-dvorak-pod-dyrekcja-yaroslava-shemeta\/","title":{"rendered":"&#8221;Modlitwa za Ukrain\u0119&#8221;, Kar\u0142owicz i Dvo\u0159\u00e1k pod dyrekcj\u0105 Yaroslava Shemeta"},"content":{"rendered":"<p><\/p>\n<p class=\"p1\">Przedostatni dzie\u0144 26. Wielkanocnego Festiwalu mia\u0142 wyj\u0105tkowy charakter. Po pierwsze, wielkie dzie\u0142a symfoniczne zabrzmia\u0142y w wykonaniu utalentowanej muzycznej m\u0142odzie\u017cy z Polskiej Orkiestry Sinfonia Iuventus pod batut\u0105 niewiele starszego od muzyk\u00f3w tego zespo\u0142u ukrai\u0144skiego dyrygenta Yaroslava Shemeta. Po drugie, koncert by\u0142 cz\u0119\u015bciowo po\u015bwi\u0119cony Ukrainie, a tak\u017ce nios\u0105cej pomoc jej mieszka\u0144com Polskiej Misji Medycznej. Ukrainie dedykowany by\u0142 pierwszy utw\u00f3r, kt\u00f3ry zabrzmia\u0142 w programie czwartkowego koncertu \u2013 \u201eModlitwa za Ukrain\u0119\u201d Valentyna Silvestrova.<\/p>\n<p class=\"p1\">Utw\u00f3r ma niezwyk\u0142\u0105 genez\u0119 \u2013 powsta\u0142 w 2014 roku pod wp\u0142ywem wydarze\u0144 na placu Majdan w Kijowie, gdzie obywatelki i obywatele Ukrainy manifestowali swoje pragnienie suwerenno\u015bci i demokracji, co zosta\u0142o okupione krwi\u0105 wielu ofiar, kt\u00f3re zgin\u0119\u0142y na rozkaz prorosyjskiego rz\u0105du. Silvestrov w reakcji na te wydarzenia skomponowa\u0142 cykl 15 utwor\u00f3w ch\u00f3ralnych \u2013 \u201eModlitwa za Ukrain\u0119\u201d na ch\u00f3r a cappella inicjowa\u0142a ten cykl. W Warszawie \u00f3w pi\u0119kny utw\u00f3r, natchniony si\u0142\u0105 spokoju i dobrych my\u015bli us\u0142yszeli\u015bmy w aran\u017cacji na orkiestr\u0119, kt\u00f3rej dokona\u0142 ukrai\u0144ski wiolonczelista Eduard Resatsch, cz\u0142onek orkiestry Bamberger Symphoniker.<span class=\"Apple-converted-space\">\u00a0<\/span><\/p>\n<p class=\"p1\">W trzycz\u0119\u015bciowym poemacie symfonicznym \u201eOdwieczne pie\u015bni\u201d op. 10 Mieczys\u0142awa Kar\u0142owicza Sinfonia Iuventus rozwin\u0119\u0142a skrzyd\u0142a. Z ka\u017cd\u0105 kolejn\u0105 cz\u0119\u015bci\u0105 orkiestra brzmia\u0142a lepiej, sp\u00f3jniej i gra\u0142a z coraz wi\u0119kszym zaanga\u017cowaniem, zach\u0119cona \u017carliwym nastawieniem dyrygenta do muzyki. Yaroslav Shemet to dyrygent bardzo obiecuj\u0105cy \u2013 ma 26 lat, od roku jest szefem artystycznym orkiestry Filharmonii \u015al\u0105skiej w Katowicach i pierwszym go\u015bcinnym dyrygentem Neue Philharmonie Hamburg. Wyk\u0142ada dyrygentur\u0119 w Poznaniu, gdzie uko\u0144czy\u0142 studia na kierunku dyrygentura symfoniczna. <span class=\"s1\">W latach 2018\u201319 by\u0142 dyrygentem Youth Symphony Orchestra of Ukraine i asystentem Oksany Lyniv, dyrektor artystycznej orkiestry, pierwszej dyrygentki w historii Festiwalu Wagnerowskiego w Bayreuth. Shemet specjalizuje si\u0119 w wykonawstwie muzyki wsp\u00f3\u0142czesnej i mimo m\u0142odego wieku ma ju\u017c w dorobku ponad 40 prawykona\u0144.<\/span><span class=\"s2\"><span class=\"Apple-converted-space\">\u00a0<\/span><\/span><\/p>\n<p class=\"p4\">Orkiestra Sinfonia Iuventus nie zawiod\u0142a oczekiwa\u0144, kt\u00f3re pojawi\u0142y si\u0119 po Kar\u0142owiczu i w drugiej cz\u0119\u015bci koncertu wykona\u0142a IX Symfoni\u0119 \u201eZ Nowego \u015awiata\u201d <span class=\"s3\">Anton\u00edna Dvo\u0159\u00e1ka. <\/span>To by\u0142o bardzo dobre wykonanie, z kt\u00f3rego nie chcia\u0142o si\u0119 uroni\u0107 cho\u0107by jednej nuty. Ka\u017cda z sekcji orkiestry gra\u0142a ze \u015bwiadomo\u015bci\u0105 swojej roli w symfonicznym organizmie, kt\u00f3ry tworzy orkiestra. Kwintet smyczkowy brzmia\u0142 bardzo dobrze, cho\u0107 mo\u017ce chcia\u0142oby si\u0119 wi\u0119cej sypkiej, selektywnej artykulacji i l\u017cejszego d\u017awi\u0119ku; sprawdzi\u0142y si\u0119 zw\u0142aszcza alt\u00f3wki i wiolonczele. Popisowo gra\u0142y instrumenty d\u0119te drewniane i blaszane, by wspomnie\u0107 dobre solo ro\u017cka angielskiego w cz\u0119\u015bci drugiej symfonii (\u201eLargo\u201d), \u0142adn\u0105 barw\u0119 fagot\u00f3w i flet\u00f3w, a tak\u017ce szlachetne brzmienie tr\u0105bek, puzon\u00f3w i tuby. Shemet dba\u0142 o spoisto\u015b\u0107, a jednocze\u015bnie selektywno\u015b\u0107 brzmienia orkiestry, o wydobycie logiki toku muzycznej narracji poprzez eksponowanie powracaj\u0105cych w ca\u0142ej symfonii motyw\u00f3w i temat\u00f3w oraz gry napi\u0119\u0107 i odpr\u0119\u017ce\u0144 harmonicznych. Jego interpretacja mia\u0142a charakter epicki, wielkiej opowie\u015bci, w kt\u00f3rej powracaj\u0105 wizjonerskie tematy i tajemnicze, powabnie brzmi\u0105ce \u201eameryka\u0144skie\u201d motywy grane przez flety i smyczki.<\/p>\n<p class=\"p4\">Na bis Polska Orkiestra Sinfonia Iuventus wykona\u0142a ponownie \u201eModlitw\u0119 za Ukrain\u0119\u201d Valentyna Silvestrova.<\/p>\n<p><strong>Anna S. D\u0119bowska<\/strong><\/p>\n<p><em>Czwartek, 14 kwietnia, godz. 19:30, Filharmonia Narodowa w Warszawie<\/em><\/p>","protected":false},"excerpt":{"rendered":"<p>Przedostatni dzie\u0144 26. Wielkanocnego Festiwalu mia\u0142 wyj\u0105tkowy charakter. Po pierwsze, wielkie dzie\u0142a symfoniczne zabrzmia\u0142y w wykonaniu utalentowanej muzycznej m\u0142odzie\u017cy z Polskiej Orkiestry Sinfonia Iuventus pod batut\u0105 niewiele starszego od muzyk\u00f3w tego zespo\u0142u ukrai\u0144skiego dyrygenta Yaroslava Shemeta. Po drugie, koncert by\u0142 cz\u0119\u015bciowo po\u015bwi\u0119cony Ukrainie, a tak\u017ce nios\u0105cej pomoc jej mieszka\u0144com Polskiej Misji Medycznej. Ukrainie dedykowany by\u0142 [&hellip;]<\/p>\n","protected":false},"author":8,"featured_media":0,"parent":0,"menu_order":0,"comment_status":"closed","ping_status":"closed","template":"","meta":{"footnotes":""},"class_list":["post-1034","page","type-page","status-publish","hentry"],"_links":{"self":[{"href":"https:\/\/beethoven.org.pl\/recenzje\/wp-json\/wp\/v2\/pages\/1034","targetHints":{"allow":["GET"]}}],"collection":[{"href":"https:\/\/beethoven.org.pl\/recenzje\/wp-json\/wp\/v2\/pages"}],"about":[{"href":"https:\/\/beethoven.org.pl\/recenzje\/wp-json\/wp\/v2\/types\/page"}],"author":[{"embeddable":true,"href":"https:\/\/beethoven.org.pl\/recenzje\/wp-json\/wp\/v2\/users\/8"}],"replies":[{"embeddable":true,"href":"https:\/\/beethoven.org.pl\/recenzje\/wp-json\/wp\/v2\/comments?post=1034"}],"version-history":[{"count":1,"href":"https:\/\/beethoven.org.pl\/recenzje\/wp-json\/wp\/v2\/pages\/1034\/revisions"}],"predecessor-version":[{"id":1035,"href":"https:\/\/beethoven.org.pl\/recenzje\/wp-json\/wp\/v2\/pages\/1034\/revisions\/1035"}],"wp:attachment":[{"href":"https:\/\/beethoven.org.pl\/recenzje\/wp-json\/wp\/v2\/media?parent=1034"}],"curies":[{"name":"wp","href":"https:\/\/api.w.org\/{rel}","templated":true}]}}

&#8221;Modlitwa za Ukrainę&#8221;, Karłowicz i Dvořák pod dyrekcją Yaroslava Shemeta

<p></p>
<p class="p1">Przedostatni dzień 26. Wielkanocnego Festiwalu miał wyjątkowy charakter. Po pierwsze, wielkie dzieła symfoniczne zabrzmiały w wykonaniu utalentowanej muzycznej młodzieży z Polskiej Orkiestry Sinfonia Iuventus pod batutą niewiele starszego od muzyków tego zespołu ukraińskiego dyrygenta Yaroslava Shemeta. Po drugie, koncert był częściowo poświęcony Ukrainie, a także niosącej pomoc jej mieszkańcom Polskiej Misji Medycznej. Ukrainie dedykowany był pierwszy utwór, który zabrzmiał w programie czwartkowego koncertu – „Modlitwa za Ukrainę” Valentyna Silvestrova.</p>
<p class="p1">Utwór ma niezwykłą genezę – powstał w 2014 roku pod wpływem wydarzeń na placu Majdan w Kijowie, gdzie obywatelki i obywatele Ukrainy manifestowali swoje pragnienie suwerenności i demokracji, co zostało okupione krwią wielu ofiar, które zginęły na rozkaz prorosyjskiego rządu. Silvestrov w reakcji na te wydarzenia skomponował cykl 15 utworów chóralnych – „Modlitwa za Ukrainę” na chór a cappella inicjowała ten cykl. W Warszawie ów piękny utwór, natchniony siłą spokoju i dobrych myśli usłyszeliśmy w aranżacji na orkiestrę, której dokonał ukraiński wiolonczelista Eduard Resatsch, członek orkiestry Bamberger Symphoniker.<span class="Apple-converted-space"> </span></p>
<p class="p1">W trzyczęściowym poemacie symfonicznym „Odwieczne pieśni” op. 10 Mieczysława Karłowicza Sinfonia Iuventus rozwinęła skrzydła. Z każdą kolejną częścią orkiestra brzmiała lepiej, spójniej i grała z coraz większym zaangażowaniem, zachęcona żarliwym nastawieniem dyrygenta do muzyki. Yaroslav Shemet to dyrygent bardzo obiecujący – ma 26 lat, od roku jest szefem artystycznym orkiestry Filharmonii Śląskiej w Katowicach i pierwszym gościnnym dyrygentem Neue Philharmonie Hamburg. Wykłada dyrygenturę w Poznaniu, gdzie ukończył studia na kierunku dyrygentura symfoniczna. <span class="s1">W latach 2018–19 był dyrygentem Youth Symphony Orchestra of Ukraine i asystentem Oksany Lyniv, dyrektor artystycznej orkiestry, pierwszej dyrygentki w historii Festiwalu Wagnerowskiego w Bayreuth. Shemet specjalizuje się w wykonawstwie muzyki współczesnej i mimo młodego wieku ma już w dorobku ponad 40 prawykonań.</span><span class="s2"><span class="Apple-converted-space"> </span></span></p>
<p class="p4">Orkiestra Sinfonia Iuventus nie zawiodła oczekiwań, które pojawiły się po Karłowiczu i w drugiej części koncertu wykonała IX Symfonię „Z Nowego Świata” <span class="s3">Antonína Dvořáka. </span>To było bardzo dobre wykonanie, z którego nie chciało się uronić choćby jednej nuty. Każda z sekcji orkiestry grała ze świadomością swojej roli w symfonicznym organizmie, który tworzy orkiestra. Kwintet smyczkowy brzmiał bardzo dobrze, choć może chciałoby się więcej sypkiej, selektywnej artykulacji i lżejszego dźwięku; sprawdziły się zwłaszcza altówki i wiolonczele. Popisowo grały instrumenty dęte drewniane i blaszane, by wspomnieć dobre solo rożka angielskiego w części drugiej symfonii („Largo”), ładną barwę fagotów i fletów, a także szlachetne brzmienie trąbek, puzonów i tuby. Shemet dbał o spoistość, a jednocześnie selektywność brzmienia orkiestry, o wydobycie logiki toku muzycznej narracji poprzez eksponowanie powracających w całej symfonii motywów i tematów oraz gry napięć i odprężeń harmonicznych. Jego interpretacja miała charakter epicki, wielkiej opowieści, w której powracają wizjonerskie tematy i tajemnicze, powabnie brzmiące „amerykańskie” motywy grane przez flety i smyczki.</p>
<p class="p4">Na bis Polska Orkiestra Sinfonia Iuventus wykonała ponownie „Modlitwę za Ukrainę” Valentyna Silvestrova.</p>
<p><strong>Anna S. Dębowska</strong></p>
<p><em>Czwartek, 14 kwietnia, godz. 19:30, Filharmonia Narodowa w Warszawie</em></p>

<p>Przedostatni dzień 26. Wielkanocnego Festiwalu miał wyjątkowy charakter. Po pierwsze, wielkie dzieła symfoniczne zabrzmiały w wykonaniu utalentowanej muzycznej młodzieży z Polskiej Orkiestry Sinfonia Iuventus pod batutą niewiele starszego od muzyków tego zespołu ukraińskiego dyrygenta Yaroslava Shemeta. Po drugie, koncert był częściowo poświęcony Ukrainie, a także niosącej pomoc jej mieszkańcom Polskiej Misji Medycznej. Ukrainie dedykowany był [&hellip;]</p>
