{"id":87,"date":"2016-09-01T12:37:04","date_gmt":"2016-09-01T10:37:04","guid":{"rendered":"http:\/\/dev.yoho.pl\/beethoven\/artysci\/?page_id=87"},"modified":"2017-01-26T16:55:09","modified_gmt":"2017-01-26T15:55:09","slug":"hinrich-alpers","status":"publish","type":"page","link":"https:\/\/beethoven.org.pl\/artysci\/hinrich-alpers\/","title":{"rendered":"Hinrich Alpers"},"content":{"rendered":"<p><\/p>\n<p style=\"text-align: center;\"><strong>Niemiecki pianista Hinrich Alpers, zdobywca I nagrody w III Mi\u0119dzynarodowym Konkursie Beethovenowskim Telekom w Bonn (2009), Artysta i pedagog.<br \/>\n<\/strong><\/p>\n<p>&nbsp;<\/p>\n<p><img loading=\"lazy\" decoding=\"async\" class=\"aligncenter wp-image-195 size-full\" src=\"http:\/\/beethoven.org.pl\/artysci\/wp-content\/uploads\/sites\/2\/2016\/09\/Hinrich-Alpers3_photo-credit-Rita-Taylorh.jpg\" alt=\"Hinrich Alpers, The Banff Centre, 2015\" width=\"4928\" height=\"3280\" srcset=\"https:\/\/beethoven.org.pl\/artysci\/wp-content\/uploads\/sites\/2\/2016\/09\/Hinrich-Alpers3_photo-credit-Rita-Taylorh.jpg 4928w, https:\/\/beethoven.org.pl\/artysci\/wp-content\/uploads\/sites\/2\/2016\/09\/Hinrich-Alpers3_photo-credit-Rita-Taylorh-300x200.jpg 300w, https:\/\/beethoven.org.pl\/artysci\/wp-content\/uploads\/sites\/2\/2016\/09\/Hinrich-Alpers3_photo-credit-Rita-Taylorh-768x511.jpg 768w, https:\/\/beethoven.org.pl\/artysci\/wp-content\/uploads\/sites\/2\/2016\/09\/Hinrich-Alpers3_photo-credit-Rita-Taylorh-1024x682.jpg 1024w\" sizes=\"auto, (max-width: 4928px) 100vw, 4928px\" \/><\/p>\n<p>Uko\u0144czy\u0142 studia w Hannover Hochschule f\u00fcr Musik und Theater w klasie prof. Bernda Goetzkego. Popularno\u015b\u0107 w Stanach Zjednoczonych zdoby\u0142 w czasie studi\u00f3w w Juilliard School\u00a0pod kierunkiem Jerome\u2019a Lowenthala.<\/p>\n<p>W 2004 r. wyr\u00f3\u017cniono go I nagrod\u0105 oraz nagrod\u0105 specjaln\u0105 na Konkursie Griega w Oslo. W 2006 r. zosta\u0142 laureatem Mi\u0119dzynarodowego Konkursu Pianistycznego im. Esther Honens w Kanadzie oraz Honens International Piano Competition. Dzi\u0119ki temu wyr\u00f3\u017cnieniu otrzyma\u0142 trzyletnie stypendium.\u00a0 Momentem prze\u0142omowym w jego karierze artystycznej by\u0142 2009 r., w kt\u00f3rym\u00a0 zdoby\u0142 I nagrod\u0119 w III Mi\u0119dzynarodowym Konkursie Beethovenowskim Telekom w Bonn. Podczas tego wydarzenia przyznano mu r\u00f3wnie\u017c nagrod\u0119 publiczno\u015bci oraz nagrody specjalne w kategorii muzyki kameralnej (za duet z Misch\u0105 Maiskym) i za interpretacj\u0119 zam\u00f3wionego utworu. To w\u0142a\u015bnie po tym konkursie rozpocz\u0105\u0142 koncertowanie po ca\u0142ym \u015bwiecie.<\/p>\n<p>Pianista prowadzi aktywne \u017cycie artystyczne. Wyst\u0119puje podczas recitali, jako solista z towarzyszeniem orkiestry, a tak\u017ce jako cz\u0142onek zespo\u0142\u00f3w kameralnych oraz w ramach recitali pie\u015bni. Koncertowa\u0142 podczas licznych festiwali i wydarze\u0144 muzycznych w Europie, Stanach Zjednoczonych, Kanadzie i innych krajach.<\/p>\n<p>W 2009 r. ukaza\u0142a si\u0119 jego p\u0142yta zawieraj\u0105cej utwory R. Schumanna, kt\u00f3ra stanowi pok\u0142osie trzyletniego programu stypendialnego (w ramach nagrody Honens International Piano Competition). Na uwag\u0119 zas\u0142uguje r\u00f3wnie\u017c kr\u0105\u017cek z muzyk\u0105 R. Stephana, gdzie pianista wykonuje muzyk\u0119 kameraln\u0105 i pie\u015bni kompozytora.<\/p>\n<p>Hinrich Alpers jest obecnie wyk\u0142adowc\u0105 fortepianu w Musikhochschule w Hanowerze oraz na Universit\u00e4t der K\u00fcnste w Berlinie. Jest tak\u017ce za\u0142o\u017cycielem i dyrektorem artystycznym Mi\u0119dzynarodowej Letniej Akademii L\u00fcneburger Heide, w ramach kt\u00f3rej co roku odbywaj\u0105 si\u0119 kursy mistrzowskie i festiwal. W 2007 r. zosta\u0142 uhonorowany tytu\u0142em Artysty Steinwaya.<\/p>\n<p>Hinrich Alpers jest reprezentowany przez Stowarzyszenie im. Ludwiga van Beethovena<\/p>","protected":false},"excerpt":{"rendered":"<p>Niemiecki pianista Hinrich Alpers, zdobywca I nagrody w III Mi\u0119dzynarodowym Konkursie Beethovenowskim Telekom w Bonn (2009), Artysta i pedagog. &nbsp; Uko\u0144czy\u0142 studia w Hannover Hochschule f\u00fcr Musik und Theater w klasie prof. Bernda Goetzkego. Popularno\u015b\u0107 w Stanach Zjednoczonych zdoby\u0142 w czasie studi\u00f3w w Juilliard School\u00a0pod kierunkiem Jerome\u2019a Lowenthala. W 2004 r. wyr\u00f3\u017cniono go I nagrod\u0105 [&hellip;]<\/p>\n","protected":false},"author":2,"featured_media":88,"parent":0,"menu_order":273,"comment_status":"closed","ping_status":"closed","template":"template-artist.php","meta":{"footnotes":""},"categories":[5],"class_list":["post-87","page","type-page","status-publish","has-post-thumbnail","hentry","category-pianisci"],"_links":{"self":[{"href":"https:\/\/beethoven.org.pl\/artysci\/wp-json\/wp\/v2\/pages\/87","targetHints":{"allow":["GET"]}}],"collection":[{"href":"https:\/\/beethoven.org.pl\/artysci\/wp-json\/wp\/v2\/pages"}],"about":[{"href":"https:\/\/beethoven.org.pl\/artysci\/wp-json\/wp\/v2\/types\/page"}],"author":[{"embeddable":true,"href":"https:\/\/beethoven.org.pl\/artysci\/wp-json\/wp\/v2\/users\/2"}],"replies":[{"embeddable":true,"href":"https:\/\/beethoven.org.pl\/artysci\/wp-json\/wp\/v2\/comments?post=87"}],"version-history":[{"count":13,"href":"https:\/\/beethoven.org.pl\/artysci\/wp-json\/wp\/v2\/pages\/87\/revisions"}],"predecessor-version":[{"id":1264,"href":"https:\/\/beethoven.org.pl\/artysci\/wp-json\/wp\/v2\/pages\/87\/revisions\/1264"}],"wp:featuredmedia":[{"embeddable":true,"href":"https:\/\/beethoven.org.pl\/artysci\/wp-json\/wp\/v2\/media\/88"}],"wp:attachment":[{"href":"https:\/\/beethoven.org.pl\/artysci\/wp-json\/wp\/v2\/media?parent=87"}],"wp:term":[{"taxonomy":"category","embeddable":true,"href":"https:\/\/beethoven.org.pl\/artysci\/wp-json\/wp\/v2\/categories?post=87"}],"curies":[{"name":"wp","href":"https:\/\/api.w.org\/{rel}","templated":true}]}}

<p></p>
<p style="text-align: center;"><strong>Niemiecki pianista Hinrich Alpers, zdobywca I nagrody w III Międzynarodowym Konkursie Beethovenowskim Telekom w Bonn (2009), Artysta i pedagog.<br />
</strong></p>
<p>&nbsp;</p>
<p><img loading="lazy" decoding="async" class="aligncenter wp-image-195 size-full" src="http://beethoven.org.pl/artysci/wp-content/uploads/sites/2/2016/09/Hinrich-Alpers3_photo-credit-Rita-Taylorh.jpg" alt="Hinrich Alpers, The Banff Centre, 2015" width="4928" height="3280" srcset="https://beethoven.org.pl/artysci/wp-content/uploads/sites/2/2016/09/Hinrich-Alpers3_photo-credit-Rita-Taylorh.jpg 4928w, https://beethoven.org.pl/artysci/wp-content/uploads/sites/2/2016/09/Hinrich-Alpers3_photo-credit-Rita-Taylorh-300x200.jpg 300w, https://beethoven.org.pl/artysci/wp-content/uploads/sites/2/2016/09/Hinrich-Alpers3_photo-credit-Rita-Taylorh-768x511.jpg 768w, https://beethoven.org.pl/artysci/wp-content/uploads/sites/2/2016/09/Hinrich-Alpers3_photo-credit-Rita-Taylorh-1024x682.jpg 1024w" sizes="auto, (max-width: 4928px) 100vw, 4928px" /></p>
<p>Ukończył studia w Hannover Hochschule für Musik und Theater w klasie prof. Bernda Goetzkego. Popularność w Stanach Zjednoczonych zdobył w czasie studiów w Juilliard School pod kierunkiem Jerome’a Lowenthala.</p>
<p>W 2004 r. wyróżniono go I nagrodą oraz nagrodą specjalną na Konkursie Griega w Oslo. W 2006 r. został laureatem Międzynarodowego Konkursu Pianistycznego im. Esther Honens w Kanadzie oraz Honens International Piano Competition. Dzięki temu wyróżnieniu otrzymał trzyletnie stypendium.  Momentem przełomowym w jego karierze artystycznej był 2009 r., w którym  zdobył I nagrodę w III Międzynarodowym Konkursie Beethovenowskim Telekom w Bonn. Podczas tego wydarzenia przyznano mu również nagrodę publiczności oraz nagrody specjalne w kategorii muzyki kameralnej (za duet z Mischą Maiskym) i za interpretację zamówionego utworu. To właśnie po tym konkursie rozpoczął koncertowanie po całym świecie.</p>
<p>Pianista prowadzi aktywne życie artystyczne. Występuje podczas recitali, jako solista z towarzyszeniem orkiestry, a także jako członek zespołów kameralnych oraz w ramach recitali pieśni. Koncertował podczas licznych festiwali i wydarzeń muzycznych w Europie, Stanach Zjednoczonych, Kanadzie i innych krajach.</p>
<p>W 2009 r. ukazała się jego płyta zawierającej utwory R. Schumanna, która stanowi pokłosie trzyletniego programu stypendialnego (w ramach nagrody Honens International Piano Competition). Na uwagę zasługuje również krążek z muzyką R. Stephana, gdzie pianista wykonuje muzykę kameralną i pieśni kompozytora.</p>
<p>Hinrich Alpers jest obecnie wykładowcą fortepianu w Musikhochschule w Hanowerze oraz na Universität der Künste w Berlinie. Jest także założycielem i dyrektorem artystycznym Międzynarodowej Letniej Akademii Lüneburger Heide, w ramach której co roku odbywają się kursy mistrzowskie i festiwal. W 2007 r. został uhonorowany tytułem Artysty Steinwaya.</p>
<p>Hinrich Alpers jest reprezentowany przez Stowarzyszenie im. Ludwiga van Beethovena</p>

<p>Niemiecki pianista Hinrich Alpers, zdobywca I nagrody w III Międzynarodowym Konkursie Beethovenowskim Telekom w Bonn (2009), Artysta i pedagog. &nbsp; Ukończył studia w Hannover Hochschule für Musik und Theater w klasie prof. Bernda Goetzkego. Popularność w Stanach Zjednoczonych zdobył w czasie studiów w Juilliard School pod kierunkiem Jerome’a Lowenthala. W 2004 r. wyróżniono go I nagrodą [&hellip;]</p>
