{"id":813,"date":"2016-11-16T10:55:19","date_gmt":"2016-11-16T09:55:19","guid":{"rendered":"http:\/\/dev.yoho.pl\/beethoven\/artysci\/?page_id=813"},"modified":"2026-01-28T15:11:59","modified_gmt":"2026-01-28T14:11:59","slug":"lukasz-krupinski","status":"publish","type":"page","link":"https:\/\/beethoven.org.pl\/artysci\/lukasz-krupinski\/","title":{"rendered":"\u0141ukasz Krupi\u0144ski"},"content":{"rendered":"<p><\/p>\n<h3 style=\"text-align: center\">\u0141ukasz Krupi\u0144ski &#8211; zwyci\u0119zca VII Mi\u0119dzynarodowego Konkursu Pianistycznego w San Marino oraz zdobywca wszystkich nagr\u00f3d specjalnych: Publiczno\u015bci, Krytyk\u00f3w Muzycznych i Orkiestry.<\/h3>\n<p><img loading=\"lazy\" decoding=\"async\" class=\"aligncenter wp-image-2545 size-full\" src=\"http:\/\/beethoven.org.pl\/artysci\/wp-content\/uploads\/sites\/2\/2025\/12\/31_Matthew-Johnson-Photographer-2-scaled.jpg\" alt=\"\" width=\"2560\" height=\"1707\" srcset=\"https:\/\/beethoven.org.pl\/artysci\/wp-content\/uploads\/sites\/2\/2025\/12\/31_Matthew-Johnson-Photographer-2-scaled.jpg 2560w, https:\/\/beethoven.org.pl\/artysci\/wp-content\/uploads\/sites\/2\/2025\/12\/31_Matthew-Johnson-Photographer-2-300x200.jpg 300w, https:\/\/beethoven.org.pl\/artysci\/wp-content\/uploads\/sites\/2\/2025\/12\/31_Matthew-Johnson-Photographer-2-1024x683.jpg 1024w, https:\/\/beethoven.org.pl\/artysci\/wp-content\/uploads\/sites\/2\/2025\/12\/31_Matthew-Johnson-Photographer-2-768x512.jpg 768w, https:\/\/beethoven.org.pl\/artysci\/wp-content\/uploads\/sites\/2\/2025\/12\/31_Matthew-Johnson-Photographer-2-1536x1024.jpg 1536w, https:\/\/beethoven.org.pl\/artysci\/wp-content\/uploads\/sites\/2\/2025\/12\/31_Matthew-Johnson-Photographer-2-2048x1365.jpg 2048w\" sizes=\"auto, (max-width: 2560px) 100vw, 2560px\" \/><\/p>\n<p>\u0141ukasz Krupi\u0144ski fot. Matthew Johnson<\/p>\n<p>\u0141ukasz Krupi\u0144ski jest polsko-brytyjskim pianist\u0105 i Artyst\u0105 Steinwaya, cenionym za subteln\u0105 liryczno\u015b\u0107, poetycko\u015b\u0107 interpretacji oraz g\u0142\u0119bie wyrazu.<\/p>\n<p style=\"text-align: left\">Od debiutu w Carnegie Hall w 2018 roku wyst\u0119puje z czo\u0142owymi orkiestrami \u015bwiata, m.in. Royal Philharmonic Orchestra, Jerusalem Symphony, China National Symphony, NOSPR, Sinfonia Varsovia, Orkiestra Filharmonii Narodowej, Buffalo Philharmonic, Armenian State Symphony, Bratislava Radio Symphony, George Enescu Philharmonic oraz Orchestra of the Americas. Koncertowa\u0142 w najwa\u017cniejszych salach Europy, Azji i Ameryki P\u00f3\u0142nocnej, m.in. w Royal Albert Hall, Wigmore Hall, La Fenice, Salle Cortot, Auditorium La Verdi, Merkin Hall oraz podczas specjalnego recitalu na Zimowych Igrzyskach Olimpijskich w Pjongczangu.<\/p>\n<p style=\"text-align: left\">Jego debiutancka p\u0142yta Espressione, zawieraj\u0105ca utwory Haydna, Chopina i Skriabina, zosta\u0142a nominowana do nagrody International Classical Music Awards obok album\u00f3w Krystiana Zimermana i Evgeny Kissina, zdobywaj\u0105c znakomite recenzje m.in. w Pizzicato Magazine, MDR Kultur, Radio Luxemburg, Radio France oraz Gramophone. Nagrania artysty by\u0142y transmitowane przez mi\u0119dzynarodowe rozg\u0142o\u015bnie radiowe, m. in. BBC Radio 3, WQXR w Nowym Yorku, ABC Australia, CBC Music w Kanadzie oraz Program 2 Polskiego Radia.<\/p>\n<p style=\"text-align: left\">Jako oddany kameralista, od 2023 roku wsp\u00f3\u0142tworzy Penderecki Trio wraz ze skrzypaczk\u0105 Letici\u0105 Moreno i wiolonczelist\u0105 Claudio Boh\u00f3rquezem. W recitalach solowych zyskuje coraz wi\u0119ksze uznanie za umiej\u0119tne \u0142\u0105czenie tradycji ze spontaniczno\u015bci\u0105, w kt\u00f3rym improwizacja stanowi integraln\u0105 cz\u0119\u015b\u0107 interpretacji.<\/p>\n<p style=\"text-align: left\">Urodzony w Warszawie w 1992 roku, jest absolwentem OSM II st. im. Zenona Brzewskiego w Warszawie w klasie fortepianu prof. Joanny \u0141awrynowicz. Z wyr\u00f3\u017cnieniem Magna cum Laude uko\u0144czy\u0142 studia na Uniwersytecie Muzycznym Fryderyka Chopina w Warszawie w klasie prof. Alicji Palety-Bugaj oraz dr Konrada Skolarskiego. Kontynuowa\u0142 studia podyplomowe w Hanowerze pod kierunkiem prof. Arie Vardiego oraz w Royal College of Music w Londynie u prof. Dmitry Alexeeva. Od 2024 roku jest doktorantem na Uniwersytecie Muzycznym Fryderyka Chopina w Warszawie, a tak\u017ce doskonali swoje umiej\u0119tno\u015bci z Murray Perahi\u0105 w Londynie.<\/p>\n<p style=\"text-align: left\">Finalista Mi\u0119dzynarodowego Konkursu Ferruccio Busoniego w Bolzano oraz zdobywca pierwszych nagr\u00f3d na Mi\u0119dzynarodowych Konkursach Pianistycznych w Hanowerze, Akwizgranie, G\u00f6rlitz oraz Yamaha Music Foundation of Europe. W 2015 roku, b\u0119d\u0105c p\u00f3\u0142finalist\u0105, znalaz\u0142 si\u0119 w presti\u017cowym gronie dwudziestu najlepszych pianist\u00f3w XVII Mi\u0119dzynarodowego Konkursu Pianistycznego<br \/>\nim. Fryderyka Chopina w Warszawie.<\/p>\n<p style=\"text-align: left\">Trzykrotny laureat Nagrody Ministra Kultury i Dziedzictwa Narodowego, stypendysta Fundacji Krystiana Zimermana. W czerwcu 2025 roku otrzyma\u0142 presti\u017cowe Stypendium Ministra Nauki i Szkolnictwa Wy\u017cszego dla Wybitnych M\u0142odych Naukowc\u00f3w \u2013 jako jedyny doktorant w dziedzinie sztuk muzycznych w Polsce. Uhonorowany Medalem Pami\u0105tkowym Uniwersytetu Muzycznego Fryderyka Chopina w dow\u00f3d uznania dla osi\u0105gni\u0119\u0107 artystycznych.<\/p>\n<p style=\"text-align: left\">Wraz z rozwojem swojej artystycznej wizji, \u0141ukasz regularnie poszerza repertuar, przygotowuj\u0105c si\u0119 do nagra\u0144 orkiestrowych z dzie\u0142ami Skriabina, Ravela, Chopina, Rachmaninowa oraz wsp\u00f3\u0142czesnych kompozytor\u00f3w, takich jak Roxanna Panufnik. Sezon 2025 obejmuje recital dla Chopin Society UK oraz koncerty w Chinach, Australii, Dubaju, Grecji, Hiszpanii, Norwegii, Polsce i na Karaibach.<\/p>\n<p style=\"text-align: left\">\u0141ukasz Krupi\u0144ski jest Artyst\u0105 Steinwaya, reprezentowany przez Stowarzyszenie im. Ludwiga van Beethovena.<br \/>\n<a href=\"https:\/\/www.lucaskrupinski.co.uk\/\">www.lucaskrupinski.co.uk<\/a><\/p>\n<p><img loading=\"lazy\" decoding=\"async\" class=\"alignnone size-medium wp-image-2556\" src=\"http:\/\/beethoven.org.pl\/artysci\/wp-content\/uploads\/sites\/2\/2025\/12\/dwa-loga-300x114.jpg\" alt=\"\" width=\"300\" height=\"114\" srcset=\"https:\/\/beethoven.org.pl\/artysci\/wp-content\/uploads\/sites\/2\/2025\/12\/dwa-loga-300x114.jpg 300w, https:\/\/beethoven.org.pl\/artysci\/wp-content\/uploads\/sites\/2\/2025\/12\/dwa-loga.jpg 393w\" sizes=\"auto, (max-width: 300px) 100vw, 300px\" \/><\/p>\n<p>&nbsp;<\/p>\n<p>\u015aled\u017a profil \u0141ukasza Krupi\u0144skiego na <a href=\"http:\/\/www.facebook.com\/lucaskrupinski.piano\">Facebooku<\/a><\/p>\n<p>\u015aled\u017a profil \u0141ukasza Krupi\u0144skiego on <a href=\"https:\/\/www.youtube.com\/@LucasKrupinski\">YouTube<\/a><\/p>","protected":false},"excerpt":{"rendered":"<p>\u0141ukasz Krupi\u0144ski &#8211; zwyci\u0119zca VII Mi\u0119dzynarodowego Konkursu Pianistycznego w San Marino oraz zdobywca wszystkich nagr\u00f3d specjalnych: Publiczno\u015bci, Krytyk\u00f3w Muzycznych i Orkiestry. \u0141ukasz Krupi\u0144ski fot. Matthew Johnson \u0141ukasz Krupi\u0144ski jest polsko-brytyjskim pianist\u0105 i Artyst\u0105 Steinwaya, cenionym za subteln\u0105 liryczno\u015b\u0107, poetycko\u015b\u0107 interpretacji oraz g\u0142\u0119bie wyrazu. Od debiutu w Carnegie Hall w 2018 roku wyst\u0119puje z czo\u0142owymi orkiestrami [&hellip;]<\/p>\n","protected":false},"author":2,"featured_media":0,"parent":0,"menu_order":12,"comment_status":"closed","ping_status":"closed","template":"template-artist.php","meta":{"footnotes":""},"categories":[5],"class_list":["post-813","page","type-page","status-publish","hentry","category-pianisci"],"_links":{"self":[{"href":"https:\/\/beethoven.org.pl\/artysci\/wp-json\/wp\/v2\/pages\/813","targetHints":{"allow":["GET"]}}],"collection":[{"href":"https:\/\/beethoven.org.pl\/artysci\/wp-json\/wp\/v2\/pages"}],"about":[{"href":"https:\/\/beethoven.org.pl\/artysci\/wp-json\/wp\/v2\/types\/page"}],"author":[{"embeddable":true,"href":"https:\/\/beethoven.org.pl\/artysci\/wp-json\/wp\/v2\/users\/2"}],"replies":[{"embeddable":true,"href":"https:\/\/beethoven.org.pl\/artysci\/wp-json\/wp\/v2\/comments?post=813"}],"version-history":[{"count":36,"href":"https:\/\/beethoven.org.pl\/artysci\/wp-json\/wp\/v2\/pages\/813\/revisions"}],"predecessor-version":[{"id":2575,"href":"https:\/\/beethoven.org.pl\/artysci\/wp-json\/wp\/v2\/pages\/813\/revisions\/2575"}],"wp:attachment":[{"href":"https:\/\/beethoven.org.pl\/artysci\/wp-json\/wp\/v2\/media?parent=813"}],"wp:term":[{"taxonomy":"category","embeddable":true,"href":"https:\/\/beethoven.org.pl\/artysci\/wp-json\/wp\/v2\/categories?post=813"}],"curies":[{"name":"wp","href":"https:\/\/api.w.org\/{rel}","templated":true}]}}

Łukasz Krupiński

<p></p>
<h3 style="text-align: center">Łukasz Krupiński &#8211; zwycięzca VII Międzynarodowego Konkursu Pianistycznego w San Marino oraz zdobywca wszystkich nagród specjalnych: Publiczności, Krytyków Muzycznych i Orkiestry.</h3>
<p><img loading="lazy" decoding="async" class="aligncenter wp-image-2545 size-full" src="http://beethoven.org.pl/artysci/wp-content/uploads/sites/2/2025/12/31_Matthew-Johnson-Photographer-2-scaled.jpg" alt="" width="2560" height="1707" srcset="https://beethoven.org.pl/artysci/wp-content/uploads/sites/2/2025/12/31_Matthew-Johnson-Photographer-2-scaled.jpg 2560w, https://beethoven.org.pl/artysci/wp-content/uploads/sites/2/2025/12/31_Matthew-Johnson-Photographer-2-300x200.jpg 300w, https://beethoven.org.pl/artysci/wp-content/uploads/sites/2/2025/12/31_Matthew-Johnson-Photographer-2-1024x683.jpg 1024w, https://beethoven.org.pl/artysci/wp-content/uploads/sites/2/2025/12/31_Matthew-Johnson-Photographer-2-768x512.jpg 768w, https://beethoven.org.pl/artysci/wp-content/uploads/sites/2/2025/12/31_Matthew-Johnson-Photographer-2-1536x1024.jpg 1536w, https://beethoven.org.pl/artysci/wp-content/uploads/sites/2/2025/12/31_Matthew-Johnson-Photographer-2-2048x1365.jpg 2048w" sizes="auto, (max-width: 2560px) 100vw, 2560px" /></p>
<p>Łukasz Krupiński fot. Matthew Johnson</p>
<p>Łukasz Krupiński jest polsko-brytyjskim pianistą i Artystą Steinwaya, cenionym za subtelną liryczność, poetyckość interpretacji oraz głębie wyrazu.</p>
<p style="text-align: left">Od debiutu w Carnegie Hall w 2018 roku występuje z czołowymi orkiestrami świata, m.in. Royal Philharmonic Orchestra, Jerusalem Symphony, China National Symphony, NOSPR, Sinfonia Varsovia, Orkiestra Filharmonii Narodowej, Buffalo Philharmonic, Armenian State Symphony, Bratislava Radio Symphony, George Enescu Philharmonic oraz Orchestra of the Americas. Koncertował w najważniejszych salach Europy, Azji i Ameryki Północnej, m.in. w Royal Albert Hall, Wigmore Hall, La Fenice, Salle Cortot, Auditorium La Verdi, Merkin Hall oraz podczas specjalnego recitalu na Zimowych Igrzyskach Olimpijskich w Pjongczangu.</p>
<p style="text-align: left">Jego debiutancka płyta Espressione, zawierająca utwory Haydna, Chopina i Skriabina, została nominowana do nagrody International Classical Music Awards obok albumów Krystiana Zimermana i Evgeny Kissina, zdobywając znakomite recenzje m.in. w Pizzicato Magazine, MDR Kultur, Radio Luxemburg, Radio France oraz Gramophone. Nagrania artysty były transmitowane przez międzynarodowe rozgłośnie radiowe, m. in. BBC Radio 3, WQXR w Nowym Yorku, ABC Australia, CBC Music w Kanadzie oraz Program 2 Polskiego Radia.</p>
<p style="text-align: left">Jako oddany kameralista, od 2023 roku współtworzy Penderecki Trio wraz ze skrzypaczką Leticią Moreno i wiolonczelistą Claudio Bohórquezem. W recitalach solowych zyskuje coraz większe uznanie za umiejętne łączenie tradycji ze spontanicznością, w którym improwizacja stanowi integralną część interpretacji.</p>
<p style="text-align: left">Urodzony w Warszawie w 1992 roku, jest absolwentem OSM II st. im. Zenona Brzewskiego w Warszawie w klasie fortepianu prof. Joanny Ławrynowicz. Z wyróżnieniem Magna cum Laude ukończył studia na Uniwersytecie Muzycznym Fryderyka Chopina w Warszawie w klasie prof. Alicji Palety-Bugaj oraz dr Konrada Skolarskiego. Kontynuował studia podyplomowe w Hanowerze pod kierunkiem prof. Arie Vardiego oraz w Royal College of Music w Londynie u prof. Dmitry Alexeeva. Od 2024 roku jest doktorantem na Uniwersytecie Muzycznym Fryderyka Chopina w Warszawie, a także doskonali swoje umiejętności z Murray Perahią w Londynie.</p>
<p style="text-align: left">Finalista Międzynarodowego Konkursu Ferruccio Busoniego w Bolzano oraz zdobywca pierwszych nagród na Międzynarodowych Konkursach Pianistycznych w Hanowerze, Akwizgranie, Görlitz oraz Yamaha Music Foundation of Europe. W 2015 roku, będąc półfinalistą, znalazł się w prestiżowym gronie dwudziestu najlepszych pianistów XVII Międzynarodowego Konkursu Pianistycznego<br />
im. Fryderyka Chopina w Warszawie.</p>
<p style="text-align: left">Trzykrotny laureat Nagrody Ministra Kultury i Dziedzictwa Narodowego, stypendysta Fundacji Krystiana Zimermana. W czerwcu 2025 roku otrzymał prestiżowe Stypendium Ministra Nauki i Szkolnictwa Wyższego dla Wybitnych Młodych Naukowców – jako jedyny doktorant w dziedzinie sztuk muzycznych w Polsce. Uhonorowany Medalem Pamiątkowym Uniwersytetu Muzycznego Fryderyka Chopina w dowód uznania dla osiągnięć artystycznych.</p>
<p style="text-align: left">Wraz z rozwojem swojej artystycznej wizji, Łukasz regularnie poszerza repertuar, przygotowując się do nagrań orkiestrowych z dziełami Skriabina, Ravela, Chopina, Rachmaninowa oraz współczesnych kompozytorów, takich jak Roxanna Panufnik. Sezon 2025 obejmuje recital dla Chopin Society UK oraz koncerty w Chinach, Australii, Dubaju, Grecji, Hiszpanii, Norwegii, Polsce i na Karaibach.</p>
<p style="text-align: left">Łukasz Krupiński jest Artystą Steinwaya, reprezentowany przez Stowarzyszenie im. Ludwiga van Beethovena.<br />
<a href="https://www.lucaskrupinski.co.uk/">www.lucaskrupinski.co.uk</a></p>
<p><img loading="lazy" decoding="async" class="alignnone size-medium wp-image-2556" src="http://beethoven.org.pl/artysci/wp-content/uploads/sites/2/2025/12/dwa-loga-300x114.jpg" alt="" width="300" height="114" srcset="https://beethoven.org.pl/artysci/wp-content/uploads/sites/2/2025/12/dwa-loga-300x114.jpg 300w, https://beethoven.org.pl/artysci/wp-content/uploads/sites/2/2025/12/dwa-loga.jpg 393w" sizes="auto, (max-width: 300px) 100vw, 300px" /></p>
<p>&nbsp;</p>
<p>Śledź profil Łukasza Krupińskiego na <a href="http://www.facebook.com/lucaskrupinski.piano">Facebooku</a></p>
<p>Śledź profil Łukasza Krupińskiego on <a href="https://www.youtube.com/@LucasKrupinski">YouTube</a></p>

<p>Łukasz Krupiński &#8211; zwycięzca VII Międzynarodowego Konkursu Pianistycznego w San Marino oraz zdobywca wszystkich nagród specjalnych: Publiczności, Krytyków Muzycznych i Orkiestry. Łukasz Krupiński fot. Matthew Johnson Łukasz Krupiński jest polsko-brytyjskim pianistą i Artystą Steinwaya, cenionym za subtelną liryczność, poetyckość interpretacji oraz głębie wyrazu. Od debiutu w Carnegie Hall w 2018 roku występuje z czołowymi orkiestrami [&hellip;]</p>
