{"id":703,"date":"2016-10-27T12:01:56","date_gmt":"2016-10-27T10:01:56","guid":{"rendered":"http:\/\/dev.yoho.pl\/beethoven\/artysci\/?page_id=703"},"modified":"2016-12-05T14:17:30","modified_gmt":"2016-12-05T13:17:30","slug":"703-2","status":"publish","type":"page","link":"https:\/\/beethoven.org.pl\/artysci\/703-2\/","title":{"rendered":"Burak Bilgili"},"content":{"rendered":"<p><strong>\u00a0<\/strong>Od debiutu w Teatro alla Scala w 2002 roku w partii Don Alfonsa w operze <em>Lucrezia Borgia<\/em>, bas Burak Bilgili odnosi wielkie sukcesy na najs\u0142ynniejszych \u015bwiatowych scenach, by wymieni\u0107 tylko nowojorskie Met i Carnegie Hall, Oper\u0119 Narodow\u0105 w Waszyngtonie, opery w San Francisco, Seattle, Montrealu i Toronto, Gran Teatre del Liceu w Barcelonie, Grand Th\u00e9\u00e2tre de Gen\u00e8ve, Teatro dell\u2019Opera di Roma oraz podczas festiwali, m.in. Caramoor Festival, Savonlinna Festival i florenckiego Maggio Musicale. Na scenie pracowa\u0142 ju\u017c pod batut\u0105 Gianandrei Nosedy, Evelino Pid\u00f2, Nicoli Luisottiego i Alberto Zeddy. Ostatnio artysta wyst\u0119powa\u0142 jako Zachariasz (<em>Nabucco<\/em>) w Teatro Lirico w Cagliari, Sparafucile (<em>Rigoletto<\/em>) w Omaha Lyric Opera oraz w Guadalajarze (Meksyk), Colline (Cyganeria) na scenie Opery w Neapolu, Nourabad (<em>Po\u0142awiacze pere\u0142<\/em>) w Miami Lyric Opera, Don Basilio (<em>Cyrulik sewilski<\/em>) w Canadian Opera Company oraz Don Pasquale w Cincinnati Opera.<\/p>\n<p>Poczesne miejsce w planach artysty zajmuje <em>Mesjasz <\/em>Haendla z National Symphony Orchestra z Waszyngtonu oraz Orkiestr\u0105 Symfoniczn\u0105 Detroit, Orowist w <em>Normie<\/em> w Operze Miami, Hrabia Walter w <em>Luizie Miller<\/em> w hamburskiej Staatsoper, Banko w <em>Makbecie<\/em> w Detroit, Ojciec Laurenty w <em>Romeo i Julii<\/em> w Operze w Atlancie i peki\u0144skiej sali NCPA.<\/p>\n<p>Burak Bilgili uko\u0144czy\u0142 Akademi\u0119 Sztuki Wokalnej w Filadelfii oraz Konserwatorium tureckiego Uniwersytetu Sztuk Pi\u0119knych im. Mimara Sinana. Swoje umiej\u0119tno\u015bci doskonali\u0142 u Maestro Bonaldo Giaiottiego i u Katii Ricciarelli w Accademia Internazionale dell\u2019Opera Lirica G. Verdi w Parmie, a ostatnio tak\u017ce u Maestro Billa Schumanna. Jest zdobywc\u0105 wielu nagr\u00f3d.<\/p>","protected":false},"excerpt":{"rendered":"<p>\u00a0Od debiutu w Teatro alla Scala w 2002 roku w partii Don Alfonsa w operze Lucrezia Borgia, bas Burak Bilgili odnosi wielkie sukcesy na najs\u0142ynniejszych \u015bwiatowych scenach, by wymieni\u0107 tylko nowojorskie Met i Carnegie Hall, Oper\u0119 Narodow\u0105 w Waszyngtonie, opery w San Francisco, Seattle, Montrealu i Toronto, Gran Teatre del Liceu w Barcelonie, Grand Th\u00e9\u00e2tre [&hellip;]<\/p>\n","protected":false},"author":2,"featured_media":0,"parent":0,"menu_order":209,"comment_status":"closed","ping_status":"closed","template":"template-artist.php","meta":{"footnotes":""},"categories":[],"class_list":["post-703","page","type-page","status-publish","hentry"],"_links":{"self":[{"href":"https:\/\/beethoven.org.pl\/artysci\/wp-json\/wp\/v2\/pages\/703","targetHints":{"allow":["GET"]}}],"collection":[{"href":"https:\/\/beethoven.org.pl\/artysci\/wp-json\/wp\/v2\/pages"}],"about":[{"href":"https:\/\/beethoven.org.pl\/artysci\/wp-json\/wp\/v2\/types\/page"}],"author":[{"embeddable":true,"href":"https:\/\/beethoven.org.pl\/artysci\/wp-json\/wp\/v2\/users\/2"}],"replies":[{"embeddable":true,"href":"https:\/\/beethoven.org.pl\/artysci\/wp-json\/wp\/v2\/comments?post=703"}],"version-history":[{"count":3,"href":"https:\/\/beethoven.org.pl\/artysci\/wp-json\/wp\/v2\/pages\/703\/revisions"}],"predecessor-version":[{"id":1060,"href":"https:\/\/beethoven.org.pl\/artysci\/wp-json\/wp\/v2\/pages\/703\/revisions\/1060"}],"wp:attachment":[{"href":"https:\/\/beethoven.org.pl\/artysci\/wp-json\/wp\/v2\/media?parent=703"}],"wp:term":[{"taxonomy":"category","embeddable":true,"href":"https:\/\/beethoven.org.pl\/artysci\/wp-json\/wp\/v2\/categories?post=703"}],"curies":[{"name":"wp","href":"https:\/\/api.w.org\/{rel}","templated":true}]}}

<p><strong> </strong>Od debiutu w Teatro alla Scala w 2002 roku w partii Don Alfonsa w operze <em>Lucrezia Borgia</em>, bas Burak Bilgili odnosi wielkie sukcesy na najsłynniejszych światowych scenach, by wymienić tylko nowojorskie Met i Carnegie Hall, Operę Narodową w Waszyngtonie, opery w San Francisco, Seattle, Montrealu i Toronto, Gran Teatre del Liceu w Barcelonie, Grand Théâtre de Genève, Teatro dell’Opera di Roma oraz podczas festiwali, m.in. Caramoor Festival, Savonlinna Festival i florenckiego Maggio Musicale. Na scenie pracował już pod batutą Gianandrei Nosedy, Evelino Pidò, Nicoli Luisottiego i Alberto Zeddy. Ostatnio artysta występował jako Zachariasz (<em>Nabucco</em>) w Teatro Lirico w Cagliari, Sparafucile (<em>Rigoletto</em>) w Omaha Lyric Opera oraz w Guadalajarze (Meksyk), Colline (Cyganeria) na scenie Opery w Neapolu, Nourabad (<em>Poławiacze pereł</em>) w Miami Lyric Opera, Don Basilio (<em>Cyrulik sewilski</em>) w Canadian Opera Company oraz Don Pasquale w Cincinnati Opera.</p>
<p>Poczesne miejsce w planach artysty zajmuje <em>Mesjasz </em>Haendla z National Symphony Orchestra z Waszyngtonu oraz Orkiestrą Symfoniczną Detroit, Orowist w <em>Normie</em> w Operze Miami, Hrabia Walter w <em>Luizie Miller</em> w hamburskiej Staatsoper, Banko w <em>Makbecie</em> w Detroit, Ojciec Laurenty w <em>Romeo i Julii</em> w Operze w Atlancie i pekińskiej sali NCPA.</p>
<p>Burak Bilgili ukończył Akademię Sztuki Wokalnej w Filadelfii oraz Konserwatorium tureckiego Uniwersytetu Sztuk Pięknych im. Mimara Sinana. Swoje umiejętności doskonalił u Maestro Bonaldo Giaiottiego i u Katii Ricciarelli w Accademia Internazionale dell’Opera Lirica G. Verdi w Parmie, a ostatnio także u Maestro Billa Schumanna. Jest zdobywcą wielu nagród.</p>

<p> Od debiutu w Teatro alla Scala w 2002 roku w partii Don Alfonsa w operze Lucrezia Borgia, bas Burak Bilgili odnosi wielkie sukcesy na najsłynniejszych światowych scenach, by wymienić tylko nowojorskie Met i Carnegie Hall, Operę Narodową w Waszyngtonie, opery w San Francisco, Seattle, Montrealu i Toronto, Gran Teatre del Liceu w Barcelonie, Grand Théâtre [&hellip;]</p>
