{"id":573,"date":"2016-10-25T15:05:15","date_gmt":"2016-10-25T13:05:15","guid":{"rendered":"http:\/\/dev.yoho.pl\/beethoven\/artysci\/?page_id=573"},"modified":"2016-12-05T15:02:03","modified_gmt":"2016-12-05T14:02:03","slug":"adam-zdunikowski","status":"publish","type":"page","link":"https:\/\/beethoven.org.pl\/artysci\/adam-zdunikowski\/","title":{"rendered":"Adam Zdunikowski"},"content":{"rendered":"<p><strong><em>TENOR<\/em><\/strong><\/p>\n<p><em>\u00a0<\/em>Jest absolwentem Uniwersytetu Muzycznego Fryderyka Chopina w Warszawie. Debiutowa\u0142 w 1990 r., w Warszawskim Teatrze Wielkim i jest jego solist\u0105 do dnia dzisiejszego.<\/p>\n<p>Jest laureatem Mi\u0119dzynarodowego Konkursu Wokalnego im. St. Moniuszki\u00a0 i finalist\u0105 Mi\u0119dzynarodowego Konkursu Operowego \u201eBelvedere\u201d w Wiedniu.<\/p>\n<p>Wsp\u00f3\u0142pracowa\u0142 z Oper\u0105 Kameraln\u0105 w Warszawie i jest solist\u0105 Opery Krakowskiej. Wsp\u00f3\u0142pracowa\u0142 r\u00f3wnie\u017c z Narodni\u00a0 Divadlo w Pradze i z\u00a0 Oper\u0105 Narodow\u0105 w Sofii oraz\u00a0 z Hambursk\u0105 Staatsoper, z kt\u00f3r\u0105 \u00a0odby\u0142 tournee po Japonii. Adam Zdunikowski posiada r\u00f3wnie\u017c bogaty repertuar oratoryjno-kantatowy. Artysta bra\u0142 udzia\u0142 w wielu znacz\u0105cych projektach kulturalnych jak: inauguracja sezonu w Filharmonii Narodowej w Warszawie (\u201ePory Roku\u201d J. Haydna p\/d K. Korda), recital pie\u015bni Chopina w Tokio, wykonanie \u201eSiedmiu Bram Jerozolimy\u201d K. Pendereckiego w Teatro Real w Madrycie, na targach muzycznych \u201eMidem 2000\u201d oraz podczas Festiwalu Muzyki Europejskiej w Pekinie pod dyrekcj\u0105 kompozytora oraz wyst\u0119p go\u015bcinny w partii Le\u0144skiego w ,,Eugeniuszu Onieginie\u201d Czajkowskiego w Teatrze Bolszoi w Moskwie.<\/p>\n<p>Mia\u0142 zaszczyt \u015bpiewa\u0107 pod batut\u0105 takich znakomito\u015bci jak: Lorin Maazel, Jiri Belohlavek, Kurt Masur, Nello Santi, Jerzy Semkow, Stanis\u0142aw Skrowaczewski, Jan Krenz, Jerzy Maksymiuk, Antoni Wit, Kazimierz Kord, Jacek Kaspszyk oraz obok takich \u015bpiewak\u00f3w jak: Renato Bruson, \u00a0Soile Isokoski, Siegfried Jerusalem, Evgeni Nesterenko, Andreas Schmidt, Eva Marton, Sylvia Geszty czy Andrzej Dobber.<\/p>\n<p>Do niecodziennych osi\u0105gni\u0119\u0107 artysty nale\u017cy wykonanie wszystkich dzie\u0142 oratoryjnych\u00a0 K. Pendereckiego, pod batut\u0105 kompozytora.<\/p>\n<p>Adam Zdunikowski jest laureatem pierwszej edycji nagrody Ministra Kultury i Sztuki \u201e<em>Ad Astra<\/em>\u201d a w 2012 otrzyma\u0142 od Ministra Kultury i Dziedzictwa Narodowego Srebrny Medal Zas\u0142u\u017cony Kulturze \u201e<em>Gloria Artis<\/em>\u201d i Odznak\u0119 \u201e<em>Honoris Gratia<\/em>\u201d zas\u0142u\u017conego dla miasta Krakowa. W br. artysta zosta\u0142 wybrany wraz z Dariuszem Stachur\u0105 i Paw\u0142em Ska\u0142ub\u0105 \u201e<em>Osobowo\u015bci\u0105 Roku 2015<\/em>\u201d w dziedzinie muzyki.<\/p>\n<p>&nbsp;<\/p>","protected":false},"excerpt":{"rendered":"<p>TENOR \u00a0Jest absolwentem Uniwersytetu Muzycznego Fryderyka Chopina w Warszawie. Debiutowa\u0142 w 1990 r., w Warszawskim Teatrze Wielkim i jest jego solist\u0105 do dnia dzisiejszego. Jest laureatem Mi\u0119dzynarodowego Konkursu Wokalnego im. St. Moniuszki\u00a0 i finalist\u0105 Mi\u0119dzynarodowego Konkursu Operowego \u201eBelvedere\u201d w Wiedniu. Wsp\u00f3\u0142pracowa\u0142 z Oper\u0105 Kameraln\u0105 w Warszawie i jest solist\u0105 Opery Krakowskiej. Wsp\u00f3\u0142pracowa\u0142 r\u00f3wnie\u017c z Narodni\u00a0 [&hellip;]<\/p>\n","protected":false},"author":2,"featured_media":0,"parent":0,"menu_order":240,"comment_status":"closed","ping_status":"closed","template":"template-artist.php","meta":{"footnotes":""},"categories":[],"class_list":["post-573","page","type-page","status-publish","hentry"],"_links":{"self":[{"href":"https:\/\/beethoven.org.pl\/artysci\/wp-json\/wp\/v2\/pages\/573","targetHints":{"allow":["GET"]}}],"collection":[{"href":"https:\/\/beethoven.org.pl\/artysci\/wp-json\/wp\/v2\/pages"}],"about":[{"href":"https:\/\/beethoven.org.pl\/artysci\/wp-json\/wp\/v2\/types\/page"}],"author":[{"embeddable":true,"href":"https:\/\/beethoven.org.pl\/artysci\/wp-json\/wp\/v2\/users\/2"}],"replies":[{"embeddable":true,"href":"https:\/\/beethoven.org.pl\/artysci\/wp-json\/wp\/v2\/comments?post=573"}],"version-history":[{"count":2,"href":"https:\/\/beethoven.org.pl\/artysci\/wp-json\/wp\/v2\/pages\/573\/revisions"}],"predecessor-version":[{"id":1094,"href":"https:\/\/beethoven.org.pl\/artysci\/wp-json\/wp\/v2\/pages\/573\/revisions\/1094"}],"wp:attachment":[{"href":"https:\/\/beethoven.org.pl\/artysci\/wp-json\/wp\/v2\/media?parent=573"}],"wp:term":[{"taxonomy":"category","embeddable":true,"href":"https:\/\/beethoven.org.pl\/artysci\/wp-json\/wp\/v2\/categories?post=573"}],"curies":[{"name":"wp","href":"https:\/\/api.w.org\/{rel}","templated":true}]}}

<p><strong><em>TENOR</em></strong></p>
<p><em> </em>Jest absolwentem Uniwersytetu Muzycznego Fryderyka Chopina w Warszawie. Debiutował w 1990 r., w Warszawskim Teatrze Wielkim i jest jego solistą do dnia dzisiejszego.</p>
<p>Jest laureatem Międzynarodowego Konkursu Wokalnego im. St. Moniuszki  i finalistą Międzynarodowego Konkursu Operowego „Belvedere” w Wiedniu.</p>
<p>Współpracował z Operą Kameralną w Warszawie i jest solistą Opery Krakowskiej. Współpracował również z Narodni  Divadlo w Pradze i z  Operą Narodową w Sofii oraz  z Hamburską Staatsoper, z którą  odbył tournee po Japonii. Adam Zdunikowski posiada również bogaty repertuar oratoryjno-kantatowy. Artysta brał udział w wielu znaczących projektach kulturalnych jak: inauguracja sezonu w Filharmonii Narodowej w Warszawie („Pory Roku” J. Haydna p/d K. Korda), recital pieśni Chopina w Tokio, wykonanie „Siedmiu Bram Jerozolimy” K. Pendereckiego w Teatro Real w Madrycie, na targach muzycznych „Midem 2000” oraz podczas Festiwalu Muzyki Europejskiej w Pekinie pod dyrekcją kompozytora oraz występ gościnny w partii Leńskiego w ,,Eugeniuszu Onieginie” Czajkowskiego w Teatrze Bolszoi w Moskwie.</p>
<p>Miał zaszczyt śpiewać pod batutą takich znakomitości jak: Lorin Maazel, Jiri Belohlavek, Kurt Masur, Nello Santi, Jerzy Semkow, Stanisław Skrowaczewski, Jan Krenz, Jerzy Maksymiuk, Antoni Wit, Kazimierz Kord, Jacek Kaspszyk oraz obok takich śpiewaków jak: Renato Bruson,  Soile Isokoski, Siegfried Jerusalem, Evgeni Nesterenko, Andreas Schmidt, Eva Marton, Sylvia Geszty czy Andrzej Dobber.</p>
<p>Do niecodziennych osiągnięć artysty należy wykonanie wszystkich dzieł oratoryjnych  K. Pendereckiego, pod batutą kompozytora.</p>
<p>Adam Zdunikowski jest laureatem pierwszej edycji nagrody Ministra Kultury i Sztuki „<em>Ad Astra</em>” a w 2012 otrzymał od Ministra Kultury i Dziedzictwa Narodowego Srebrny Medal Zasłużony Kulturze „<em>Gloria Artis</em>” i Odznakę „<em>Honoris Gratia</em>” zasłużonego dla miasta Krakowa. W br. artysta został wybrany wraz z Dariuszem Stachurą i Pawłem Skałubą „<em>Osobowością Roku 2015</em>” w dziedzinie muzyki.</p>
<p>&nbsp;</p>

<p>TENOR  Jest absolwentem Uniwersytetu Muzycznego Fryderyka Chopina w Warszawie. Debiutował w 1990 r., w Warszawskim Teatrze Wielkim i jest jego solistą do dnia dzisiejszego. Jest laureatem Międzynarodowego Konkursu Wokalnego im. St. Moniuszki  i finalistą Międzynarodowego Konkursu Operowego „Belvedere” w Wiedniu. Współpracował z Operą Kameralną w Warszawie i jest solistą Opery Krakowskiej. Współpracował również z Narodni  [&hellip;]</p>
