{"id":399,"date":"2016-10-18T15:52:22","date_gmt":"2016-10-18T13:52:22","guid":{"rendered":"http:\/\/dev.yoho.pl\/beethoven\/artysci\/?page_id=399"},"modified":"2021-11-02T14:03:19","modified_gmt":"2021-11-02T13:03:19","slug":"aleksandra-kuls","status":"publish","type":"page","link":"https:\/\/beethoven.org.pl\/artysci\/aleksandra-kuls\/","title":{"rendered":"Aleksandra Kuls"},"content":{"rendered":"<p><\/p>\n<h3 style=\"text-align: center\"><strong>Laureatka II nagrody i nagr\u00f3d specjalnych VI Mi\u0119dzynarodowego Konkursu<\/strong><\/h3>\n<h3 style=\"text-align: center\"><strong>Im. Tadeusza Wro\u0144skiego na skrzypce solo (2020)<\/strong><\/h3>\n<p>&nbsp;<\/p>\n<h3><img loading=\"lazy\" decoding=\"async\" class=\"alignnone wp-image-400 size-full\" src=\"http:\/\/beethoven.org.pl\/artysci\/wp-content\/uploads\/sites\/2\/2016\/10\/Aleksandra-Kuls-fot.-Piotr_iwaszko6.jpg\" alt=\"aleksandra-kuls-fot-piotr_iwaszko6\" width=\"5746\" height=\"3847\" srcset=\"https:\/\/beethoven.org.pl\/artysci\/wp-content\/uploads\/sites\/2\/2016\/10\/Aleksandra-Kuls-fot.-Piotr_iwaszko6.jpg 5746w, https:\/\/beethoven.org.pl\/artysci\/wp-content\/uploads\/sites\/2\/2016\/10\/Aleksandra-Kuls-fot.-Piotr_iwaszko6-300x201.jpg 300w, https:\/\/beethoven.org.pl\/artysci\/wp-content\/uploads\/sites\/2\/2016\/10\/Aleksandra-Kuls-fot.-Piotr_iwaszko6-768x514.jpg 768w, https:\/\/beethoven.org.pl\/artysci\/wp-content\/uploads\/sites\/2\/2016\/10\/Aleksandra-Kuls-fot.-Piotr_iwaszko6-1024x686.jpg 1024w\" sizes=\"auto, (max-width: 5746px) 100vw, 5746px\" \/><\/h3>\n<p>Spo\u015br\u00f3d wielu osi\u0105gni\u0119\u0107 artystki nale\u017cy wymieni\u0107 I nagrod\u0119 na Mi\u0119dzynarodowym Konkursie Skrzypcowym im. Jozsefa Szigetiego w Budapeszcie (wrzesie\u0144 2012), a tak\u017ce dwie nagrody specjalne na Mi\u0119dzynarodowym Konkursie Skrzypcowym im. Henryka Wieniawskiego w Poznaniu (2011). Skrzypaczka zosta\u0142a te\u017c laureatk\u0105 II miejsca na Mi\u0119dzynarodowym Konkursie Skrzypcowym im. Gra\u017cyny Bacewicz w \u0141odzi (grudzie\u0144 2019) oraz II nagrody i nagr\u00f3d specjalnych w VI Mi\u0119dzynarodowym Konkursie im. Tadeusza Wro\u0144skiego na skrzypce solo (2020). W ostatnim czasie wraz pianist\u0105 Marcinem Koziakiem zosta\u0142a uhonorowana III nagrod\u0105 w II Mi\u0119dzynarodowym\u00a0Konkursie Muzyki Polskiej im. Stanis\u0142awa Moniuszki w kategorii zespo\u0142y kameralne (2021).<\/p>\n<p>W 2015 r. uko\u0144czy\u0142a studia w klasie profesor Kai Danczowskiej na Akademii Muzycznej im. Krzysztofa Pendereckiego w Krakowie. Od 2016 roku pracuje na stanowisku asystenta w Katedrze Skrzypiec i Alt\u00f3wki macierzystej uczelni.<\/p>\n<p>Aleksandra Kuls wyst\u0119powa\u0142a jako solistka nie tylko w wielu miastach Polski (m.in. z Orkiestr\u0105 Symfoniczn\u0105 Filharmonii Narodowej i Filharmonii Krakowskiej, NOSPR, Orkiestr\u0105 Sinfonia Varsovia) ale tak\u017ce w USA, we W\u0142oszech, we Francji, w Hiszpanii (z orkiestrami Real Filharmonia de Galicia oraz Orquesta Sinf\u00f3nica de Navarra), w Niemczech (z Orkiestr\u0105 Filharmonii Zielonog\u00f3rskiej), w Brazylii (z Orquestra Sinfonica do Paran\u00e1), w Turcji (z Istanbul Devlet Senfoni Orkestras\u0131), na W\u0119grzech (z Duna Symphony Orchestra), na Ukrainie<br \/>\n(z Orkiestr\u0105 Filharmonii Lwowskiej), w Chinach (z China Philharmonic Orchestra). Bra\u0142a udzia\u0142 w mi\u0119dzynarodowych festiwalach: Chopin i jego Europa (2012-2015), Polish Culture Festival<br \/>\nw Pekinie (2014), Festiwal Krzysztofa Pendereckiego w Warszawie (2013), International Kaposv\u00e1r Chamber Music Festival na W\u0119grzech (2013), Muzyka w Starym Krakowie (2012), Mi\u0119dzynarodowy Festiwal M\u0142odych Laureat\u00f3w Konkurs\u00f3w Muzycznych w Katowicach (2012). Artystka mia\u0142a zaszczyt wsp\u00f3\u0142pracowa\u0107 z dyrygentami takimi jak: Tadeusz Struga\u0142a, Antoni Wit, Krzysztof Penderecki, Jerzy Maksymiuk, Marek Pijarowski, Micha\u0142 Dworzy\u0144ski, Andr\u00e9s Mustonen, Yan Pascal Tortelier, Yang Yang, Stanis\u0142aw Krawczy\u0144ski i wielu innych. Uczestniczy\u0142a m.in. w kursach mistrzowskich Maxima Vengerova.<\/p>\n<p>Aleksandra Kuls otrzyma\u0142a liczne stypendia i nagrody za dzia\u0142alno\u015b\u0107 artystyczn\u0105, m.in.: nagrod\u0119 \u201ePaszport Polityki 2011\u201d w kategorii muzyka powa\u017cna, nagrod\u0119 i stypendium Ministra Kultury i Dziedzictwa Narodowego (2011, 2012), stypendium Ministra Nauki<br \/>\ni Szkolnictwa Wy\u017cszego (2012), stypendium M\u0142oda Polska na realizacj\u0119 debiutanckiej p\u0142yty (2013) i inne.<\/p>\n<p>Artystka posiada bogat\u0105 dyskografi\u0119: nagra\u0142a dwie p\u0142yty dla firmy DUX (w duecie z Justyn\u0105 Danczowsk\u0105 oraz z utworami na skrzypce solo. P\u0142yta solowa by\u0142a nominowana do nagrody \u201eFryderyk\u201d); zarejestrowa\u0142a r\u00f3wnie\u017c utwory rzadko pojawiaj\u0105ce si\u0119 w programach koncertowych: Koncert skrzypcowy Ignacego Waghaltera (wraz z orkiestr\u0105 Sinfonia Varsovia pod dyrekcj\u0105 Andresa Mustonena), utwory skrzypcowe Giorgy Catoire&#8217;a (w duecie<br \/>\nz J. Danczowsk\u0105 dla wydawnictwa Sarton Records), Rapsodi\u0119 Polsk\u0105 Stefana Poradowskiego<br \/>\n(z Polsk\u0105 Orkiestr\u0105 Radiow\u0105 w Warszawie, dyr. Pawe\u0142 Przytocki), Offertorium Sofii Gubaiduliny (nagranie live DVD z Koncertu na Zamku w Pieskowej Skale, orkiestra CORda Cracovia,<br \/>\ndyr. Marek Mo\u015b), Rapsodi\u0119 Polsk\u0105 na skrzypce i orkiestr\u0119 Stefana Poradowskiego (nagranie dla Polskiego Radia, Polska Orkiestra Radiowa, dyr. Pawe\u0142 Przytocki).<\/p>\n<p><em>Aleksandra Kuls reprezentowana jest przez Stowarzyszenie im. <\/em><em>Ludwiga van Beethovena.<\/em><\/p>","protected":false},"excerpt":{"rendered":"<p>Laureatka II nagrody i nagr\u00f3d specjalnych VI Mi\u0119dzynarodowego Konkursu Im. Tadeusza Wro\u0144skiego na skrzypce solo (2020) &nbsp; Spo\u015br\u00f3d wielu osi\u0105gni\u0119\u0107 artystki nale\u017cy wymieni\u0107 I nagrod\u0119 na Mi\u0119dzynarodowym Konkursie Skrzypcowym im. Jozsefa Szigetiego w Budapeszcie (wrzesie\u0144 2012), a tak\u017ce dwie nagrody specjalne na Mi\u0119dzynarodowym Konkursie Skrzypcowym im. Henryka Wieniawskiego w Poznaniu (2011). Skrzypaczka zosta\u0142a te\u017c laureatk\u0105 [&hellip;]<\/p>\n","protected":false},"author":2,"featured_media":0,"parent":0,"menu_order":283,"comment_status":"closed","ping_status":"closed","template":"template-artist.php","meta":{"footnotes":""},"categories":[7],"class_list":["post-399","page","type-page","status-publish","hentry","category-skrzypkowie"],"_links":{"self":[{"href":"https:\/\/beethoven.org.pl\/artysci\/wp-json\/wp\/v2\/pages\/399","targetHints":{"allow":["GET"]}}],"collection":[{"href":"https:\/\/beethoven.org.pl\/artysci\/wp-json\/wp\/v2\/pages"}],"about":[{"href":"https:\/\/beethoven.org.pl\/artysci\/wp-json\/wp\/v2\/types\/page"}],"author":[{"embeddable":true,"href":"https:\/\/beethoven.org.pl\/artysci\/wp-json\/wp\/v2\/users\/2"}],"replies":[{"embeddable":true,"href":"https:\/\/beethoven.org.pl\/artysci\/wp-json\/wp\/v2\/comments?post=399"}],"version-history":[{"count":14,"href":"https:\/\/beethoven.org.pl\/artysci\/wp-json\/wp\/v2\/pages\/399\/revisions"}],"predecessor-version":[{"id":2419,"href":"https:\/\/beethoven.org.pl\/artysci\/wp-json\/wp\/v2\/pages\/399\/revisions\/2419"}],"wp:attachment":[{"href":"https:\/\/beethoven.org.pl\/artysci\/wp-json\/wp\/v2\/media?parent=399"}],"wp:term":[{"taxonomy":"category","embeddable":true,"href":"https:\/\/beethoven.org.pl\/artysci\/wp-json\/wp\/v2\/categories?post=399"}],"curies":[{"name":"wp","href":"https:\/\/api.w.org\/{rel}","templated":true}]}}

<p></p>
<h3 style="text-align: center"><strong>Laureatka II nagrody i nagród specjalnych VI Międzynarodowego Konkursu</strong></h3>
<h3 style="text-align: center"><strong>Im. Tadeusza Wrońskiego na skrzypce solo (2020)</strong></h3>
<p>&nbsp;</p>
<h3><img loading="lazy" decoding="async" class="alignnone wp-image-400 size-full" src="http://beethoven.org.pl/artysci/wp-content/uploads/sites/2/2016/10/Aleksandra-Kuls-fot.-Piotr_iwaszko6.jpg" alt="aleksandra-kuls-fot-piotr_iwaszko6" width="5746" height="3847" srcset="https://beethoven.org.pl/artysci/wp-content/uploads/sites/2/2016/10/Aleksandra-Kuls-fot.-Piotr_iwaszko6.jpg 5746w, https://beethoven.org.pl/artysci/wp-content/uploads/sites/2/2016/10/Aleksandra-Kuls-fot.-Piotr_iwaszko6-300x201.jpg 300w, https://beethoven.org.pl/artysci/wp-content/uploads/sites/2/2016/10/Aleksandra-Kuls-fot.-Piotr_iwaszko6-768x514.jpg 768w, https://beethoven.org.pl/artysci/wp-content/uploads/sites/2/2016/10/Aleksandra-Kuls-fot.-Piotr_iwaszko6-1024x686.jpg 1024w" sizes="auto, (max-width: 5746px) 100vw, 5746px" /></h3>
<p>Spośród wielu osiągnięć artystki należy wymienić I nagrodę na Międzynarodowym Konkursie Skrzypcowym im. Jozsefa Szigetiego w Budapeszcie (wrzesień 2012), a także dwie nagrody specjalne na Międzynarodowym Konkursie Skrzypcowym im. Henryka Wieniawskiego w Poznaniu (2011). Skrzypaczka została też laureatką II miejsca na Międzynarodowym Konkursie Skrzypcowym im. Grażyny Bacewicz w Łodzi (grudzień 2019) oraz II nagrody i nagród specjalnych w VI Międzynarodowym Konkursie im. Tadeusza Wrońskiego na skrzypce solo (2020). W ostatnim czasie wraz pianistą Marcinem Koziakiem została uhonorowana III nagrodą w II Międzynarodowym Konkursie Muzyki Polskiej im. Stanisława Moniuszki w kategorii zespoły kameralne (2021).</p>
<p>W 2015 r. ukończyła studia w klasie profesor Kai Danczowskiej na Akademii Muzycznej im. Krzysztofa Pendereckiego w Krakowie. Od 2016 roku pracuje na stanowisku asystenta w Katedrze Skrzypiec i Altówki macierzystej uczelni.</p>
<p>Aleksandra Kuls występowała jako solistka nie tylko w wielu miastach Polski (m.in. z Orkiestrą Symfoniczną Filharmonii Narodowej i Filharmonii Krakowskiej, NOSPR, Orkiestrą Sinfonia Varsovia) ale także w USA, we Włoszech, we Francji, w Hiszpanii (z orkiestrami Real Filharmonia de Galicia oraz Orquesta Sinfónica de Navarra), w Niemczech (z Orkiestrą Filharmonii Zielonogórskiej), w Brazylii (z Orquestra Sinfonica do Paraná), w Turcji (z Istanbul Devlet Senfoni Orkestrası), na Węgrzech (z Duna Symphony Orchestra), na Ukrainie<br />
(z Orkiestrą Filharmonii Lwowskiej), w Chinach (z China Philharmonic Orchestra). Brała udział w międzynarodowych festiwalach: Chopin i jego Europa (2012-2015), Polish Culture Festival<br />
w Pekinie (2014), Festiwal Krzysztofa Pendereckiego w Warszawie (2013), International Kaposvár Chamber Music Festival na Węgrzech (2013), Muzyka w Starym Krakowie (2012), Międzynarodowy Festiwal Młodych Laureatów Konkursów Muzycznych w Katowicach (2012). Artystka miała zaszczyt współpracować z dyrygentami takimi jak: Tadeusz Strugała, Antoni Wit, Krzysztof Penderecki, Jerzy Maksymiuk, Marek Pijarowski, Michał Dworzyński, Andrés Mustonen, Yan Pascal Tortelier, Yang Yang, Stanisław Krawczyński i wielu innych. Uczestniczyła m.in. w kursach mistrzowskich Maxima Vengerova.</p>
<p>Aleksandra Kuls otrzymała liczne stypendia i nagrody za działalność artystyczną, m.in.: nagrodę „Paszport Polityki 2011” w kategorii muzyka poważna, nagrodę i stypendium Ministra Kultury i Dziedzictwa Narodowego (2011, 2012), stypendium Ministra Nauki<br />
i Szkolnictwa Wyższego (2012), stypendium Młoda Polska na realizację debiutanckiej płyty (2013) i inne.</p>
<p>Artystka posiada bogatą dyskografię: nagrała dwie płyty dla firmy DUX (w duecie z Justyną Danczowską oraz z utworami na skrzypce solo. Płyta solowa była nominowana do nagrody „Fryderyk”); zarejestrowała również utwory rzadko pojawiające się w programach koncertowych: Koncert skrzypcowy Ignacego Waghaltera (wraz z orkiestrą Sinfonia Varsovia pod dyrekcją Andresa Mustonena), utwory skrzypcowe Giorgy Catoire&#8217;a (w duecie<br />
z J. Danczowską dla wydawnictwa Sarton Records), Rapsodię Polską Stefana Poradowskiego<br />
(z Polską Orkiestrą Radiową w Warszawie, dyr. Paweł Przytocki), Offertorium Sofii Gubaiduliny (nagranie live DVD z Koncertu na Zamku w Pieskowej Skale, orkiestra CORda Cracovia,<br />
dyr. Marek Moś), Rapsodię Polską na skrzypce i orkiestrę Stefana Poradowskiego (nagranie dla Polskiego Radia, Polska Orkiestra Radiowa, dyr. Paweł Przytocki).</p>
<p><em>Aleksandra Kuls reprezentowana jest przez Stowarzyszenie im. </em><em>Ludwiga van Beethovena.</em></p>

<p>Laureatka II nagrody i nagród specjalnych VI Międzynarodowego Konkursu Im. Tadeusza Wrońskiego na skrzypce solo (2020) &nbsp; Spośród wielu osiągnięć artystki należy wymienić I nagrodę na Międzynarodowym Konkursie Skrzypcowym im. Jozsefa Szigetiego w Budapeszcie (wrzesień 2012), a także dwie nagrody specjalne na Międzynarodowym Konkursie Skrzypcowym im. Henryka Wieniawskiego w Poznaniu (2011). Skrzypaczka została też laureatką [&hellip;]</p>
